{"id":75442,"date":"2016-11-22T08:29:31","date_gmt":"2016-11-22T11:29:31","guid":{"rendered":"http:\/\/www.eltrabajo.cl\/portal\/wp-content\/uploads\/2016\/11\/CURIMON.jpg"},"modified":"2016-11-22T08:29:41","modified_gmt":"2016-11-22T11:29:41","slug":"curimon","status":"inherit","type":"attachment","link":"https:\/\/eltrabajo.cl\/portal\/supervisan-avance-obras-construccion-de-alcantarillado-san-rafael-curimon\/curimon\/","title":{"rendered":"Una visita inspectiva a las obras de construcci\u00f3n del alcantarillado Curim\u00f3n &#8211; San Rafael, efectu\u00f3 el alcalde subrogante Patricio Gonz\u00e1lez."},"author":1,"featured_media":0,"comment_status":"open","ping_status":"closed","template":"","meta":{"advanced_seo_description":"","jetpack_seo_html_title":"","jetpack_seo_noindex":false},"class_list":["post-75442","attachment","type-attachment","status-inherit","hentry"],"jetpack_sharing_enabled":true,"jetpack_likes_enabled":true,"description":{"rendered":"<p class=\"attachment\"><a href=\"https:\/\/i0.wp.com\/eltrabajo.cl\/portal\/wp-content\/uploads\/2016\/11\/CURIMON.jpg?ssl=1\"><img loading=\"lazy\" decoding=\"async\" width=\"300\" height=\"198\" src=\"https:\/\/i0.wp.com\/eltrabajo.cl\/portal\/wp-content\/uploads\/2016\/11\/CURIMON.jpg?fit=300%2C198&amp;ssl=1\" class=\"attachment-medium size-medium\" alt=\"Una visita inspectiva a las obras de construcci\u00f3n del alcantarillado Curim\u00f3n - San Rafael, efectu\u00f3 el alcalde subrogante Patricio Gonz\u00e1lez.\" srcset=\"https:\/\/i0.wp.com\/eltrabajo.cl\/portal\/wp-content\/uploads\/2016\/11\/CURIMON.jpg?w=530&amp;ssl=1 530w, https:\/\/i0.wp.com\/eltrabajo.cl\/portal\/wp-content\/uploads\/2016\/11\/CURIMON.jpg?resize=200%2C132&amp;ssl=1 200w, https:\/\/i0.wp.com\/eltrabajo.cl\/portal\/wp-content\/uploads\/2016\/11\/CURIMON.jpg?resize=300%2C198&amp;ssl=1 300w, https:\/\/i0.wp.com\/eltrabajo.cl\/portal\/wp-content\/uploads\/2016\/11\/CURIMON.jpg?resize=227%2C150&amp;ssl=1 227w, https:\/\/i0.wp.com\/eltrabajo.cl\/portal\/wp-content\/uploads\/2016\/11\/CURIMON.jpg?resize=400%2C264&amp;ssl=1 400w\" sizes=\"auto, (max-width: 300px) 100vw, 300px\" \/><\/a><\/p>\n<p>Una visita inspectiva a las obras de construcci\u00f3n del alcantarillado Curim\u00f3n &#8211; San Rafael, efectu\u00f3 el alcalde subrogante Patricio Gonz\u00e1lez.<\/p>\n"},"caption":{"rendered":"<p>Una visita inspectiva a las obras de construcci\u00f3n del alcantarillado Curim\u00f3n &#8211; San Rafael, efectu\u00f3 el alcalde subrogante Patricio Gonz\u00e1lez.<\/p>\n"},"alt_text":"Una visita inspectiva a las obras de construcci\u00f3n del alcantarillado Curim\u00f3n - San Rafael, efectu\u00f3 el alcalde subrogante Patricio Gonz\u00e1lez.","media_type":"image","mime_type":"image\/jpeg","media_details":{"width":530,"height":350,"file":"2016\/11\/CURIMON.jpg","sizes":{"thumbnail":{"file":"CURIMON-200x132.jpg","width":200,"height":132,"mime_type":"image\/jpeg","source_url":"https:\/\/i0.wp.com\/eltrabajo.cl\/portal\/wp-content\/uploads\/2016\/11\/CURIMON.jpg?fit=200%2C132&ssl=1"},"medium":{"file":"CURIMON-300x198.jpg","width":300,"height":198,"mime_type":"image\/jpeg","source_url":"https:\/\/i0.wp.com\/eltrabajo.cl\/portal\/wp-content\/uploads\/2016\/11\/CURIMON.jpg?fit=300%2C198&ssl=1"},"post-thumbnail":{"file":"CURIMON-227x150.jpg","width":227,"height":150,"mime_type":"image\/jpeg","source_url":"https:\/\/i0.wp.com\/eltrabajo.cl\/portal\/wp-content\/uploads\/2016\/11\/CURIMON.jpg?fit=227%2C150&ssl=1"},"single-post-thumbnail":{"file":"CURIMON-400x264.jpg","width":400,"height":264,"mime_type":"image\/jpeg","source_url":"https:\/\/eltrabajo.cl\/portal\/wp-content\/uploads\/2016\/11\/CURIMON-400x264.jpg"},"wptouch-new-thumbnail":{"file":"CURIMON-144x144.jpg","width":144,"height":144,"mime_type":"image\/jpeg","source_url":"https:\/\/eltrabajo.cl\/portal\/wp-content\/uploads\/2016\/11\/CURIMON-144x144.jpg"},"full":{"file":"CURIMON.jpg?fit=530%2C350&ssl=1","width":530,"height":350,"mime_type":"image\/jpeg","source_url":"https:\/\/i0.wp.com\/eltrabajo.cl\/portal\/wp-content\/uploads\/2016\/11\/CURIMON.jpg?fit=530%2C350&ssl=1"}},"image_meta":{"aperture":"0","credit":"","camera":"","caption":"","created_timestamp":"0","copyright":"","focal_length":"0","iso":"0","shutter_speed":"0","title":"","orientation":"0","keywords":[]}},"post":75440,"source_url":"https:\/\/eltrabajo.cl\/portal\/wp-content\/uploads\/2016\/11\/CURIMON.jpg","_links":{"self":[{"href":"https:\/\/eltrabajo.cl\/portal\/wp-json\/wp\/v2\/media\/75442","targetHints":{"allow":["GET"]}}],"collection":[{"href":"https:\/\/eltrabajo.cl\/portal\/wp-json\/wp\/v2\/media"}],"about":[{"href":"https:\/\/eltrabajo.cl\/portal\/wp-json\/wp\/v2\/types\/attachment"}],"author":[{"embeddable":true,"href":"https:\/\/eltrabajo.cl\/portal\/wp-json\/wp\/v2\/users\/1"}],"replies":[{"embeddable":true,"href":"https:\/\/eltrabajo.cl\/portal\/wp-json\/wp\/v2\/comments?post=75442"}],"wp:attached-to":[{"embeddable":true,"post_type":"post","id":75440,"href":"https:\/\/eltrabajo.cl\/portal\/wp-json\/wp\/v2\/posts\/75440"}],"curies":[{"name":"wp","href":"https:\/\/api.w.org\/{rel}","templated":true}]}}

Una visita inspectiva a las obras de construcción del alcantarillado Curimón &#8211; San Rafael, efectuó el alcalde subrogante Patricio González.

<p class="attachment"><a href="https://i0.wp.com/eltrabajo.cl/portal/wp-content/uploads/2016/11/CURIMON.jpg?ssl=1"><img loading="lazy" decoding="async" width="300" height="198" src="https://i0.wp.com/eltrabajo.cl/portal/wp-content/uploads/2016/11/CURIMON.jpg?fit=300%2C198&amp;ssl=1" class="attachment-medium size-medium" alt="Una visita inspectiva a las obras de construcción del alcantarillado Curimón - San Rafael, efectuó el alcalde subrogante Patricio González." srcset="https://i0.wp.com/eltrabajo.cl/portal/wp-content/uploads/2016/11/CURIMON.jpg?w=530&amp;ssl=1 530w, https://i0.wp.com/eltrabajo.cl/portal/wp-content/uploads/2016/11/CURIMON.jpg?resize=200%2C132&amp;ssl=1 200w, https://i0.wp.com/eltrabajo.cl/portal/wp-content/uploads/2016/11/CURIMON.jpg?resize=300%2C198&amp;ssl=1 300w, https://i0.wp.com/eltrabajo.cl/portal/wp-content/uploads/2016/11/CURIMON.jpg?resize=227%2C150&amp;ssl=1 227w, https://i0.wp.com/eltrabajo.cl/portal/wp-content/uploads/2016/11/CURIMON.jpg?resize=400%2C264&amp;ssl=1 400w" sizes="auto, (max-width: 300px) 100vw, 300px" /></a></p>
<p>Una visita inspectiva a las obras de construcción del alcantarillado Curimón &#8211; San Rafael, efectuó el alcalde subrogante Patricio González.</p>

<p>Una visita inspectiva a las obras de construcción del alcantarillado Curimón &#8211; San Rafael, efectuó el alcalde subrogante Patricio González.</p>

Una visita inspectiva a las obras de construcción del alcantarillado Curimón - San Rafael, efectuó el alcalde subrogante Patricio González.
