{"id":75470,"date":"2016-11-23T08:23:50","date_gmt":"2016-11-23T11:23:50","guid":{"rendered":"http:\/\/www.eltrabajo.cl\/portal\/wp-content\/uploads\/2016\/11\/Corrida.jpg"},"modified":"2016-11-23T08:24:01","modified_gmt":"2016-11-23T11:24:01","slug":"corrida-5","status":"inherit","type":"attachment","link":"https:\/\/eltrabajo.cl\/portal\/este-domingo-municipio-de-san-felipe-realizara-ultima-corrida-del-ano-2016\/corrida-5\/","title":{"rendered":"Este domingo, se realizar\u00e1 una nueva versi\u00f3n de la Corrida San Felipe 2016, la \u00faltima de este a\u00f1o y que organiza el Departamento de Deportes del municipio, junto a la Mesa de Promoci\u00f3n de la Salud y el Injuv, con categor\u00edas de 1K, 3K, 6K y 9K."},"author":1,"featured_media":0,"comment_status":"open","ping_status":"closed","template":"","meta":{"advanced_seo_description":"","jetpack_seo_html_title":"","jetpack_seo_noindex":false},"class_list":["post-75470","attachment","type-attachment","status-inherit","hentry"],"jetpack_sharing_enabled":true,"jetpack_likes_enabled":true,"description":{"rendered":"<p class=\"attachment\"><a href=\"https:\/\/i0.wp.com\/eltrabajo.cl\/portal\/wp-content\/uploads\/2016\/11\/Corrida.jpg?ssl=1\"><img loading=\"lazy\" decoding=\"async\" width=\"300\" height=\"198\" src=\"https:\/\/i0.wp.com\/eltrabajo.cl\/portal\/wp-content\/uploads\/2016\/11\/Corrida.jpg?fit=300%2C198&amp;ssl=1\" class=\"attachment-medium size-medium\" alt=\"Este domingo, se realizar\u00e1 una nueva versi\u00f3n de la Corrida San Felipe 2016, la \u00faltima de este a\u00f1o y que organiza el Departamento de Deportes del municipio, junto a la Mesa de Promoci\u00f3n de la Salud y el Injuv, con categor\u00edas de 1K, 3K, 6K y 9K.\" srcset=\"https:\/\/i0.wp.com\/eltrabajo.cl\/portal\/wp-content\/uploads\/2016\/11\/Corrida.jpg?w=530&amp;ssl=1 530w, https:\/\/i0.wp.com\/eltrabajo.cl\/portal\/wp-content\/uploads\/2016\/11\/Corrida.jpg?resize=200%2C132&amp;ssl=1 200w, https:\/\/i0.wp.com\/eltrabajo.cl\/portal\/wp-content\/uploads\/2016\/11\/Corrida.jpg?resize=300%2C198&amp;ssl=1 300w, https:\/\/i0.wp.com\/eltrabajo.cl\/portal\/wp-content\/uploads\/2016\/11\/Corrida.jpg?resize=228%2C150&amp;ssl=1 228w, https:\/\/i0.wp.com\/eltrabajo.cl\/portal\/wp-content\/uploads\/2016\/11\/Corrida.jpg?resize=400%2C263&amp;ssl=1 400w\" sizes=\"auto, (max-width: 300px) 100vw, 300px\" \/><\/a><\/p>\n<p>Este domingo, se realizar\u00e1 una nueva versi\u00f3n de la Corrida San Felipe 2016, la \u00faltima de este a\u00f1o y que organiza el Departamento de Deportes del municipio, junto a la Mesa de Promoci\u00f3n de la Salud y el Injuv, con categor\u00edas de 1K, 3K, 6K y 9K.<\/p>\n"},"caption":{"rendered":"<p>Este domingo, se realizar\u00e1 una nueva versi\u00f3n de la Corrida San Felipe 2016, la \u00faltima de este a\u00f1o y que organiza el Departamento de Deportes del municipio, junto a la Mesa de Promoci\u00f3n de la Salud y el Injuv, con categor\u00edas de 1K, 3K, 6K y 9K.<\/p>\n"},"alt_text":"Este domingo, se realizar\u00e1 una nueva versi\u00f3n de la Corrida San Felipe 2016, la \u00faltima de este a\u00f1o y que organiza el Departamento de Deportes del municipio, junto a la Mesa de Promoci\u00f3n de la Salud y el Injuv, con categor\u00edas de 1K, 3K, 6K y 9K.","media_type":"image","mime_type":"image\/jpeg","media_details":{"width":530,"height":349,"file":"2016\/11\/Corrida.jpg","sizes":{"thumbnail":{"file":"Corrida-200x132.jpg","width":200,"height":132,"mime_type":"image\/jpeg","source_url":"https:\/\/i0.wp.com\/eltrabajo.cl\/portal\/wp-content\/uploads\/2016\/11\/Corrida.jpg?fit=200%2C132&ssl=1"},"medium":{"file":"Corrida-300x198.jpg","width":300,"height":198,"mime_type":"image\/jpeg","source_url":"https:\/\/i0.wp.com\/eltrabajo.cl\/portal\/wp-content\/uploads\/2016\/11\/Corrida.jpg?fit=300%2C198&ssl=1"},"post-thumbnail":{"file":"Corrida-228x150.jpg","width":228,"height":150,"mime_type":"image\/jpeg","source_url":"https:\/\/i0.wp.com\/eltrabajo.cl\/portal\/wp-content\/uploads\/2016\/11\/Corrida.jpg?fit=228%2C150&ssl=1"},"single-post-thumbnail":{"file":"Corrida-400x263.jpg","width":400,"height":263,"mime_type":"image\/jpeg","source_url":"https:\/\/eltrabajo.cl\/portal\/wp-content\/uploads\/2016\/11\/Corrida-400x263.jpg"},"wptouch-new-thumbnail":{"file":"Corrida-144x144.jpg","width":144,"height":144,"mime_type":"image\/jpeg","source_url":"https:\/\/eltrabajo.cl\/portal\/wp-content\/uploads\/2016\/11\/Corrida-144x144.jpg"},"full":{"file":"Corrida.jpg?fit=530%2C349&ssl=1","width":530,"height":349,"mime_type":"image\/jpeg","source_url":"https:\/\/i0.wp.com\/eltrabajo.cl\/portal\/wp-content\/uploads\/2016\/11\/Corrida.jpg?fit=530%2C349&ssl=1"}},"image_meta":{"aperture":"0","credit":"","camera":"","caption":"","created_timestamp":"1435487782","copyright":"","focal_length":"0","iso":"0","shutter_speed":"0","title":"","orientation":"0","keywords":[]}},"post":75469,"source_url":"https:\/\/eltrabajo.cl\/portal\/wp-content\/uploads\/2016\/11\/Corrida.jpg","_links":{"self":[{"href":"https:\/\/eltrabajo.cl\/portal\/wp-json\/wp\/v2\/media\/75470","targetHints":{"allow":["GET"]}}],"collection":[{"href":"https:\/\/eltrabajo.cl\/portal\/wp-json\/wp\/v2\/media"}],"about":[{"href":"https:\/\/eltrabajo.cl\/portal\/wp-json\/wp\/v2\/types\/attachment"}],"author":[{"embeddable":true,"href":"https:\/\/eltrabajo.cl\/portal\/wp-json\/wp\/v2\/users\/1"}],"replies":[{"embeddable":true,"href":"https:\/\/eltrabajo.cl\/portal\/wp-json\/wp\/v2\/comments?post=75470"}],"wp:attached-to":[{"embeddable":true,"post_type":"post","id":75469,"href":"https:\/\/eltrabajo.cl\/portal\/wp-json\/wp\/v2\/posts\/75469"}],"curies":[{"name":"wp","href":"https:\/\/api.w.org\/{rel}","templated":true}]}}

Este domingo, se realizará una nueva versión de la Corrida San Felipe 2016, la última de este año y que organiza el Departamento de Deportes del municipio, junto a la Mesa de Promoción de la Salud y el Injuv, con categorías de 1K, 3K, 6K y 9K.

<p class="attachment"><a href="https://i0.wp.com/eltrabajo.cl/portal/wp-content/uploads/2016/11/Corrida.jpg?ssl=1"><img loading="lazy" decoding="async" width="300" height="198" src="https://i0.wp.com/eltrabajo.cl/portal/wp-content/uploads/2016/11/Corrida.jpg?fit=300%2C198&amp;ssl=1" class="attachment-medium size-medium" alt="Este domingo, se realizará una nueva versión de la Corrida San Felipe 2016, la última de este año y que organiza el Departamento de Deportes del municipio, junto a la Mesa de Promoción de la Salud y el Injuv, con categorías de 1K, 3K, 6K y 9K." srcset="https://i0.wp.com/eltrabajo.cl/portal/wp-content/uploads/2016/11/Corrida.jpg?w=530&amp;ssl=1 530w, https://i0.wp.com/eltrabajo.cl/portal/wp-content/uploads/2016/11/Corrida.jpg?resize=200%2C132&amp;ssl=1 200w, https://i0.wp.com/eltrabajo.cl/portal/wp-content/uploads/2016/11/Corrida.jpg?resize=300%2C198&amp;ssl=1 300w, https://i0.wp.com/eltrabajo.cl/portal/wp-content/uploads/2016/11/Corrida.jpg?resize=228%2C150&amp;ssl=1 228w, https://i0.wp.com/eltrabajo.cl/portal/wp-content/uploads/2016/11/Corrida.jpg?resize=400%2C263&amp;ssl=1 400w" sizes="auto, (max-width: 300px) 100vw, 300px" /></a></p>
<p>Este domingo, se realizará una nueva versión de la Corrida San Felipe 2016, la última de este año y que organiza el Departamento de Deportes del municipio, junto a la Mesa de Promoción de la Salud y el Injuv, con categorías de 1K, 3K, 6K y 9K.</p>

<p>Este domingo, se realizará una nueva versión de la Corrida San Felipe 2016, la última de este año y que organiza el Departamento de Deportes del municipio, junto a la Mesa de Promoción de la Salud y el Injuv, con categorías de 1K, 3K, 6K y 9K.</p>
