{"id":75479,"date":"2016-11-23T08:33:53","date_gmt":"2016-11-23T11:33:53","guid":{"rendered":"http:\/\/www.eltrabajo.cl\/portal\/wp-content\/uploads\/2016\/11\/PREMATURO-2.jpg"},"modified":"2016-11-23T08:34:32","modified_gmt":"2016-11-23T11:34:32","slug":"prematuro-2","status":"inherit","type":"attachment","link":"https:\/\/eltrabajo.cl\/portal\/ninos-prematuros-tuvieron-su-fiesta-navidena-en-el-hospital-san-camilo\/prematuro-2\/","title":{"rendered":"La organizaci\u00f3n estuvo a cargo del personal de Servicio de Neonatolog\u00eda y permiti\u00f3 reunir tanto a quienes hoy se encuentran en esta condici\u00f3n, como algunas de las mam\u00e1s que vienen con sus peque\u00f1os de uno o m\u00e1s a\u00f1os a control del prematuro."},"author":1,"featured_media":0,"comment_status":"open","ping_status":"closed","template":"","meta":{"advanced_seo_description":"","jetpack_seo_html_title":"","jetpack_seo_noindex":false},"class_list":["post-75479","attachment","type-attachment","status-inherit","hentry"],"jetpack_sharing_enabled":true,"jetpack_likes_enabled":true,"description":{"rendered":"<p class=\"attachment\"><a href=\"https:\/\/i0.wp.com\/eltrabajo.cl\/portal\/wp-content\/uploads\/2016\/11\/PREMATURO-2.jpg?ssl=1\"><img loading=\"lazy\" decoding=\"async\" width=\"300\" height=\"197\" src=\"https:\/\/i0.wp.com\/eltrabajo.cl\/portal\/wp-content\/uploads\/2016\/11\/PREMATURO-2.jpg?fit=300%2C197&amp;ssl=1\" class=\"attachment-medium size-medium\" alt=\"La organizaci\u00f3n estuvo a cargo del personal de Servicio de Neonatolog\u00eda y permiti\u00f3 reunir tanto a quienes hoy se encuentran en esta condici\u00f3n, como algunas de las mam\u00e1s que vienen con sus peque\u00f1os de uno o m\u00e1s a\u00f1os a control del prematuro.\" srcset=\"https:\/\/i0.wp.com\/eltrabajo.cl\/portal\/wp-content\/uploads\/2016\/11\/PREMATURO-2.jpg?w=530&amp;ssl=1 530w, https:\/\/i0.wp.com\/eltrabajo.cl\/portal\/wp-content\/uploads\/2016\/11\/PREMATURO-2.jpg?resize=200%2C131&amp;ssl=1 200w, https:\/\/i0.wp.com\/eltrabajo.cl\/portal\/wp-content\/uploads\/2016\/11\/PREMATURO-2.jpg?resize=300%2C197&amp;ssl=1 300w, https:\/\/i0.wp.com\/eltrabajo.cl\/portal\/wp-content\/uploads\/2016\/11\/PREMATURO-2.jpg?resize=228%2C150&amp;ssl=1 228w, https:\/\/i0.wp.com\/eltrabajo.cl\/portal\/wp-content\/uploads\/2016\/11\/PREMATURO-2.jpg?resize=400%2C263&amp;ssl=1 400w\" sizes=\"auto, (max-width: 300px) 100vw, 300px\" \/><\/a><\/p>\n<p>La organizaci\u00f3n estuvo a cargo del personal de Servicio de Neonatolog\u00eda y permiti\u00f3 reunir tanto a quienes hoy se encuentran en esta condici\u00f3n, como algunas de las mam\u00e1s que vienen con sus peque\u00f1os de uno o m\u00e1s a\u00f1os a control del prematuro.<\/p>\n"},"caption":{"rendered":"<p>La organizaci\u00f3n estuvo a cargo del personal de Servicio de Neonatolog\u00eda y permiti\u00f3 reunir tanto a quienes hoy se encuentran en esta condici\u00f3n, como algunas de las mam\u00e1s que vienen con sus peque\u00f1os de uno o m\u00e1s a\u00f1os a control del prematuro.<\/p>\n"},"alt_text":"La organizaci\u00f3n estuvo a cargo del personal de Servicio de Neonatolog\u00eda y permiti\u00f3 reunir tanto a quienes hoy se encuentran en esta condici\u00f3n, como algunas de las mam\u00e1s que vienen con sus peque\u00f1os de uno o m\u00e1s a\u00f1os a control del prematuro.","media_type":"image","mime_type":"image\/jpeg","media_details":{"width":530,"height":348,"file":"2016\/11\/PREMATURO-2.jpg","sizes":{"thumbnail":{"file":"PREMATURO-2-200x131.jpg","width":200,"height":131,"mime_type":"image\/jpeg","source_url":"https:\/\/i0.wp.com\/eltrabajo.cl\/portal\/wp-content\/uploads\/2016\/11\/PREMATURO-2.jpg?fit=200%2C131&ssl=1"},"medium":{"file":"PREMATURO-2-300x197.jpg","width":300,"height":197,"mime_type":"image\/jpeg","source_url":"https:\/\/i0.wp.com\/eltrabajo.cl\/portal\/wp-content\/uploads\/2016\/11\/PREMATURO-2.jpg?fit=300%2C197&ssl=1"},"post-thumbnail":{"file":"PREMATURO-2-228x150.jpg","width":228,"height":150,"mime_type":"image\/jpeg","source_url":"https:\/\/i0.wp.com\/eltrabajo.cl\/portal\/wp-content\/uploads\/2016\/11\/PREMATURO-2.jpg?fit=228%2C150&ssl=1"},"single-post-thumbnail":{"file":"PREMATURO-2-400x263.jpg","width":400,"height":263,"mime_type":"image\/jpeg","source_url":"https:\/\/eltrabajo.cl\/portal\/wp-content\/uploads\/2016\/11\/PREMATURO-2-400x263.jpg"},"wptouch-new-thumbnail":{"file":"PREMATURO-2-144x144.jpg","width":144,"height":144,"mime_type":"image\/jpeg","source_url":"https:\/\/eltrabajo.cl\/portal\/wp-content\/uploads\/2016\/11\/PREMATURO-2-144x144.jpg"},"full":{"file":"PREMATURO-2.jpg?fit=530%2C348&ssl=1","width":530,"height":348,"mime_type":"image\/jpeg","source_url":"https:\/\/i0.wp.com\/eltrabajo.cl\/portal\/wp-content\/uploads\/2016\/11\/PREMATURO-2.jpg?fit=530%2C348&ssl=1"}},"image_meta":{"aperture":"0","credit":"","camera":"","caption":"","created_timestamp":"0","copyright":"","focal_length":"0","iso":"0","shutter_speed":"0","title":"","orientation":"0","keywords":[]}},"post":75477,"source_url":"https:\/\/eltrabajo.cl\/portal\/wp-content\/uploads\/2016\/11\/PREMATURO-2.jpg","_links":{"self":[{"href":"https:\/\/eltrabajo.cl\/portal\/wp-json\/wp\/v2\/media\/75479","targetHints":{"allow":["GET"]}}],"collection":[{"href":"https:\/\/eltrabajo.cl\/portal\/wp-json\/wp\/v2\/media"}],"about":[{"href":"https:\/\/eltrabajo.cl\/portal\/wp-json\/wp\/v2\/types\/attachment"}],"author":[{"embeddable":true,"href":"https:\/\/eltrabajo.cl\/portal\/wp-json\/wp\/v2\/users\/1"}],"replies":[{"embeddable":true,"href":"https:\/\/eltrabajo.cl\/portal\/wp-json\/wp\/v2\/comments?post=75479"}],"wp:attached-to":[{"embeddable":true,"post_type":"post","id":75477,"href":"https:\/\/eltrabajo.cl\/portal\/wp-json\/wp\/v2\/posts\/75477"}],"curies":[{"name":"wp","href":"https:\/\/api.w.org\/{rel}","templated":true}]}}

La organización estuvo a cargo del personal de Servicio de Neonatología y permitió reunir tanto a quienes hoy se encuentran en esta condición, como algunas de las mamás que vienen con sus pequeños de uno o más años a control del prematuro.

<p class="attachment"><a href="https://i0.wp.com/eltrabajo.cl/portal/wp-content/uploads/2016/11/PREMATURO-2.jpg?ssl=1"><img loading="lazy" decoding="async" width="300" height="197" src="https://i0.wp.com/eltrabajo.cl/portal/wp-content/uploads/2016/11/PREMATURO-2.jpg?fit=300%2C197&amp;ssl=1" class="attachment-medium size-medium" alt="La organización estuvo a cargo del personal de Servicio de Neonatología y permitió reunir tanto a quienes hoy se encuentran en esta condición, como algunas de las mamás que vienen con sus pequeños de uno o más años a control del prematuro." srcset="https://i0.wp.com/eltrabajo.cl/portal/wp-content/uploads/2016/11/PREMATURO-2.jpg?w=530&amp;ssl=1 530w, https://i0.wp.com/eltrabajo.cl/portal/wp-content/uploads/2016/11/PREMATURO-2.jpg?resize=200%2C131&amp;ssl=1 200w, https://i0.wp.com/eltrabajo.cl/portal/wp-content/uploads/2016/11/PREMATURO-2.jpg?resize=300%2C197&amp;ssl=1 300w, https://i0.wp.com/eltrabajo.cl/portal/wp-content/uploads/2016/11/PREMATURO-2.jpg?resize=228%2C150&amp;ssl=1 228w, https://i0.wp.com/eltrabajo.cl/portal/wp-content/uploads/2016/11/PREMATURO-2.jpg?resize=400%2C263&amp;ssl=1 400w" sizes="auto, (max-width: 300px) 100vw, 300px" /></a></p>
<p>La organización estuvo a cargo del personal de Servicio de Neonatología y permitió reunir tanto a quienes hoy se encuentran en esta condición, como algunas de las mamás que vienen con sus pequeños de uno o más años a control del prematuro.</p>

<p>La organización estuvo a cargo del personal de Servicio de Neonatología y permitió reunir tanto a quienes hoy se encuentran en esta condición, como algunas de las mamás que vienen con sus pequeños de uno o más años a control del prematuro.</p>
