{"id":75660,"date":"2016-11-30T08:59:26","date_gmt":"2016-11-30T11:59:26","guid":{"rendered":"http:\/\/www.eltrabajo.cl\/portal\/wp-content\/uploads\/2016\/11\/Abogado-Jose-Villagran.jpg"},"modified":"2016-11-30T09:01:50","modified_gmt":"2016-11-30T12:01:50","slug":"abogado-jose-villagran","status":"inherit","type":"attachment","link":"https:\/\/eltrabajo.cl\/portal\/dictan-orden-de-arresto-en-contra-de-alcalde-de-rinconada-pedro-caballeria-diaz\/abogado-jose-villagran\/","title":{"rendered":"El Abogado Jos\u00e9 Villagr\u00e1n explic\u00f3 que el arresto es f\u00e1cil de evitar pagando la duma demandada."},"author":1,"featured_media":0,"comment_status":"open","ping_status":"closed","template":"","meta":{"advanced_seo_description":"","jetpack_seo_html_title":"","jetpack_seo_noindex":false},"class_list":["post-75660","attachment","type-attachment","status-inherit","hentry"],"jetpack_sharing_enabled":true,"jetpack_likes_enabled":true,"description":{"rendered":"<p class=\"attachment\"><a href=\"https:\/\/i0.wp.com\/eltrabajo.cl\/portal\/wp-content\/uploads\/2016\/11\/Abogado-Jose-Villagran.jpg?ssl=1\"><img loading=\"lazy\" decoding=\"async\" width=\"300\" height=\"198\" src=\"https:\/\/i0.wp.com\/eltrabajo.cl\/portal\/wp-content\/uploads\/2016\/11\/Abogado-Jose-Villagran.jpg?fit=300%2C198&amp;ssl=1\" class=\"attachment-medium size-medium\" alt=\"El Abogado Jos\u00e9 Villagr\u00e1n explic\u00f3 que el arresto es f\u00e1cil de evitar pagando la duma demandada.\" srcset=\"https:\/\/i0.wp.com\/eltrabajo.cl\/portal\/wp-content\/uploads\/2016\/11\/Abogado-Jose-Villagran.jpg?w=530&amp;ssl=1 530w, https:\/\/i0.wp.com\/eltrabajo.cl\/portal\/wp-content\/uploads\/2016\/11\/Abogado-Jose-Villagran.jpg?resize=200%2C132&amp;ssl=1 200w, https:\/\/i0.wp.com\/eltrabajo.cl\/portal\/wp-content\/uploads\/2016\/11\/Abogado-Jose-Villagran.jpg?resize=300%2C198&amp;ssl=1 300w, https:\/\/i0.wp.com\/eltrabajo.cl\/portal\/wp-content\/uploads\/2016\/11\/Abogado-Jose-Villagran.jpg?resize=227%2C150&amp;ssl=1 227w, https:\/\/i0.wp.com\/eltrabajo.cl\/portal\/wp-content\/uploads\/2016\/11\/Abogado-Jose-Villagran.jpg?resize=400%2C264&amp;ssl=1 400w\" sizes=\"auto, (max-width: 300px) 100vw, 300px\" \/><\/a><\/p>\n<p>El Abogado Jos\u00e9 Villagr\u00e1n explic\u00f3 que el arresto es f\u00e1cil de evitar pagando la duma demandada.<\/p>\n"},"caption":{"rendered":"<p>El Abogado Jos\u00e9 Villagr\u00e1n explic\u00f3 que el arresto es f\u00e1cil de evitar pagando la duma demandada.<\/p>\n"},"alt_text":"El Abogado Jos\u00e9 Villagr\u00e1n explic\u00f3 que el arresto es f\u00e1cil de evitar pagando la duma demandada.","media_type":"image","mime_type":"image\/jpeg","media_details":{"width":530,"height":350,"file":"2016\/11\/Abogado-Jose-Villagran.jpg","sizes":{"thumbnail":{"file":"Abogado-Jose-Villagran-200x132.jpg","width":200,"height":132,"mime_type":"image\/jpeg","source_url":"https:\/\/i0.wp.com\/eltrabajo.cl\/portal\/wp-content\/uploads\/2016\/11\/Abogado-Jose-Villagran.jpg?fit=200%2C132&ssl=1"},"medium":{"file":"Abogado-Jose-Villagran-300x198.jpg","width":300,"height":198,"mime_type":"image\/jpeg","source_url":"https:\/\/i0.wp.com\/eltrabajo.cl\/portal\/wp-content\/uploads\/2016\/11\/Abogado-Jose-Villagran.jpg?fit=300%2C198&ssl=1"},"post-thumbnail":{"file":"Abogado-Jose-Villagran-227x150.jpg","width":227,"height":150,"mime_type":"image\/jpeg","source_url":"https:\/\/i0.wp.com\/eltrabajo.cl\/portal\/wp-content\/uploads\/2016\/11\/Abogado-Jose-Villagran.jpg?fit=227%2C150&ssl=1"},"single-post-thumbnail":{"file":"Abogado-Jose-Villagran-400x264.jpg","width":400,"height":264,"mime_type":"image\/jpeg","source_url":"https:\/\/eltrabajo.cl\/portal\/wp-content\/uploads\/2016\/11\/Abogado-Jose-Villagran-400x264.jpg"},"wptouch-new-thumbnail":{"file":"Abogado-Jose-Villagran-144x144.jpg","width":144,"height":144,"mime_type":"image\/jpeg","source_url":"https:\/\/eltrabajo.cl\/portal\/wp-content\/uploads\/2016\/11\/Abogado-Jose-Villagran-144x144.jpg"},"full":{"file":"Abogado-Jose-Villagran.jpg?fit=530%2C350&ssl=1","width":530,"height":350,"mime_type":"image\/jpeg","source_url":"https:\/\/i0.wp.com\/eltrabajo.cl\/portal\/wp-content\/uploads\/2016\/11\/Abogado-Jose-Villagran.jpg?fit=530%2C350&ssl=1"}},"image_meta":{"aperture":"0","credit":"","camera":"","caption":"","created_timestamp":"0","copyright":"","focal_length":"0","iso":"0","shutter_speed":"0","title":"","orientation":"0","keywords":[]}},"post":75659,"source_url":"https:\/\/eltrabajo.cl\/portal\/wp-content\/uploads\/2016\/11\/Abogado-Jose-Villagran.jpg","_links":{"self":[{"href":"https:\/\/eltrabajo.cl\/portal\/wp-json\/wp\/v2\/media\/75660","targetHints":{"allow":["GET"]}}],"collection":[{"href":"https:\/\/eltrabajo.cl\/portal\/wp-json\/wp\/v2\/media"}],"about":[{"href":"https:\/\/eltrabajo.cl\/portal\/wp-json\/wp\/v2\/types\/attachment"}],"author":[{"embeddable":true,"href":"https:\/\/eltrabajo.cl\/portal\/wp-json\/wp\/v2\/users\/1"}],"replies":[{"embeddable":true,"href":"https:\/\/eltrabajo.cl\/portal\/wp-json\/wp\/v2\/comments?post=75660"}],"wp:attached-to":[{"embeddable":true,"post_type":"post","id":75659,"href":"https:\/\/eltrabajo.cl\/portal\/wp-json\/wp\/v2\/posts\/75659"}],"curies":[{"name":"wp","href":"https:\/\/api.w.org\/{rel}","templated":true}]}}

El Abogado José Villagrán explicó que el arresto es fácil de evitar pagando la duma demandada.

<p class="attachment"><a href="https://i0.wp.com/eltrabajo.cl/portal/wp-content/uploads/2016/11/Abogado-Jose-Villagran.jpg?ssl=1"><img loading="lazy" decoding="async" width="300" height="198" src="https://i0.wp.com/eltrabajo.cl/portal/wp-content/uploads/2016/11/Abogado-Jose-Villagran.jpg?fit=300%2C198&amp;ssl=1" class="attachment-medium size-medium" alt="El Abogado José Villagrán explicó que el arresto es fácil de evitar pagando la duma demandada." srcset="https://i0.wp.com/eltrabajo.cl/portal/wp-content/uploads/2016/11/Abogado-Jose-Villagran.jpg?w=530&amp;ssl=1 530w, https://i0.wp.com/eltrabajo.cl/portal/wp-content/uploads/2016/11/Abogado-Jose-Villagran.jpg?resize=200%2C132&amp;ssl=1 200w, https://i0.wp.com/eltrabajo.cl/portal/wp-content/uploads/2016/11/Abogado-Jose-Villagran.jpg?resize=300%2C198&amp;ssl=1 300w, https://i0.wp.com/eltrabajo.cl/portal/wp-content/uploads/2016/11/Abogado-Jose-Villagran.jpg?resize=227%2C150&amp;ssl=1 227w, https://i0.wp.com/eltrabajo.cl/portal/wp-content/uploads/2016/11/Abogado-Jose-Villagran.jpg?resize=400%2C264&amp;ssl=1 400w" sizes="auto, (max-width: 300px) 100vw, 300px" /></a></p>
<p>El Abogado José Villagrán explicó que el arresto es fácil de evitar pagando la duma demandada.</p>

<p>El Abogado José Villagrán explicó que el arresto es fácil de evitar pagando la duma demandada.</p>
