{"id":75836,"date":"2016-12-12T09:19:49","date_gmt":"2016-12-12T12:19:49","guid":{"rendered":"http:\/\/www.eltrabajo.cl\/portal\/wp-content\/uploads\/2016\/12\/voleibol-sub15-Cordillera.jpg"},"modified":"2016-12-12T09:20:01","modified_gmt":"2016-12-12T12:20:01","slug":"voleibol-sub15-cordillera","status":"inherit","type":"attachment","link":"https:\/\/eltrabajo.cl\/portal\/chile-enfrenta-a-bolivia-hoy-en-su-primer-partido-por-sudamericano-sub-15\/voleibol-sub15-cordillera\/","title":{"rendered":"La Selecci\u00f3n de Voleibol al momento de ser despedida antes de partir a Colombia. Las chicas enfrentan hoy al medio d\u00eda su primer partido, cuando deber\u00e1n medirse frente a sus similares representantes de Bolivia."},"author":1,"featured_media":0,"comment_status":"open","ping_status":"closed","template":"","meta":{"advanced_seo_description":"","jetpack_seo_html_title":"","jetpack_seo_noindex":false},"class_list":["post-75836","attachment","type-attachment","status-inherit","hentry"],"jetpack_sharing_enabled":true,"jetpack_likes_enabled":true,"description":{"rendered":"<p class=\"attachment\"><a href=\"https:\/\/i0.wp.com\/eltrabajo.cl\/portal\/wp-content\/uploads\/2016\/12\/voleibol-sub15-Cordillera.jpg?ssl=1\"><img loading=\"lazy\" decoding=\"async\" width=\"300\" height=\"198\" src=\"https:\/\/i0.wp.com\/eltrabajo.cl\/portal\/wp-content\/uploads\/2016\/12\/voleibol-sub15-Cordillera.jpg?fit=300%2C198&amp;ssl=1\" class=\"attachment-medium size-medium\" alt=\"La Selecci\u00f3n de Voleibol al momento de ser despedida antes de partir a Colombia. Las chicas enfrentan hoy al medio d\u00eda su primer partido, cuando deber\u00e1n medirse frente a sus similares representantes de Bolivia.\" srcset=\"https:\/\/i0.wp.com\/eltrabajo.cl\/portal\/wp-content\/uploads\/2016\/12\/voleibol-sub15-Cordillera.jpg?w=530&amp;ssl=1 530w, https:\/\/i0.wp.com\/eltrabajo.cl\/portal\/wp-content\/uploads\/2016\/12\/voleibol-sub15-Cordillera.jpg?resize=200%2C132&amp;ssl=1 200w, https:\/\/i0.wp.com\/eltrabajo.cl\/portal\/wp-content\/uploads\/2016\/12\/voleibol-sub15-Cordillera.jpg?resize=300%2C198&amp;ssl=1 300w, https:\/\/i0.wp.com\/eltrabajo.cl\/portal\/wp-content\/uploads\/2016\/12\/voleibol-sub15-Cordillera.jpg?resize=228%2C150&amp;ssl=1 228w, https:\/\/i0.wp.com\/eltrabajo.cl\/portal\/wp-content\/uploads\/2016\/12\/voleibol-sub15-Cordillera.jpg?resize=400%2C263&amp;ssl=1 400w\" sizes=\"auto, (max-width: 300px) 100vw, 300px\" \/><\/a><\/p>\n<p>La Selecci\u00f3n de Voleibol al momento de ser despedida antes de partir a Colombia. Las chicas enfrentan hoy al medio d\u00eda su primer partido, cuando deber\u00e1n medirse frente a sus similares representantes de Bolivia.<\/p>\n"},"caption":{"rendered":"<p>La Selecci\u00f3n de Voleibol al momento de ser despedida antes de partir a Colombia. Las chicas enfrentan hoy al medio d\u00eda su primer partido, cuando deber\u00e1n medirse frente a sus similares representantes de Bolivia.<\/p>\n"},"alt_text":"La Selecci\u00f3n de Voleibol al momento de ser despedida antes de partir a Colombia. Las chicas enfrentan hoy al medio d\u00eda su primer partido, cuando deber\u00e1n medirse frente a sus similares representantes de Bolivia.","media_type":"image","mime_type":"image\/jpeg","media_details":{"width":530,"height":349,"file":"2016\/12\/voleibol-sub15-Cordillera.jpg","sizes":{"thumbnail":{"file":"voleibol-sub15-Cordillera-200x132.jpg","width":200,"height":132,"mime_type":"image\/jpeg","source_url":"https:\/\/i0.wp.com\/eltrabajo.cl\/portal\/wp-content\/uploads\/2016\/12\/voleibol-sub15-Cordillera.jpg?fit=200%2C132&ssl=1"},"medium":{"file":"voleibol-sub15-Cordillera-300x198.jpg","width":300,"height":198,"mime_type":"image\/jpeg","source_url":"https:\/\/i0.wp.com\/eltrabajo.cl\/portal\/wp-content\/uploads\/2016\/12\/voleibol-sub15-Cordillera.jpg?fit=300%2C198&ssl=1"},"post-thumbnail":{"file":"voleibol-sub15-Cordillera-228x150.jpg","width":228,"height":150,"mime_type":"image\/jpeg","source_url":"https:\/\/i0.wp.com\/eltrabajo.cl\/portal\/wp-content\/uploads\/2016\/12\/voleibol-sub15-Cordillera.jpg?fit=228%2C150&ssl=1"},"single-post-thumbnail":{"file":"voleibol-sub15-Cordillera-400x263.jpg","width":400,"height":263,"mime_type":"image\/jpeg","source_url":"https:\/\/eltrabajo.cl\/portal\/wp-content\/uploads\/2016\/12\/voleibol-sub15-Cordillera-400x263.jpg"},"wptouch-new-thumbnail":{"file":"voleibol-sub15-Cordillera-144x144.jpg","width":144,"height":144,"mime_type":"image\/jpeg","source_url":"https:\/\/eltrabajo.cl\/portal\/wp-content\/uploads\/2016\/12\/voleibol-sub15-Cordillera-144x144.jpg"},"full":{"file":"voleibol-sub15-Cordillera.jpg?fit=530%2C349&ssl=1","width":530,"height":349,"mime_type":"image\/jpeg","source_url":"https:\/\/i0.wp.com\/eltrabajo.cl\/portal\/wp-content\/uploads\/2016\/12\/voleibol-sub15-Cordillera.jpg?fit=530%2C349&ssl=1"}},"image_meta":{"aperture":"0","credit":"","camera":"","caption":"","created_timestamp":"0","copyright":"","focal_length":"0","iso":"0","shutter_speed":"0","title":"","orientation":"0","keywords":[]}},"post":75835,"source_url":"https:\/\/eltrabajo.cl\/portal\/wp-content\/uploads\/2016\/12\/voleibol-sub15-Cordillera.jpg","_links":{"self":[{"href":"https:\/\/eltrabajo.cl\/portal\/wp-json\/wp\/v2\/media\/75836","targetHints":{"allow":["GET"]}}],"collection":[{"href":"https:\/\/eltrabajo.cl\/portal\/wp-json\/wp\/v2\/media"}],"about":[{"href":"https:\/\/eltrabajo.cl\/portal\/wp-json\/wp\/v2\/types\/attachment"}],"author":[{"embeddable":true,"href":"https:\/\/eltrabajo.cl\/portal\/wp-json\/wp\/v2\/users\/1"}],"replies":[{"embeddable":true,"href":"https:\/\/eltrabajo.cl\/portal\/wp-json\/wp\/v2\/comments?post=75836"}],"wp:attached-to":[{"embeddable":true,"post_type":"post","id":75835,"href":"https:\/\/eltrabajo.cl\/portal\/wp-json\/wp\/v2\/posts\/75835"}],"curies":[{"name":"wp","href":"https:\/\/api.w.org\/{rel}","templated":true}]}}

La Selección de Voleibol al momento de ser despedida antes de partir a Colombia. Las chicas enfrentan hoy al medio día su primer partido, cuando deberán medirse frente a sus similares representantes de Bolivia.

<p class="attachment"><a href="https://i0.wp.com/eltrabajo.cl/portal/wp-content/uploads/2016/12/voleibol-sub15-Cordillera.jpg?ssl=1"><img loading="lazy" decoding="async" width="300" height="198" src="https://i0.wp.com/eltrabajo.cl/portal/wp-content/uploads/2016/12/voleibol-sub15-Cordillera.jpg?fit=300%2C198&amp;ssl=1" class="attachment-medium size-medium" alt="La Selección de Voleibol al momento de ser despedida antes de partir a Colombia. Las chicas enfrentan hoy al medio día su primer partido, cuando deberán medirse frente a sus similares representantes de Bolivia." srcset="https://i0.wp.com/eltrabajo.cl/portal/wp-content/uploads/2016/12/voleibol-sub15-Cordillera.jpg?w=530&amp;ssl=1 530w, https://i0.wp.com/eltrabajo.cl/portal/wp-content/uploads/2016/12/voleibol-sub15-Cordillera.jpg?resize=200%2C132&amp;ssl=1 200w, https://i0.wp.com/eltrabajo.cl/portal/wp-content/uploads/2016/12/voleibol-sub15-Cordillera.jpg?resize=300%2C198&amp;ssl=1 300w, https://i0.wp.com/eltrabajo.cl/portal/wp-content/uploads/2016/12/voleibol-sub15-Cordillera.jpg?resize=228%2C150&amp;ssl=1 228w, https://i0.wp.com/eltrabajo.cl/portal/wp-content/uploads/2016/12/voleibol-sub15-Cordillera.jpg?resize=400%2C263&amp;ssl=1 400w" sizes="auto, (max-width: 300px) 100vw, 300px" /></a></p>
<p>La Selección de Voleibol al momento de ser despedida antes de partir a Colombia. Las chicas enfrentan hoy al medio día su primer partido, cuando deberán medirse frente a sus similares representantes de Bolivia.</p>

<p>La Selección de Voleibol al momento de ser despedida antes de partir a Colombia. Las chicas enfrentan hoy al medio día su primer partido, cuando deberán medirse frente a sus similares representantes de Bolivia.</p>
