{"id":75866,"date":"2016-12-13T08:52:22","date_gmt":"2016-12-13T11:52:22","guid":{"rendered":"http:\/\/www.eltrabajo.cl\/portal\/wp-content\/uploads\/2016\/12\/Grupal1.jpg"},"modified":"2016-12-13T08:52:32","modified_gmt":"2016-12-13T11:52:32","slug":"grupal1-38","status":"inherit","type":"attachment","link":"https:\/\/eltrabajo.cl\/portal\/diez-internos-del-ccp-san-felipe-se-graduan-de-octavo-basico\/grupal1-38\/","title":{"rendered":"IMPARABLES.- Acompa\u00f1ados de las autoridades, vemos al frente a siete de los diez internos que ayer lunes, se titularon de Octavo b\u00e1sico en la Escuela Pedro Nolasco del CCP San Felipe. Ellos aseguran que continuar\u00e1n estudiando en la Media. \u00a1Suerte muchachos!"},"author":1,"featured_media":0,"comment_status":"open","ping_status":"closed","template":"","meta":{"advanced_seo_description":"","jetpack_seo_html_title":"","jetpack_seo_noindex":false},"class_list":["post-75866","attachment","type-attachment","status-inherit","hentry"],"jetpack_sharing_enabled":true,"jetpack_likes_enabled":true,"description":{"rendered":"<p class=\"attachment\"><a href=\"https:\/\/i0.wp.com\/eltrabajo.cl\/portal\/wp-content\/uploads\/2016\/12\/Grupal1.jpg?ssl=1\"><img loading=\"lazy\" decoding=\"async\" width=\"300\" height=\"198\" src=\"https:\/\/i0.wp.com\/eltrabajo.cl\/portal\/wp-content\/uploads\/2016\/12\/Grupal1.jpg?fit=300%2C198&amp;ssl=1\" class=\"attachment-medium size-medium\" alt=\"IMPARABLES.- Acompa\u00f1ados de las autoridades, vemos al frente a siete de los diez internos que ayer lunes, se titularon de Octavo b\u00e1sico en la Escuela Pedro Nolasco del CCP San Felipe. Ellos aseguran que continuar\u00e1n estudiando en la Media. \u00a1Suerte muchachos!\" srcset=\"https:\/\/i0.wp.com\/eltrabajo.cl\/portal\/wp-content\/uploads\/2016\/12\/Grupal1.jpg?w=530&amp;ssl=1 530w, https:\/\/i0.wp.com\/eltrabajo.cl\/portal\/wp-content\/uploads\/2016\/12\/Grupal1.jpg?resize=200%2C132&amp;ssl=1 200w, https:\/\/i0.wp.com\/eltrabajo.cl\/portal\/wp-content\/uploads\/2016\/12\/Grupal1.jpg?resize=300%2C198&amp;ssl=1 300w, https:\/\/i0.wp.com\/eltrabajo.cl\/portal\/wp-content\/uploads\/2016\/12\/Grupal1.jpg?resize=228%2C150&amp;ssl=1 228w, https:\/\/i0.wp.com\/eltrabajo.cl\/portal\/wp-content\/uploads\/2016\/12\/Grupal1.jpg?resize=400%2C263&amp;ssl=1 400w\" sizes=\"auto, (max-width: 300px) 100vw, 300px\" \/><\/a><\/p>\n<p>IMPARABLES.- Acompa\u00f1ados de las autoridades, vemos al frente a siete de los diez internos que ayer lunes, se titularon de Octavo b\u00e1sico en la Escuela Pedro Nolasco del CCP San Felipe. Ellos aseguran que continuar\u00e1n estudiando en la Media. \u00a1Suerte muchachos!<\/p>\n"},"caption":{"rendered":"<p>IMPARABLES.- Acompa\u00f1ados de las autoridades, vemos al frente a siete de los diez internos que ayer lunes, se titularon de Octavo b\u00e1sico en la Escuela Pedro Nolasco del CCP San Felipe. Ellos aseguran que continuar\u00e1n estudiando en la Media. \u00a1Suerte muchachos!<\/p>\n"},"alt_text":"IMPARABLES.- Acompa\u00f1ados de las autoridades, vemos al frente a siete de los diez internos que ayer lunes, se titularon de Octavo b\u00e1sico en la Escuela Pedro Nolasco del CCP San Felipe. Ellos aseguran que continuar\u00e1n estudiando en la Media. \u00a1Suerte muchachos!","media_type":"image","mime_type":"image\/jpeg","media_details":{"width":530,"height":349,"file":"2016\/12\/Grupal1.jpg","sizes":{"thumbnail":{"file":"Grupal1-200x132.jpg","width":200,"height":132,"mime_type":"image\/jpeg","source_url":"https:\/\/i0.wp.com\/eltrabajo.cl\/portal\/wp-content\/uploads\/2016\/12\/Grupal1.jpg?fit=200%2C132&ssl=1"},"medium":{"file":"Grupal1-300x198.jpg","width":300,"height":198,"mime_type":"image\/jpeg","source_url":"https:\/\/i0.wp.com\/eltrabajo.cl\/portal\/wp-content\/uploads\/2016\/12\/Grupal1.jpg?fit=300%2C198&ssl=1"},"post-thumbnail":{"file":"Grupal1-228x150.jpg","width":228,"height":150,"mime_type":"image\/jpeg","source_url":"https:\/\/i0.wp.com\/eltrabajo.cl\/portal\/wp-content\/uploads\/2016\/12\/Grupal1.jpg?fit=228%2C150&ssl=1"},"single-post-thumbnail":{"file":"Grupal1-400x263.jpg","width":400,"height":263,"mime_type":"image\/jpeg","source_url":"https:\/\/eltrabajo.cl\/portal\/wp-content\/uploads\/2016\/12\/Grupal1-400x263.jpg"},"wptouch-new-thumbnail":{"file":"Grupal1-144x144.jpg","width":144,"height":144,"mime_type":"image\/jpeg","source_url":"https:\/\/eltrabajo.cl\/portal\/wp-content\/uploads\/2016\/12\/Grupal1-144x144.jpg"},"full":{"file":"Grupal1.jpg?fit=530%2C349&ssl=1","width":530,"height":349,"mime_type":"image\/jpeg","source_url":"https:\/\/i0.wp.com\/eltrabajo.cl\/portal\/wp-content\/uploads\/2016\/12\/Grupal1.jpg?fit=530%2C349&ssl=1"}},"image_meta":{"aperture":"0","credit":"","camera":"","caption":"","created_timestamp":"0","copyright":"","focal_length":"0","iso":"0","shutter_speed":"0","title":"","orientation":"0","keywords":[]}},"post":75862,"source_url":"https:\/\/eltrabajo.cl\/portal\/wp-content\/uploads\/2016\/12\/Grupal1.jpg","_links":{"self":[{"href":"https:\/\/eltrabajo.cl\/portal\/wp-json\/wp\/v2\/media\/75866","targetHints":{"allow":["GET"]}}],"collection":[{"href":"https:\/\/eltrabajo.cl\/portal\/wp-json\/wp\/v2\/media"}],"about":[{"href":"https:\/\/eltrabajo.cl\/portal\/wp-json\/wp\/v2\/types\/attachment"}],"author":[{"embeddable":true,"href":"https:\/\/eltrabajo.cl\/portal\/wp-json\/wp\/v2\/users\/1"}],"replies":[{"embeddable":true,"href":"https:\/\/eltrabajo.cl\/portal\/wp-json\/wp\/v2\/comments?post=75866"}],"wp:attached-to":[{"embeddable":true,"post_type":"post","id":75862,"href":"https:\/\/eltrabajo.cl\/portal\/wp-json\/wp\/v2\/posts\/75862"}],"curies":[{"name":"wp","href":"https:\/\/api.w.org\/{rel}","templated":true}]}}

IMPARABLES.- Acompañados de las autoridades, vemos al frente a siete de los diez internos que ayer lunes, se titularon de Octavo básico en la Escuela Pedro Nolasco del CCP San Felipe. Ellos aseguran que continuarán estudiando en la Media. ¡Suerte muchachos!

<p class="attachment"><a href="https://i0.wp.com/eltrabajo.cl/portal/wp-content/uploads/2016/12/Grupal1.jpg?ssl=1"><img loading="lazy" decoding="async" width="300" height="198" src="https://i0.wp.com/eltrabajo.cl/portal/wp-content/uploads/2016/12/Grupal1.jpg?fit=300%2C198&amp;ssl=1" class="attachment-medium size-medium" alt="IMPARABLES.- Acompañados de las autoridades, vemos al frente a siete de los diez internos que ayer lunes, se titularon de Octavo básico en la Escuela Pedro Nolasco del CCP San Felipe. Ellos aseguran que continuarán estudiando en la Media. ¡Suerte muchachos!" srcset="https://i0.wp.com/eltrabajo.cl/portal/wp-content/uploads/2016/12/Grupal1.jpg?w=530&amp;ssl=1 530w, https://i0.wp.com/eltrabajo.cl/portal/wp-content/uploads/2016/12/Grupal1.jpg?resize=200%2C132&amp;ssl=1 200w, https://i0.wp.com/eltrabajo.cl/portal/wp-content/uploads/2016/12/Grupal1.jpg?resize=300%2C198&amp;ssl=1 300w, https://i0.wp.com/eltrabajo.cl/portal/wp-content/uploads/2016/12/Grupal1.jpg?resize=228%2C150&amp;ssl=1 228w, https://i0.wp.com/eltrabajo.cl/portal/wp-content/uploads/2016/12/Grupal1.jpg?resize=400%2C263&amp;ssl=1 400w" sizes="auto, (max-width: 300px) 100vw, 300px" /></a></p>
<p>IMPARABLES.- Acompañados de las autoridades, vemos al frente a siete de los diez internos que ayer lunes, se titularon de Octavo básico en la Escuela Pedro Nolasco del CCP San Felipe. Ellos aseguran que continuarán estudiando en la Media. ¡Suerte muchachos!</p>

<p>IMPARABLES.- Acompañados de las autoridades, vemos al frente a siete de los diez internos que ayer lunes, se titularon de Octavo básico en la Escuela Pedro Nolasco del CCP San Felipe. Ellos aseguran que continuarán estudiando en la Media. ¡Suerte muchachos!</p>
