{"id":75880,"date":"2016-12-13T09:02:01","date_gmt":"2016-12-13T12:02:01","guid":{"rendered":"http:\/\/www.eltrabajo.cl\/portal\/wp-content\/uploads\/2016\/12\/N\u00c9STOR-VERGARA-ZAMORA.jpg"},"modified":"2016-12-13T09:02:32","modified_gmt":"2016-12-13T12:02:32","slug":"nestor-vergara-zamora","status":"inherit","type":"attachment","link":"https:\/\/eltrabajo.cl\/portal\/accidente-fatal-dejo-un-muerto-y-otro-gravemente-herido-en-ruta-60-ch\/nestor-vergara-zamora\/","title":{"rendered":"N\u00e9stor Vergara Zamora ten\u00eda 57 a\u00f1os edad al momento de fallecer tr\u00e1gicamente en un accidente automovil\u00edstico la tarde ayer lunes en la ruta 60 CH."},"author":1,"featured_media":0,"comment_status":"open","ping_status":"closed","template":"","meta":{"advanced_seo_description":"","jetpack_seo_html_title":"","jetpack_seo_noindex":false},"class_list":["post-75880","attachment","type-attachment","status-inherit","hentry"],"jetpack_sharing_enabled":true,"jetpack_likes_enabled":true,"description":{"rendered":"<p class=\"attachment\"><a href=\"https:\/\/i0.wp.com\/eltrabajo.cl\/portal\/wp-content\/uploads\/2016\/12\/N%C3%89STOR-VERGARA-ZAMORA.jpg?ssl=1\"><img loading=\"lazy\" decoding=\"async\" width=\"300\" height=\"198\" src=\"https:\/\/i0.wp.com\/eltrabajo.cl\/portal\/wp-content\/uploads\/2016\/12\/N%C3%89STOR-VERGARA-ZAMORA.jpg?fit=300%2C198&amp;ssl=1\" class=\"attachment-medium size-medium\" alt=\"N\u00e9stor Vergara Zamora ten\u00eda 57 a\u00f1os edad al momento de fallecer tr\u00e1gicamente en un accidente automovil\u00edstico la tarde ayer lunes en la ruta 60 CH.\" \/><\/a><\/p>\n<p>N\u00e9stor Vergara Zamora ten\u00eda 57 a\u00f1os edad al momento de fallecer tr\u00e1gicamente en un accidente automovil\u00edstico la tarde ayer lunes en la ruta 60 CH.<\/p>\n"},"caption":{"rendered":"<p>N\u00e9stor Vergara Zamora ten\u00eda 57 a\u00f1os edad al momento de fallecer tr\u00e1gicamente en un accidente automovil\u00edstico la tarde ayer lunes en la ruta 60 CH.<\/p>\n"},"alt_text":"N\u00e9stor Vergara Zamora ten\u00eda 57 a\u00f1os edad al momento de fallecer tr\u00e1gicamente en un accidente automovil\u00edstico la tarde ayer lunes en la ruta 60 CH.","media_type":"image","mime_type":"image\/jpeg","media_details":{"width":530,"height":350,"file":"2016\/12\/N\u00c9STOR-VERGARA-ZAMORA.jpg","sizes":{"thumbnail":{"file":"N\u00c9STOR-VERGARA-ZAMORA-200x132.jpg","width":200,"height":132,"mime_type":"image\/jpeg","source_url":"https:\/\/i0.wp.com\/eltrabajo.cl\/portal\/wp-content\/uploads\/2016\/12\/N%C3%89STOR-VERGARA-ZAMORA.jpg?fit=200%2C132&ssl=1"},"medium":{"file":"N\u00c9STOR-VERGARA-ZAMORA-300x198.jpg","width":300,"height":198,"mime_type":"image\/jpeg","source_url":"https:\/\/i0.wp.com\/eltrabajo.cl\/portal\/wp-content\/uploads\/2016\/12\/N%C3%89STOR-VERGARA-ZAMORA.jpg?fit=300%2C198&ssl=1"},"post-thumbnail":{"file":"N\u00c9STOR-VERGARA-ZAMORA-227x150.jpg","width":227,"height":150,"mime_type":"image\/jpeg","source_url":"https:\/\/i0.wp.com\/eltrabajo.cl\/portal\/wp-content\/uploads\/2016\/12\/N%C3%89STOR-VERGARA-ZAMORA.jpg?fit=227%2C150&ssl=1"},"single-post-thumbnail":{"file":"N\u00c9STOR-VERGARA-ZAMORA-400x264.jpg","width":400,"height":264,"mime_type":"image\/jpeg","source_url":"https:\/\/eltrabajo.cl\/portal\/wp-content\/uploads\/2016\/12\/N\u00c9STOR-VERGARA-ZAMORA-400x264.jpg"},"wptouch-new-thumbnail":{"file":"N\u00c9STOR-VERGARA-ZAMORA-144x144.jpg","width":144,"height":144,"mime_type":"image\/jpeg","source_url":"https:\/\/eltrabajo.cl\/portal\/wp-content\/uploads\/2016\/12\/N\u00c9STOR-VERGARA-ZAMORA-144x144.jpg"},"full":{"file":"N%C3%89STOR-VERGARA-ZAMORA.jpg?fit=530%2C350&ssl=1","width":530,"height":350,"mime_type":"image\/jpeg","source_url":"https:\/\/i0.wp.com\/eltrabajo.cl\/portal\/wp-content\/uploads\/2016\/12\/N%C3%89STOR-VERGARA-ZAMORA.jpg?fit=530%2C350&ssl=1"}},"image_meta":{"aperture":"0","credit":"","camera":"","caption":"","created_timestamp":"0","copyright":"","focal_length":"0","iso":"0","shutter_speed":"0","title":"","orientation":"0","keywords":[]}},"post":75878,"source_url":"https:\/\/eltrabajo.cl\/portal\/wp-content\/uploads\/2016\/12\/N\u00c9STOR-VERGARA-ZAMORA.jpg","_links":{"self":[{"href":"https:\/\/eltrabajo.cl\/portal\/wp-json\/wp\/v2\/media\/75880","targetHints":{"allow":["GET"]}}],"collection":[{"href":"https:\/\/eltrabajo.cl\/portal\/wp-json\/wp\/v2\/media"}],"about":[{"href":"https:\/\/eltrabajo.cl\/portal\/wp-json\/wp\/v2\/types\/attachment"}],"author":[{"embeddable":true,"href":"https:\/\/eltrabajo.cl\/portal\/wp-json\/wp\/v2\/users\/1"}],"replies":[{"embeddable":true,"href":"https:\/\/eltrabajo.cl\/portal\/wp-json\/wp\/v2\/comments?post=75880"}],"wp:attached-to":[{"embeddable":true,"post_type":"post","id":75878,"href":"https:\/\/eltrabajo.cl\/portal\/wp-json\/wp\/v2\/posts\/75878"}],"curies":[{"name":"wp","href":"https:\/\/api.w.org\/{rel}","templated":true}]}}

http://www.eltrabajo.cl/portal/wp-content/uploads/2016/12/NÉSTOR-VERGARA-ZAMORA.jpg

Néstor Vergara Zamora tenía 57 años edad al momento de fallecer trágicamente en un accidente automovilístico la tarde ayer lunes en la ruta 60 CH.

<p class="attachment"><a href="https://i0.wp.com/eltrabajo.cl/portal/wp-content/uploads/2016/12/N%C3%89STOR-VERGARA-ZAMORA.jpg?ssl=1"><img loading="lazy" decoding="async" width="300" height="198" src="https://i0.wp.com/eltrabajo.cl/portal/wp-content/uploads/2016/12/N%C3%89STOR-VERGARA-ZAMORA.jpg?fit=300%2C198&amp;ssl=1" class="attachment-medium size-medium" alt="Néstor Vergara Zamora tenía 57 años edad al momento de fallecer trágicamente en un accidente automovilístico la tarde ayer lunes en la ruta 60 CH." /></a></p>
<p>Néstor Vergara Zamora tenía 57 años edad al momento de fallecer trágicamente en un accidente automovilístico la tarde ayer lunes en la ruta 60 CH.</p>

<p>Néstor Vergara Zamora tenía 57 años edad al momento de fallecer trágicamente en un accidente automovilístico la tarde ayer lunes en la ruta 60 CH.</p>

2016/12/NÉSTOR-VERGARA-ZAMORA.jpg

NÉSTOR-VERGARA-ZAMORA-200x132.jpg

NÉSTOR-VERGARA-ZAMORA-300x198.jpg

NÉSTOR-VERGARA-ZAMORA-227x150.jpg

NÉSTOR-VERGARA-ZAMORA-400x264.jpg

https://eltrabajo.cl/portal/wp-content/uploads/2016/12/NÉSTOR-VERGARA-ZAMORA-400x264.jpg

NÉSTOR-VERGARA-ZAMORA-144x144.jpg

https://eltrabajo.cl/portal/wp-content/uploads/2016/12/NÉSTOR-VERGARA-ZAMORA-144x144.jpg

https://eltrabajo.cl/portal/wp-content/uploads/2016/12/NÉSTOR-VERGARA-ZAMORA.jpg
