{"id":75914,"date":"2016-12-14T09:11:21","date_gmt":"2016-12-14T12:11:21","guid":{"rendered":"http:\/\/www.eltrabajo.cl\/portal\/wp-content\/uploads\/2016\/12\/IMPUTADO-VIOLACION.jpg"},"modified":"2016-12-14T09:11:31","modified_gmt":"2016-12-14T12:11:31","slug":"imputado-violacion-7","status":"inherit","type":"attachment","link":"https:\/\/eltrabajo.cl\/portal\/la-invito-a-cenar-a-su-casa-y-despues-la-habria-violado-al-quedarse-dormida\/imputado-violacion-7\/","title":{"rendered":"El imputado detenido por Carabineros, fue derivado hasta tribunales para ser formalizado por la Fiscal\u00eda bajo los cargos de violaci\u00f3n que ser\u00e1 investigada por la Brigada de Delitos Sexuales de la PDI."},"author":1,"featured_media":0,"comment_status":"open","ping_status":"closed","template":"","meta":{"advanced_seo_description":"","jetpack_seo_html_title":"","jetpack_seo_noindex":false},"class_list":["post-75914","attachment","type-attachment","status-inherit","hentry"],"jetpack_sharing_enabled":true,"jetpack_likes_enabled":true,"description":{"rendered":"<p class=\"attachment\"><a href=\"https:\/\/i0.wp.com\/eltrabajo.cl\/portal\/wp-content\/uploads\/2016\/12\/IMPUTADO-VIOLACION.jpg?ssl=1\"><img loading=\"lazy\" decoding=\"async\" width=\"300\" height=\"197\" src=\"https:\/\/i0.wp.com\/eltrabajo.cl\/portal\/wp-content\/uploads\/2016\/12\/IMPUTADO-VIOLACION.jpg?fit=300%2C197&amp;ssl=1\" class=\"attachment-medium size-medium\" alt=\"El imputado detenido por Carabineros, fue derivado hasta tribunales para ser formalizado por la Fiscal\u00eda bajo los cargos de violaci\u00f3n que ser\u00e1 investigada por la Brigada de Delitos Sexuales de la PDI.\" srcset=\"https:\/\/i0.wp.com\/eltrabajo.cl\/portal\/wp-content\/uploads\/2016\/12\/IMPUTADO-VIOLACION.jpg?w=530&amp;ssl=1 530w, https:\/\/i0.wp.com\/eltrabajo.cl\/portal\/wp-content\/uploads\/2016\/12\/IMPUTADO-VIOLACION.jpg?resize=200%2C131&amp;ssl=1 200w, https:\/\/i0.wp.com\/eltrabajo.cl\/portal\/wp-content\/uploads\/2016\/12\/IMPUTADO-VIOLACION.jpg?resize=300%2C197&amp;ssl=1 300w, https:\/\/i0.wp.com\/eltrabajo.cl\/portal\/wp-content\/uploads\/2016\/12\/IMPUTADO-VIOLACION.jpg?resize=228%2C150&amp;ssl=1 228w, https:\/\/i0.wp.com\/eltrabajo.cl\/portal\/wp-content\/uploads\/2016\/12\/IMPUTADO-VIOLACION.jpg?resize=400%2C263&amp;ssl=1 400w\" sizes=\"auto, (max-width: 300px) 100vw, 300px\" \/><\/a><\/p>\n<p>El imputado detenido por Carabineros, fue derivado hasta tribunales para ser formalizado por la Fiscal\u00eda bajo los cargos de violaci\u00f3n que ser\u00e1 investigada por la Brigada de Delitos Sexuales de la PDI.<\/p>\n"},"caption":{"rendered":"<p>El imputado detenido por Carabineros, fue derivado hasta tribunales para ser formalizado por la Fiscal\u00eda bajo los cargos de violaci\u00f3n que ser\u00e1 investigada por la Brigada de Delitos Sexuales de la PDI.<\/p>\n"},"alt_text":"El imputado detenido por Carabineros, fue derivado hasta tribunales para ser formalizado por la Fiscal\u00eda bajo los cargos de violaci\u00f3n que ser\u00e1 investigada por la Brigada de Delitos Sexuales de la PDI.","media_type":"image","mime_type":"image\/jpeg","media_details":{"width":530,"height":348,"file":"2016\/12\/IMPUTADO-VIOLACION.jpg","sizes":{"thumbnail":{"file":"IMPUTADO-VIOLACION-200x131.jpg","width":200,"height":131,"mime_type":"image\/jpeg","source_url":"https:\/\/i0.wp.com\/eltrabajo.cl\/portal\/wp-content\/uploads\/2016\/12\/IMPUTADO-VIOLACION.jpg?fit=200%2C131&ssl=1"},"medium":{"file":"IMPUTADO-VIOLACION-300x197.jpg","width":300,"height":197,"mime_type":"image\/jpeg","source_url":"https:\/\/i0.wp.com\/eltrabajo.cl\/portal\/wp-content\/uploads\/2016\/12\/IMPUTADO-VIOLACION.jpg?fit=300%2C197&ssl=1"},"post-thumbnail":{"file":"IMPUTADO-VIOLACION-228x150.jpg","width":228,"height":150,"mime_type":"image\/jpeg","source_url":"https:\/\/i0.wp.com\/eltrabajo.cl\/portal\/wp-content\/uploads\/2016\/12\/IMPUTADO-VIOLACION.jpg?fit=228%2C150&ssl=1"},"single-post-thumbnail":{"file":"IMPUTADO-VIOLACION-400x263.jpg","width":400,"height":263,"mime_type":"image\/jpeg","source_url":"https:\/\/eltrabajo.cl\/portal\/wp-content\/uploads\/2016\/12\/IMPUTADO-VIOLACION-400x263.jpg"},"wptouch-new-thumbnail":{"file":"IMPUTADO-VIOLACION-144x144.jpg","width":144,"height":144,"mime_type":"image\/jpeg","source_url":"https:\/\/eltrabajo.cl\/portal\/wp-content\/uploads\/2016\/12\/IMPUTADO-VIOLACION-144x144.jpg"},"full":{"file":"IMPUTADO-VIOLACION.jpg?fit=530%2C348&ssl=1","width":530,"height":348,"mime_type":"image\/jpeg","source_url":"https:\/\/i0.wp.com\/eltrabajo.cl\/portal\/wp-content\/uploads\/2016\/12\/IMPUTADO-VIOLACION.jpg?fit=530%2C348&ssl=1"}},"image_meta":{"aperture":"0","credit":"","camera":"","caption":"","created_timestamp":"0","copyright":"","focal_length":"0","iso":"0","shutter_speed":"0","title":"","orientation":"0","keywords":[]}},"post":75913,"source_url":"https:\/\/eltrabajo.cl\/portal\/wp-content\/uploads\/2016\/12\/IMPUTADO-VIOLACION.jpg","_links":{"self":[{"href":"https:\/\/eltrabajo.cl\/portal\/wp-json\/wp\/v2\/media\/75914","targetHints":{"allow":["GET"]}}],"collection":[{"href":"https:\/\/eltrabajo.cl\/portal\/wp-json\/wp\/v2\/media"}],"about":[{"href":"https:\/\/eltrabajo.cl\/portal\/wp-json\/wp\/v2\/types\/attachment"}],"author":[{"embeddable":true,"href":"https:\/\/eltrabajo.cl\/portal\/wp-json\/wp\/v2\/users\/1"}],"replies":[{"embeddable":true,"href":"https:\/\/eltrabajo.cl\/portal\/wp-json\/wp\/v2\/comments?post=75914"}],"wp:attached-to":[{"embeddable":true,"post_type":"post","id":75913,"href":"https:\/\/eltrabajo.cl\/portal\/wp-json\/wp\/v2\/posts\/75913"}],"curies":[{"name":"wp","href":"https:\/\/api.w.org\/{rel}","templated":true}]}}

El imputado detenido por Carabineros, fue derivado hasta tribunales para ser formalizado por la Fiscalía bajo los cargos de violación que será investigada por la Brigada de Delitos Sexuales de la PDI.

<p class="attachment"><a href="https://i0.wp.com/eltrabajo.cl/portal/wp-content/uploads/2016/12/IMPUTADO-VIOLACION.jpg?ssl=1"><img loading="lazy" decoding="async" width="300" height="197" src="https://i0.wp.com/eltrabajo.cl/portal/wp-content/uploads/2016/12/IMPUTADO-VIOLACION.jpg?fit=300%2C197&amp;ssl=1" class="attachment-medium size-medium" alt="El imputado detenido por Carabineros, fue derivado hasta tribunales para ser formalizado por la Fiscalía bajo los cargos de violación que será investigada por la Brigada de Delitos Sexuales de la PDI." srcset="https://i0.wp.com/eltrabajo.cl/portal/wp-content/uploads/2016/12/IMPUTADO-VIOLACION.jpg?w=530&amp;ssl=1 530w, https://i0.wp.com/eltrabajo.cl/portal/wp-content/uploads/2016/12/IMPUTADO-VIOLACION.jpg?resize=200%2C131&amp;ssl=1 200w, https://i0.wp.com/eltrabajo.cl/portal/wp-content/uploads/2016/12/IMPUTADO-VIOLACION.jpg?resize=300%2C197&amp;ssl=1 300w, https://i0.wp.com/eltrabajo.cl/portal/wp-content/uploads/2016/12/IMPUTADO-VIOLACION.jpg?resize=228%2C150&amp;ssl=1 228w, https://i0.wp.com/eltrabajo.cl/portal/wp-content/uploads/2016/12/IMPUTADO-VIOLACION.jpg?resize=400%2C263&amp;ssl=1 400w" sizes="auto, (max-width: 300px) 100vw, 300px" /></a></p>
<p>El imputado detenido por Carabineros, fue derivado hasta tribunales para ser formalizado por la Fiscalía bajo los cargos de violación que será investigada por la Brigada de Delitos Sexuales de la PDI.</p>

<p>El imputado detenido por Carabineros, fue derivado hasta tribunales para ser formalizado por la Fiscalía bajo los cargos de violación que será investigada por la Brigada de Delitos Sexuales de la PDI.</p>
