{"id":75952,"date":"2016-12-16T08:49:56","date_gmt":"2016-12-16T11:49:56","guid":{"rendered":"http:\/\/www.eltrabajo.cl\/portal\/wp-content\/uploads\/2016\/12\/Foto-1-Gobernador-Eduardo-Le\u00f3n.jpg"},"modified":"2016-12-16T08:50:06","modified_gmt":"2016-12-16T11:50:06","slug":"foto-1-gobernador-eduardo-leon","status":"inherit","type":"attachment","link":"https:\/\/eltrabajo.cl\/portal\/alumnos-del-greenland-se-adjudicaron-beca-para-pasantia-en-nueva-zelanda\/foto-1-gobernador-eduardo-leon\/","title":{"rendered":"Gobernador de la Provincia de San Felipe, Eduardo Le\u00f3n, entreg\u00f3 reconocimientos a los dos j\u00f3venes -y sus respectivas familias- que se adjudicaron una pasant\u00eda en Nueva Zelanda."},"author":1,"featured_media":0,"comment_status":"open","ping_status":"closed","template":"","meta":{"advanced_seo_description":"","jetpack_seo_html_title":"","jetpack_seo_noindex":false},"class_list":["post-75952","attachment","type-attachment","status-inherit","hentry"],"jetpack_sharing_enabled":true,"jetpack_likes_enabled":true,"description":{"rendered":"<p class=\"attachment\"><a href=\"https:\/\/i0.wp.com\/eltrabajo.cl\/portal\/wp-content\/uploads\/2016\/12\/Foto-1-Gobernador-Eduardo-Le%C3%B3n.jpg?ssl=1\"><img loading=\"lazy\" decoding=\"async\" width=\"300\" height=\"198\" src=\"https:\/\/i0.wp.com\/eltrabajo.cl\/portal\/wp-content\/uploads\/2016\/12\/Foto-1-Gobernador-Eduardo-Le%C3%B3n.jpg?fit=300%2C198&amp;ssl=1\" class=\"attachment-medium size-medium\" alt=\"Gobernador de la Provincia de San Felipe, Eduardo Le\u00f3n, entreg\u00f3 reconocimientos a los dos j\u00f3venes -y sus respectivas familias- que se adjudicaron una pasant\u00eda en Nueva Zelanda.\" \/><\/a><\/p>\n<p>Gobernador de la Provincia de San Felipe, Eduardo Le\u00f3n, entreg\u00f3 reconocimientos a los dos j\u00f3venes -y sus respectivas familias- que se adjudicaron una pasant\u00eda en Nueva Zelanda.<\/p>\n"},"caption":{"rendered":"<p>Gobernador de la Provincia de San Felipe, Eduardo Le\u00f3n, entreg\u00f3 reconocimientos a los dos j\u00f3venes -y sus respectivas familias- que se adjudicaron una pasant\u00eda en Nueva Zelanda.<\/p>\n"},"alt_text":"Gobernador de la Provincia de San Felipe, Eduardo Le\u00f3n, entreg\u00f3 reconocimientos a los dos j\u00f3venes -y sus respectivas familias- que se adjudicaron una pasant\u00eda en Nueva Zelanda.","media_type":"image","mime_type":"image\/jpeg","media_details":{"width":530,"height":350,"file":"2016\/12\/Foto-1-Gobernador-Eduardo-Le\u00f3n.jpg","sizes":{"thumbnail":{"file":"Foto-1-Gobernador-Eduardo-Le\u00f3n-200x132.jpg","width":200,"height":132,"mime_type":"image\/jpeg","source_url":"https:\/\/i0.wp.com\/eltrabajo.cl\/portal\/wp-content\/uploads\/2016\/12\/Foto-1-Gobernador-Eduardo-Le%C3%B3n.jpg?fit=200%2C132&ssl=1"},"medium":{"file":"Foto-1-Gobernador-Eduardo-Le\u00f3n-300x198.jpg","width":300,"height":198,"mime_type":"image\/jpeg","source_url":"https:\/\/i0.wp.com\/eltrabajo.cl\/portal\/wp-content\/uploads\/2016\/12\/Foto-1-Gobernador-Eduardo-Le%C3%B3n.jpg?fit=300%2C198&ssl=1"},"post-thumbnail":{"file":"Foto-1-Gobernador-Eduardo-Le\u00f3n-227x150.jpg","width":227,"height":150,"mime_type":"image\/jpeg","source_url":"https:\/\/i0.wp.com\/eltrabajo.cl\/portal\/wp-content\/uploads\/2016\/12\/Foto-1-Gobernador-Eduardo-Le%C3%B3n.jpg?fit=227%2C150&ssl=1"},"single-post-thumbnail":{"file":"Foto-1-Gobernador-Eduardo-Le\u00f3n-400x264.jpg","width":400,"height":264,"mime_type":"image\/jpeg","source_url":"https:\/\/eltrabajo.cl\/portal\/wp-content\/uploads\/2016\/12\/Foto-1-Gobernador-Eduardo-Le\u00f3n-400x264.jpg"},"wptouch-new-thumbnail":{"file":"Foto-1-Gobernador-Eduardo-Le\u00f3n-144x144.jpg","width":144,"height":144,"mime_type":"image\/jpeg","source_url":"https:\/\/eltrabajo.cl\/portal\/wp-content\/uploads\/2016\/12\/Foto-1-Gobernador-Eduardo-Le\u00f3n-144x144.jpg"},"full":{"file":"Foto-1-Gobernador-Eduardo-Le%C3%B3n.jpg?fit=530%2C350&ssl=1","width":530,"height":350,"mime_type":"image\/jpeg","source_url":"https:\/\/i0.wp.com\/eltrabajo.cl\/portal\/wp-content\/uploads\/2016\/12\/Foto-1-Gobernador-Eduardo-Le%C3%B3n.jpg?fit=530%2C350&ssl=1"}},"image_meta":{"aperture":"0","credit":"","camera":"","caption":"","created_timestamp":"0","copyright":"","focal_length":"0","iso":"0","shutter_speed":"0","title":"","orientation":"0","keywords":[]}},"post":75951,"source_url":"https:\/\/eltrabajo.cl\/portal\/wp-content\/uploads\/2016\/12\/Foto-1-Gobernador-Eduardo-Le\u00f3n.jpg","_links":{"self":[{"href":"https:\/\/eltrabajo.cl\/portal\/wp-json\/wp\/v2\/media\/75952","targetHints":{"allow":["GET"]}}],"collection":[{"href":"https:\/\/eltrabajo.cl\/portal\/wp-json\/wp\/v2\/media"}],"about":[{"href":"https:\/\/eltrabajo.cl\/portal\/wp-json\/wp\/v2\/types\/attachment"}],"author":[{"embeddable":true,"href":"https:\/\/eltrabajo.cl\/portal\/wp-json\/wp\/v2\/users\/1"}],"replies":[{"embeddable":true,"href":"https:\/\/eltrabajo.cl\/portal\/wp-json\/wp\/v2\/comments?post=75952"}],"wp:attached-to":[{"embeddable":true,"post_type":"post","id":75951,"href":"https:\/\/eltrabajo.cl\/portal\/wp-json\/wp\/v2\/posts\/75951"}],"curies":[{"name":"wp","href":"https:\/\/api.w.org\/{rel}","templated":true}]}}

http://www.eltrabajo.cl/portal/wp-content/uploads/2016/12/Foto-1-Gobernador-Eduardo-León.jpg

Gobernador de la Provincia de San Felipe, Eduardo León, entregó reconocimientos a los dos jóvenes -y sus respectivas familias- que se adjudicaron una pasantía en Nueva Zelanda.

<p class="attachment"><a href="https://i0.wp.com/eltrabajo.cl/portal/wp-content/uploads/2016/12/Foto-1-Gobernador-Eduardo-Le%C3%B3n.jpg?ssl=1"><img loading="lazy" decoding="async" width="300" height="198" src="https://i0.wp.com/eltrabajo.cl/portal/wp-content/uploads/2016/12/Foto-1-Gobernador-Eduardo-Le%C3%B3n.jpg?fit=300%2C198&amp;ssl=1" class="attachment-medium size-medium" alt="Gobernador de la Provincia de San Felipe, Eduardo León, entregó reconocimientos a los dos jóvenes -y sus respectivas familias- que se adjudicaron una pasantía en Nueva Zelanda." /></a></p>
<p>Gobernador de la Provincia de San Felipe, Eduardo León, entregó reconocimientos a los dos jóvenes -y sus respectivas familias- que se adjudicaron una pasantía en Nueva Zelanda.</p>

<p>Gobernador de la Provincia de San Felipe, Eduardo León, entregó reconocimientos a los dos jóvenes -y sus respectivas familias- que se adjudicaron una pasantía en Nueva Zelanda.</p>

2016/12/Foto-1-Gobernador-Eduardo-León.jpg

Foto-1-Gobernador-Eduardo-León-200x132.jpg

Foto-1-Gobernador-Eduardo-León-300x198.jpg

Foto-1-Gobernador-Eduardo-León-227x150.jpg

Foto-1-Gobernador-Eduardo-León-400x264.jpg

https://eltrabajo.cl/portal/wp-content/uploads/2016/12/Foto-1-Gobernador-Eduardo-León-400x264.jpg

Foto-1-Gobernador-Eduardo-León-144x144.jpg

https://eltrabajo.cl/portal/wp-content/uploads/2016/12/Foto-1-Gobernador-Eduardo-León-144x144.jpg

https://eltrabajo.cl/portal/wp-content/uploads/2016/12/Foto-1-Gobernador-Eduardo-León.jpg
