{"id":76018,"date":"2016-12-21T09:02:00","date_gmt":"2016-12-21T12:02:00","guid":{"rendered":"http:\/\/www.eltrabajo.cl\/portal\/wp-content\/uploads\/2016\/12\/Ricardo-Juri.jpg"},"modified":"2016-12-21T09:03:12","modified_gmt":"2016-12-21T12:03:12","slug":"ricardo-juri","status":"inherit","type":"attachment","link":"https:\/\/eltrabajo.cl\/portal\/aconcagua-aun-llora-la-muerte-del-periodista-miguel-ricardo-juri-juri\/ricardo-juri\/","title":{"rendered":"EL JOVEN RICARDO.- As\u00ed luc\u00eda este periodista sanfelipe\u00f1o cuando apenas ten\u00eda 20 a\u00f1os."},"author":1,"featured_media":0,"comment_status":"open","ping_status":"closed","template":"","meta":{"advanced_seo_description":"","jetpack_seo_html_title":"","jetpack_seo_noindex":false},"class_list":["post-76018","attachment","type-attachment","status-inherit","hentry"],"jetpack_sharing_enabled":true,"jetpack_likes_enabled":true,"description":{"rendered":"<p class=\"attachment\"><a href=\"https:\/\/i0.wp.com\/eltrabajo.cl\/portal\/wp-content\/uploads\/2016\/12\/Ricardo-Juri.jpg?ssl=1\"><img loading=\"lazy\" decoding=\"async\" width=\"269\" height=\"300\" src=\"https:\/\/i0.wp.com\/eltrabajo.cl\/portal\/wp-content\/uploads\/2016\/12\/Ricardo-Juri.jpg?fit=269%2C300&amp;ssl=1\" class=\"attachment-medium size-medium\" alt=\"EL JOVEN RICARDO.- As\u00ed luc\u00eda este periodista sanfelipe\u00f1o cuando apenas ten\u00eda 20 a\u00f1os.\" srcset=\"https:\/\/i0.wp.com\/eltrabajo.cl\/portal\/wp-content\/uploads\/2016\/12\/Ricardo-Juri.jpg?w=529&amp;ssl=1 529w, https:\/\/i0.wp.com\/eltrabajo.cl\/portal\/wp-content\/uploads\/2016\/12\/Ricardo-Juri.jpg?resize=135%2C150&amp;ssl=1 135w, https:\/\/i0.wp.com\/eltrabajo.cl\/portal\/wp-content\/uploads\/2016\/12\/Ricardo-Juri.jpg?resize=269%2C300&amp;ssl=1 269w, https:\/\/i0.wp.com\/eltrabajo.cl\/portal\/wp-content\/uploads\/2016\/12\/Ricardo-Juri.jpg?resize=400%2C445&amp;ssl=1 400w\" sizes=\"auto, (max-width: 269px) 100vw, 269px\" \/><\/a><\/p>\n<p>EL JOVEN RICARDO.- As\u00ed luc\u00eda este periodista sanfelipe\u00f1o cuando apenas ten\u00eda 20 a\u00f1os.<\/p>\n"},"caption":{"rendered":"<p>EL JOVEN RICARDO.- As\u00ed luc\u00eda este periodista sanfelipe\u00f1o cuando apenas ten\u00eda 20 a\u00f1os.<\/p>\n"},"alt_text":"EL JOVEN RICARDO.- As\u00ed luc\u00eda este periodista sanfelipe\u00f1o cuando apenas ten\u00eda 20 a\u00f1os.","media_type":"image","mime_type":"image\/jpeg","media_details":{"width":529,"height":589,"file":"2016\/12\/Ricardo-Juri.jpg","sizes":{"thumbnail":{"file":"Ricardo-Juri-135x150.jpg","width":135,"height":150,"mime_type":"image\/jpeg","source_url":"https:\/\/i0.wp.com\/eltrabajo.cl\/portal\/wp-content\/uploads\/2016\/12\/Ricardo-Juri.jpg?fit=135%2C150&ssl=1"},"medium":{"file":"Ricardo-Juri-269x300.jpg","width":269,"height":300,"mime_type":"image\/jpeg","source_url":"https:\/\/i0.wp.com\/eltrabajo.cl\/portal\/wp-content\/uploads\/2016\/12\/Ricardo-Juri.jpg?fit=269%2C300&ssl=1"},"post-thumbnail":{"file":"Ricardo-Juri-135x150.jpg","width":135,"height":150,"mime_type":"image\/jpeg","source_url":"https:\/\/i0.wp.com\/eltrabajo.cl\/portal\/wp-content\/uploads\/2016\/12\/Ricardo-Juri.jpg?fit=135%2C150&ssl=1"},"single-post-thumbnail":{"file":"Ricardo-Juri-400x445.jpg","width":400,"height":445,"mime_type":"image\/jpeg","source_url":"https:\/\/eltrabajo.cl\/portal\/wp-content\/uploads\/2016\/12\/Ricardo-Juri-400x445.jpg"},"wptouch-new-thumbnail":{"file":"Ricardo-Juri-144x144.jpg","width":144,"height":144,"mime_type":"image\/jpeg","source_url":"https:\/\/eltrabajo.cl\/portal\/wp-content\/uploads\/2016\/12\/Ricardo-Juri-144x144.jpg"},"full":{"file":"Ricardo-Juri.jpg?fit=529%2C589&ssl=1","width":529,"height":589,"mime_type":"image\/jpeg","source_url":"https:\/\/i0.wp.com\/eltrabajo.cl\/portal\/wp-content\/uploads\/2016\/12\/Ricardo-Juri.jpg?fit=529%2C589&ssl=1"}},"image_meta":{"aperture":"0","credit":"","camera":"","caption":"","created_timestamp":"0","copyright":"","focal_length":"0","iso":"0","shutter_speed":"0","title":"","orientation":"0","keywords":[]}},"post":76015,"source_url":"https:\/\/eltrabajo.cl\/portal\/wp-content\/uploads\/2016\/12\/Ricardo-Juri.jpg","_links":{"self":[{"href":"https:\/\/eltrabajo.cl\/portal\/wp-json\/wp\/v2\/media\/76018","targetHints":{"allow":["GET"]}}],"collection":[{"href":"https:\/\/eltrabajo.cl\/portal\/wp-json\/wp\/v2\/media"}],"about":[{"href":"https:\/\/eltrabajo.cl\/portal\/wp-json\/wp\/v2\/types\/attachment"}],"author":[{"embeddable":true,"href":"https:\/\/eltrabajo.cl\/portal\/wp-json\/wp\/v2\/users\/1"}],"replies":[{"embeddable":true,"href":"https:\/\/eltrabajo.cl\/portal\/wp-json\/wp\/v2\/comments?post=76018"}],"wp:attached-to":[{"embeddable":true,"post_type":"post","id":76015,"href":"https:\/\/eltrabajo.cl\/portal\/wp-json\/wp\/v2\/posts\/76015"}],"curies":[{"name":"wp","href":"https:\/\/api.w.org\/{rel}","templated":true}]}}

EL JOVEN RICARDO.- Así lucía este periodista sanfelipeño cuando apenas tenía 20 años.

<p class="attachment"><a href="https://i0.wp.com/eltrabajo.cl/portal/wp-content/uploads/2016/12/Ricardo-Juri.jpg?ssl=1"><img loading="lazy" decoding="async" width="269" height="300" src="https://i0.wp.com/eltrabajo.cl/portal/wp-content/uploads/2016/12/Ricardo-Juri.jpg?fit=269%2C300&amp;ssl=1" class="attachment-medium size-medium" alt="EL JOVEN RICARDO.- Así lucía este periodista sanfelipeño cuando apenas tenía 20 años." srcset="https://i0.wp.com/eltrabajo.cl/portal/wp-content/uploads/2016/12/Ricardo-Juri.jpg?w=529&amp;ssl=1 529w, https://i0.wp.com/eltrabajo.cl/portal/wp-content/uploads/2016/12/Ricardo-Juri.jpg?resize=135%2C150&amp;ssl=1 135w, https://i0.wp.com/eltrabajo.cl/portal/wp-content/uploads/2016/12/Ricardo-Juri.jpg?resize=269%2C300&amp;ssl=1 269w, https://i0.wp.com/eltrabajo.cl/portal/wp-content/uploads/2016/12/Ricardo-Juri.jpg?resize=400%2C445&amp;ssl=1 400w" sizes="auto, (max-width: 269px) 100vw, 269px" /></a></p>
<p>EL JOVEN RICARDO.- Así lucía este periodista sanfelipeño cuando apenas tenía 20 años.</p>

<p>EL JOVEN RICARDO.- Así lucía este periodista sanfelipeño cuando apenas tenía 20 años.</p>
