{"id":76038,"date":"2016-12-22T08:40:11","date_gmt":"2016-12-22T11:40:11","guid":{"rendered":"http:\/\/www.eltrabajo.cl\/portal\/wp-content\/uploads\/2016\/12\/FIESTA-NAVIDAD-LLAY-LLAY.jpg"},"modified":"2016-12-22T08:40:52","modified_gmt":"2016-12-22T11:40:52","slug":"fiesta-navidad-llay-llay","status":"inherit","type":"attachment","link":"https:\/\/eltrabajo.cl\/portal\/espectacular-celebracion-de-navidad-en-el-estadio-municipal-de-llay-llay\/fiesta-navidad-llay-llay\/","title":{"rendered":"M\u00e1s de tres mil ni\u00f1os, disfrutaron de juegos inflables, juegos de agua, pinta caritas, zumba, el divertido show de Pol\u00edn y Maxi, los exploracolores de Cantando Aprendo a Hablar."},"author":1,"featured_media":0,"comment_status":"open","ping_status":"closed","template":"","meta":{"advanced_seo_description":"","jetpack_seo_html_title":"","jetpack_seo_noindex":false},"class_list":["post-76038","attachment","type-attachment","status-inherit","hentry"],"jetpack_sharing_enabled":true,"jetpack_likes_enabled":true,"description":{"rendered":"<p class=\"attachment\"><a href=\"https:\/\/i0.wp.com\/eltrabajo.cl\/portal\/wp-content\/uploads\/2016\/12\/FIESTA-NAVIDAD-LLAY-LLAY.jpg?ssl=1\"><img loading=\"lazy\" decoding=\"async\" width=\"300\" height=\"198\" src=\"https:\/\/i0.wp.com\/eltrabajo.cl\/portal\/wp-content\/uploads\/2016\/12\/FIESTA-NAVIDAD-LLAY-LLAY.jpg?fit=300%2C198&amp;ssl=1\" class=\"attachment-medium size-medium\" alt=\"M\u00e1s de tres mil ni\u00f1os, disfrutaron de juegos inflables, juegos de agua, pinta caritas, zumba, el divertido show de Pol\u00edn y Maxi, los exploracolores de Cantando Aprendo a Hablar.\" srcset=\"https:\/\/i0.wp.com\/eltrabajo.cl\/portal\/wp-content\/uploads\/2016\/12\/FIESTA-NAVIDAD-LLAY-LLAY.jpg?w=530&amp;ssl=1 530w, https:\/\/i0.wp.com\/eltrabajo.cl\/portal\/wp-content\/uploads\/2016\/12\/FIESTA-NAVIDAD-LLAY-LLAY.jpg?resize=200%2C132&amp;ssl=1 200w, https:\/\/i0.wp.com\/eltrabajo.cl\/portal\/wp-content\/uploads\/2016\/12\/FIESTA-NAVIDAD-LLAY-LLAY.jpg?resize=300%2C198&amp;ssl=1 300w, https:\/\/i0.wp.com\/eltrabajo.cl\/portal\/wp-content\/uploads\/2016\/12\/FIESTA-NAVIDAD-LLAY-LLAY.jpg?resize=228%2C150&amp;ssl=1 228w, https:\/\/i0.wp.com\/eltrabajo.cl\/portal\/wp-content\/uploads\/2016\/12\/FIESTA-NAVIDAD-LLAY-LLAY.jpg?resize=400%2C263&amp;ssl=1 400w\" sizes=\"auto, (max-width: 300px) 100vw, 300px\" \/><\/a><\/p>\n<p>M\u00e1s de tres mil ni\u00f1os, disfrutaron de juegos inflables, juegos de agua, pinta caritas, zumba, el divertido show de Pol\u00edn y Maxi, los exploracolores de Cantando Aprendo a Hablar.  <\/p>\n"},"caption":{"rendered":"<p>M\u00e1s de tres mil ni\u00f1os, disfrutaron de juegos inflables, juegos de agua, pinta caritas, zumba, el divertido show de Pol\u00edn y Maxi, los exploracolores de Cantando Aprendo a Hablar.  <\/p>\n"},"alt_text":"M\u00e1s de tres mil ni\u00f1os, disfrutaron de juegos inflables, juegos de agua, pinta caritas, zumba, el divertido show de Pol\u00edn y Maxi, los exploracolores de Cantando Aprendo a Hablar.","media_type":"image","mime_type":"image\/jpeg","media_details":{"width":530,"height":349,"file":"2016\/12\/FIESTA-NAVIDAD-LLAY-LLAY.jpg","sizes":{"thumbnail":{"file":"FIESTA-NAVIDAD-LLAY-LLAY-200x132.jpg","width":200,"height":132,"mime_type":"image\/jpeg","source_url":"https:\/\/i0.wp.com\/eltrabajo.cl\/portal\/wp-content\/uploads\/2016\/12\/FIESTA-NAVIDAD-LLAY-LLAY.jpg?fit=200%2C132&ssl=1"},"medium":{"file":"FIESTA-NAVIDAD-LLAY-LLAY-300x198.jpg","width":300,"height":198,"mime_type":"image\/jpeg","source_url":"https:\/\/i0.wp.com\/eltrabajo.cl\/portal\/wp-content\/uploads\/2016\/12\/FIESTA-NAVIDAD-LLAY-LLAY.jpg?fit=300%2C198&ssl=1"},"post-thumbnail":{"file":"FIESTA-NAVIDAD-LLAY-LLAY-228x150.jpg","width":228,"height":150,"mime_type":"image\/jpeg","source_url":"https:\/\/i0.wp.com\/eltrabajo.cl\/portal\/wp-content\/uploads\/2016\/12\/FIESTA-NAVIDAD-LLAY-LLAY.jpg?fit=228%2C150&ssl=1"},"single-post-thumbnail":{"file":"FIESTA-NAVIDAD-LLAY-LLAY-400x263.jpg","width":400,"height":263,"mime_type":"image\/jpeg","source_url":"https:\/\/eltrabajo.cl\/portal\/wp-content\/uploads\/2016\/12\/FIESTA-NAVIDAD-LLAY-LLAY-400x263.jpg"},"wptouch-new-thumbnail":{"file":"FIESTA-NAVIDAD-LLAY-LLAY-144x144.jpg","width":144,"height":144,"mime_type":"image\/jpeg","source_url":"https:\/\/eltrabajo.cl\/portal\/wp-content\/uploads\/2016\/12\/FIESTA-NAVIDAD-LLAY-LLAY-144x144.jpg"},"full":{"file":"FIESTA-NAVIDAD-LLAY-LLAY.jpg?fit=530%2C349&ssl=1","width":530,"height":349,"mime_type":"image\/jpeg","source_url":"https:\/\/i0.wp.com\/eltrabajo.cl\/portal\/wp-content\/uploads\/2016\/12\/FIESTA-NAVIDAD-LLAY-LLAY.jpg?fit=530%2C349&ssl=1"}},"image_meta":{"aperture":"0","credit":"","camera":"","caption":"","created_timestamp":"0","copyright":"","focal_length":"0","iso":"0","shutter_speed":"0","title":"","orientation":"0","keywords":[]}},"post":76034,"source_url":"https:\/\/eltrabajo.cl\/portal\/wp-content\/uploads\/2016\/12\/FIESTA-NAVIDAD-LLAY-LLAY.jpg","_links":{"self":[{"href":"https:\/\/eltrabajo.cl\/portal\/wp-json\/wp\/v2\/media\/76038","targetHints":{"allow":["GET"]}}],"collection":[{"href":"https:\/\/eltrabajo.cl\/portal\/wp-json\/wp\/v2\/media"}],"about":[{"href":"https:\/\/eltrabajo.cl\/portal\/wp-json\/wp\/v2\/types\/attachment"}],"author":[{"embeddable":true,"href":"https:\/\/eltrabajo.cl\/portal\/wp-json\/wp\/v2\/users\/1"}],"replies":[{"embeddable":true,"href":"https:\/\/eltrabajo.cl\/portal\/wp-json\/wp\/v2\/comments?post=76038"}],"wp:attached-to":[{"embeddable":true,"post_type":"post","id":76034,"href":"https:\/\/eltrabajo.cl\/portal\/wp-json\/wp\/v2\/posts\/76034"}],"curies":[{"name":"wp","href":"https:\/\/api.w.org\/{rel}","templated":true}]}}

Más de tres mil niños, disfrutaron de juegos inflables, juegos de agua, pinta caritas, zumba, el divertido show de Polín y Maxi, los exploracolores de Cantando Aprendo a Hablar.

<p class="attachment"><a href="https://i0.wp.com/eltrabajo.cl/portal/wp-content/uploads/2016/12/FIESTA-NAVIDAD-LLAY-LLAY.jpg?ssl=1"><img loading="lazy" decoding="async" width="300" height="198" src="https://i0.wp.com/eltrabajo.cl/portal/wp-content/uploads/2016/12/FIESTA-NAVIDAD-LLAY-LLAY.jpg?fit=300%2C198&amp;ssl=1" class="attachment-medium size-medium" alt="Más de tres mil niños, disfrutaron de juegos inflables, juegos de agua, pinta caritas, zumba, el divertido show de Polín y Maxi, los exploracolores de Cantando Aprendo a Hablar." srcset="https://i0.wp.com/eltrabajo.cl/portal/wp-content/uploads/2016/12/FIESTA-NAVIDAD-LLAY-LLAY.jpg?w=530&amp;ssl=1 530w, https://i0.wp.com/eltrabajo.cl/portal/wp-content/uploads/2016/12/FIESTA-NAVIDAD-LLAY-LLAY.jpg?resize=200%2C132&amp;ssl=1 200w, https://i0.wp.com/eltrabajo.cl/portal/wp-content/uploads/2016/12/FIESTA-NAVIDAD-LLAY-LLAY.jpg?resize=300%2C198&amp;ssl=1 300w, https://i0.wp.com/eltrabajo.cl/portal/wp-content/uploads/2016/12/FIESTA-NAVIDAD-LLAY-LLAY.jpg?resize=228%2C150&amp;ssl=1 228w, https://i0.wp.com/eltrabajo.cl/portal/wp-content/uploads/2016/12/FIESTA-NAVIDAD-LLAY-LLAY.jpg?resize=400%2C263&amp;ssl=1 400w" sizes="auto, (max-width: 300px) 100vw, 300px" /></a></p>
<p>Más de tres mil niños, disfrutaron de juegos inflables, juegos de agua, pinta caritas, zumba, el divertido show de Polín y Maxi, los exploracolores de Cantando Aprendo a Hablar.  </p>

<p>Más de tres mil niños, disfrutaron de juegos inflables, juegos de agua, pinta caritas, zumba, el divertido show de Polín y Maxi, los exploracolores de Cantando Aprendo a Hablar.  </p>
