{"id":76097,"date":"2016-12-26T08:51:25","date_gmt":"2016-12-26T11:51:25","guid":{"rendered":"http:\/\/www.eltrabajo.cl\/portal\/wp-content\/uploads\/2016\/12\/PDI-Comisario-Andr\u00e9s-Carre\u00f1o.jpg"},"modified":"2016-12-26T08:51:39","modified_gmt":"2016-12-26T11:51:39","slug":"pdi-comisario-andres-carreno","status":"inherit","type":"attachment","link":"https:\/\/eltrabajo.cl\/portal\/policia-de-investigaciones-intensificara-labores-de-control-con-inmigrantes\/pdi-comisario-andres-carreno\/","title":{"rendered":"Comisario Andr\u00e9s Carre\u00f1o, jefe subrogante de la Bicrim San Felipe."},"author":1,"featured_media":0,"comment_status":"open","ping_status":"closed","template":"","meta":{"advanced_seo_description":"","jetpack_seo_html_title":"","jetpack_seo_noindex":false},"class_list":["post-76097","attachment","type-attachment","status-inherit","hentry"],"jetpack_sharing_enabled":true,"jetpack_likes_enabled":true,"description":{"rendered":"<p class=\"attachment\"><a href=\"https:\/\/i0.wp.com\/eltrabajo.cl\/portal\/wp-content\/uploads\/2016\/12\/PDI-Comisario-Andr%C3%A9s-Carre%C3%B1o.jpg?ssl=1\"><img loading=\"lazy\" decoding=\"async\" width=\"300\" height=\"198\" src=\"https:\/\/i0.wp.com\/eltrabajo.cl\/portal\/wp-content\/uploads\/2016\/12\/PDI-Comisario-Andr%C3%A9s-Carre%C3%B1o.jpg?fit=300%2C198&amp;ssl=1\" class=\"attachment-medium size-medium\" alt=\"Comisario Andr\u00e9s Carre\u00f1o, jefe subrogante de la Bicrim San Felipe.\" \/><\/a><\/p>\n<p>Comisario Andr\u00e9s Carre\u00f1o, jefe subrogante de la Bicrim San Felipe. <\/p>\n"},"caption":{"rendered":"<p>Comisario Andr\u00e9s Carre\u00f1o, jefe subrogante de la Bicrim San Felipe. <\/p>\n"},"alt_text":"Comisario Andr\u00e9s Carre\u00f1o, jefe subrogante de la Bicrim San Felipe.","media_type":"image","mime_type":"image\/jpeg","media_details":{"width":530,"height":349,"file":"2016\/12\/PDI-Comisario-Andr\u00e9s-Carre\u00f1o.jpg","sizes":{"thumbnail":{"file":"PDI-Comisario-Andr\u00e9s-Carre\u00f1o-200x132.jpg","width":200,"height":132,"mime_type":"image\/jpeg","source_url":"https:\/\/i0.wp.com\/eltrabajo.cl\/portal\/wp-content\/uploads\/2016\/12\/PDI-Comisario-Andr%C3%A9s-Carre%C3%B1o.jpg?fit=200%2C132&ssl=1"},"medium":{"file":"PDI-Comisario-Andr\u00e9s-Carre\u00f1o-300x198.jpg","width":300,"height":198,"mime_type":"image\/jpeg","source_url":"https:\/\/i0.wp.com\/eltrabajo.cl\/portal\/wp-content\/uploads\/2016\/12\/PDI-Comisario-Andr%C3%A9s-Carre%C3%B1o.jpg?fit=300%2C198&ssl=1"},"post-thumbnail":{"file":"PDI-Comisario-Andr\u00e9s-Carre\u00f1o-228x150.jpg","width":228,"height":150,"mime_type":"image\/jpeg","source_url":"https:\/\/i0.wp.com\/eltrabajo.cl\/portal\/wp-content\/uploads\/2016\/12\/PDI-Comisario-Andr%C3%A9s-Carre%C3%B1o.jpg?fit=228%2C150&ssl=1"},"single-post-thumbnail":{"file":"PDI-Comisario-Andr\u00e9s-Carre\u00f1o-400x263.jpg","width":400,"height":263,"mime_type":"image\/jpeg","source_url":"https:\/\/eltrabajo.cl\/portal\/wp-content\/uploads\/2016\/12\/PDI-Comisario-Andr\u00e9s-Carre\u00f1o-400x263.jpg"},"wptouch-new-thumbnail":{"file":"PDI-Comisario-Andr\u00e9s-Carre\u00f1o-144x144.jpg","width":144,"height":144,"mime_type":"image\/jpeg","source_url":"https:\/\/eltrabajo.cl\/portal\/wp-content\/uploads\/2016\/12\/PDI-Comisario-Andr\u00e9s-Carre\u00f1o-144x144.jpg"},"full":{"file":"PDI-Comisario-Andr%C3%A9s-Carre%C3%B1o.jpg?fit=530%2C349&ssl=1","width":530,"height":349,"mime_type":"image\/jpeg","source_url":"https:\/\/i0.wp.com\/eltrabajo.cl\/portal\/wp-content\/uploads\/2016\/12\/PDI-Comisario-Andr%C3%A9s-Carre%C3%B1o.jpg?fit=530%2C349&ssl=1"}},"image_meta":{"aperture":"0","credit":"","camera":"","caption":"","created_timestamp":"0","copyright":"","focal_length":"0","iso":"0","shutter_speed":"0","title":"","orientation":"0","keywords":[]}},"post":76096,"source_url":"https:\/\/eltrabajo.cl\/portal\/wp-content\/uploads\/2016\/12\/PDI-Comisario-Andr\u00e9s-Carre\u00f1o.jpg","_links":{"self":[{"href":"https:\/\/eltrabajo.cl\/portal\/wp-json\/wp\/v2\/media\/76097","targetHints":{"allow":["GET"]}}],"collection":[{"href":"https:\/\/eltrabajo.cl\/portal\/wp-json\/wp\/v2\/media"}],"about":[{"href":"https:\/\/eltrabajo.cl\/portal\/wp-json\/wp\/v2\/types\/attachment"}],"author":[{"embeddable":true,"href":"https:\/\/eltrabajo.cl\/portal\/wp-json\/wp\/v2\/users\/1"}],"replies":[{"embeddable":true,"href":"https:\/\/eltrabajo.cl\/portal\/wp-json\/wp\/v2\/comments?post=76097"}],"wp:attached-to":[{"embeddable":true,"post_type":"post","id":76096,"href":"https:\/\/eltrabajo.cl\/portal\/wp-json\/wp\/v2\/posts\/76096"}],"curies":[{"name":"wp","href":"https:\/\/api.w.org\/{rel}","templated":true}]}}

http://www.eltrabajo.cl/portal/wp-content/uploads/2016/12/PDI-Comisario-Andrés-Carreño.jpg

Comisario Andrés Carreño, jefe subrogante de la Bicrim San Felipe.

<p class="attachment"><a href="https://i0.wp.com/eltrabajo.cl/portal/wp-content/uploads/2016/12/PDI-Comisario-Andr%C3%A9s-Carre%C3%B1o.jpg?ssl=1"><img loading="lazy" decoding="async" width="300" height="198" src="https://i0.wp.com/eltrabajo.cl/portal/wp-content/uploads/2016/12/PDI-Comisario-Andr%C3%A9s-Carre%C3%B1o.jpg?fit=300%2C198&amp;ssl=1" class="attachment-medium size-medium" alt="Comisario Andrés Carreño, jefe subrogante de la Bicrim San Felipe." /></a></p>
<p>Comisario Andrés Carreño, jefe subrogante de la Bicrim San Felipe. </p>

<p>Comisario Andrés Carreño, jefe subrogante de la Bicrim San Felipe. </p>

2016/12/PDI-Comisario-Andrés-Carreño.jpg

PDI-Comisario-Andrés-Carreño-200x132.jpg

PDI-Comisario-Andrés-Carreño-300x198.jpg

PDI-Comisario-Andrés-Carreño-228x150.jpg

PDI-Comisario-Andrés-Carreño-400x263.jpg

https://eltrabajo.cl/portal/wp-content/uploads/2016/12/PDI-Comisario-Andrés-Carreño-400x263.jpg

PDI-Comisario-Andrés-Carreño-144x144.jpg

https://eltrabajo.cl/portal/wp-content/uploads/2016/12/PDI-Comisario-Andrés-Carreño-144x144.jpg

https://eltrabajo.cl/portal/wp-content/uploads/2016/12/PDI-Comisario-Andrés-Carreño.jpg
