{"id":76174,"date":"2016-12-28T08:33:34","date_gmt":"2016-12-28T11:33:34","guid":{"rendered":"http:\/\/www.eltrabajo.cl\/portal\/wp-content\/uploads\/2016\/12\/IVAN-SILVA-PADILLA.jpg"},"modified":"2016-12-28T08:33:49","modified_gmt":"2016-12-28T11:33:49","slug":"ivan-silva-padilla","status":"inherit","type":"attachment","link":"https:\/\/eltrabajo.cl\/portal\/matriculas-abiertas-en-nueva-escuela-especial-sagrado-corazon-ex-horizonte\/ivan-silva-padilla\/","title":{"rendered":"El director de la Direcci\u00f3n de Administraci\u00f3n de Educaci\u00f3n Municipal, Daem San Felipe, Iv\u00e1n Silva Padilla, junto a la directora de la Escuela Especial Sagrado Coraz\u00f3n, Beatriz Gallardo Morales."},"author":1,"featured_media":0,"comment_status":"open","ping_status":"closed","template":"","meta":{"advanced_seo_description":"","jetpack_seo_html_title":"","jetpack_seo_noindex":false},"class_list":["post-76174","attachment","type-attachment","status-inherit","hentry"],"jetpack_sharing_enabled":true,"jetpack_likes_enabled":true,"description":{"rendered":"<p class=\"attachment\"><a href=\"https:\/\/i0.wp.com\/eltrabajo.cl\/portal\/wp-content\/uploads\/2016\/12\/IVAN-SILVA-PADILLA.jpg?ssl=1\"><img loading=\"lazy\" decoding=\"async\" width=\"300\" height=\"197\" src=\"https:\/\/i0.wp.com\/eltrabajo.cl\/portal\/wp-content\/uploads\/2016\/12\/IVAN-SILVA-PADILLA.jpg?fit=300%2C197&amp;ssl=1\" class=\"attachment-medium size-medium\" alt=\"El director de la Direcci\u00f3n de Administraci\u00f3n de Educaci\u00f3n Municipal, Daem San Felipe, Iv\u00e1n Silva Padilla, junto a la directora de la Escuela Especial Sagrado Coraz\u00f3n, Beatriz Gallardo Morales.\" srcset=\"https:\/\/i0.wp.com\/eltrabajo.cl\/portal\/wp-content\/uploads\/2016\/12\/IVAN-SILVA-PADILLA.jpg?w=530&amp;ssl=1 530w, https:\/\/i0.wp.com\/eltrabajo.cl\/portal\/wp-content\/uploads\/2016\/12\/IVAN-SILVA-PADILLA.jpg?resize=200%2C131&amp;ssl=1 200w, https:\/\/i0.wp.com\/eltrabajo.cl\/portal\/wp-content\/uploads\/2016\/12\/IVAN-SILVA-PADILLA.jpg?resize=300%2C197&amp;ssl=1 300w, https:\/\/i0.wp.com\/eltrabajo.cl\/portal\/wp-content\/uploads\/2016\/12\/IVAN-SILVA-PADILLA.jpg?resize=228%2C150&amp;ssl=1 228w, https:\/\/i0.wp.com\/eltrabajo.cl\/portal\/wp-content\/uploads\/2016\/12\/IVAN-SILVA-PADILLA.jpg?resize=400%2C263&amp;ssl=1 400w\" sizes=\"auto, (max-width: 300px) 100vw, 300px\" \/><\/a><\/p>\n<p>El director de la Direcci\u00f3n de Administraci\u00f3n de Educaci\u00f3n Municipal, Daem San Felipe, Iv\u00e1n Silva Padilla, junto a la directora de la Escuela Especial Sagrado Coraz\u00f3n, Beatriz Gallardo Morales.<\/p>\n"},"caption":{"rendered":"<p>El director de la Direcci\u00f3n de Administraci\u00f3n de Educaci\u00f3n Municipal, Daem San Felipe, Iv\u00e1n Silva Padilla, junto a la directora de la Escuela Especial Sagrado Coraz\u00f3n, Beatriz Gallardo Morales.<\/p>\n"},"alt_text":"El director de la Direcci\u00f3n de Administraci\u00f3n de Educaci\u00f3n Municipal, Daem San Felipe, Iv\u00e1n Silva Padilla, junto a la directora de la Escuela Especial Sagrado Coraz\u00f3n, Beatriz Gallardo Morales.","media_type":"image","mime_type":"image\/jpeg","media_details":{"width":530,"height":348,"file":"2016\/12\/IVAN-SILVA-PADILLA.jpg","sizes":{"thumbnail":{"file":"IVAN-SILVA-PADILLA-200x131.jpg","width":200,"height":131,"mime_type":"image\/jpeg","source_url":"https:\/\/i0.wp.com\/eltrabajo.cl\/portal\/wp-content\/uploads\/2016\/12\/IVAN-SILVA-PADILLA.jpg?fit=200%2C131&ssl=1"},"medium":{"file":"IVAN-SILVA-PADILLA-300x197.jpg","width":300,"height":197,"mime_type":"image\/jpeg","source_url":"https:\/\/i0.wp.com\/eltrabajo.cl\/portal\/wp-content\/uploads\/2016\/12\/IVAN-SILVA-PADILLA.jpg?fit=300%2C197&ssl=1"},"post-thumbnail":{"file":"IVAN-SILVA-PADILLA-228x150.jpg","width":228,"height":150,"mime_type":"image\/jpeg","source_url":"https:\/\/i0.wp.com\/eltrabajo.cl\/portal\/wp-content\/uploads\/2016\/12\/IVAN-SILVA-PADILLA.jpg?fit=228%2C150&ssl=1"},"single-post-thumbnail":{"file":"IVAN-SILVA-PADILLA-400x263.jpg","width":400,"height":263,"mime_type":"image\/jpeg","source_url":"https:\/\/eltrabajo.cl\/portal\/wp-content\/uploads\/2016\/12\/IVAN-SILVA-PADILLA-400x263.jpg"},"wptouch-new-thumbnail":{"file":"IVAN-SILVA-PADILLA-144x144.jpg","width":144,"height":144,"mime_type":"image\/jpeg","source_url":"https:\/\/eltrabajo.cl\/portal\/wp-content\/uploads\/2016\/12\/IVAN-SILVA-PADILLA-144x144.jpg"},"full":{"file":"IVAN-SILVA-PADILLA.jpg?fit=530%2C348&ssl=1","width":530,"height":348,"mime_type":"image\/jpeg","source_url":"https:\/\/i0.wp.com\/eltrabajo.cl\/portal\/wp-content\/uploads\/2016\/12\/IVAN-SILVA-PADILLA.jpg?fit=530%2C348&ssl=1"}},"image_meta":{"aperture":"0","credit":"","camera":"","caption":"","created_timestamp":"0","copyright":"","focal_length":"0","iso":"0","shutter_speed":"0","title":"","orientation":"0","keywords":[]}},"post":76173,"source_url":"https:\/\/eltrabajo.cl\/portal\/wp-content\/uploads\/2016\/12\/IVAN-SILVA-PADILLA.jpg","_links":{"self":[{"href":"https:\/\/eltrabajo.cl\/portal\/wp-json\/wp\/v2\/media\/76174","targetHints":{"allow":["GET"]}}],"collection":[{"href":"https:\/\/eltrabajo.cl\/portal\/wp-json\/wp\/v2\/media"}],"about":[{"href":"https:\/\/eltrabajo.cl\/portal\/wp-json\/wp\/v2\/types\/attachment"}],"author":[{"embeddable":true,"href":"https:\/\/eltrabajo.cl\/portal\/wp-json\/wp\/v2\/users\/1"}],"replies":[{"embeddable":true,"href":"https:\/\/eltrabajo.cl\/portal\/wp-json\/wp\/v2\/comments?post=76174"}],"wp:attached-to":[{"embeddable":true,"post_type":"post","id":76173,"href":"https:\/\/eltrabajo.cl\/portal\/wp-json\/wp\/v2\/posts\/76173"}],"curies":[{"name":"wp","href":"https:\/\/api.w.org\/{rel}","templated":true}]}}

El director de la Dirección de Administración de Educación Municipal, Daem San Felipe, Iván Silva Padilla, junto a la directora de la Escuela Especial Sagrado Corazón, Beatriz Gallardo Morales.

<p class="attachment"><a href="https://i0.wp.com/eltrabajo.cl/portal/wp-content/uploads/2016/12/IVAN-SILVA-PADILLA.jpg?ssl=1"><img loading="lazy" decoding="async" width="300" height="197" src="https://i0.wp.com/eltrabajo.cl/portal/wp-content/uploads/2016/12/IVAN-SILVA-PADILLA.jpg?fit=300%2C197&amp;ssl=1" class="attachment-medium size-medium" alt="El director de la Dirección de Administración de Educación Municipal, Daem San Felipe, Iván Silva Padilla, junto a la directora de la Escuela Especial Sagrado Corazón, Beatriz Gallardo Morales." srcset="https://i0.wp.com/eltrabajo.cl/portal/wp-content/uploads/2016/12/IVAN-SILVA-PADILLA.jpg?w=530&amp;ssl=1 530w, https://i0.wp.com/eltrabajo.cl/portal/wp-content/uploads/2016/12/IVAN-SILVA-PADILLA.jpg?resize=200%2C131&amp;ssl=1 200w, https://i0.wp.com/eltrabajo.cl/portal/wp-content/uploads/2016/12/IVAN-SILVA-PADILLA.jpg?resize=300%2C197&amp;ssl=1 300w, https://i0.wp.com/eltrabajo.cl/portal/wp-content/uploads/2016/12/IVAN-SILVA-PADILLA.jpg?resize=228%2C150&amp;ssl=1 228w, https://i0.wp.com/eltrabajo.cl/portal/wp-content/uploads/2016/12/IVAN-SILVA-PADILLA.jpg?resize=400%2C263&amp;ssl=1 400w" sizes="auto, (max-width: 300px) 100vw, 300px" /></a></p>
<p>El director de la Dirección de Administración de Educación Municipal, Daem San Felipe, Iván Silva Padilla, junto a la directora de la Escuela Especial Sagrado Corazón, Beatriz Gallardo Morales.</p>

<p>El director de la Dirección de Administración de Educación Municipal, Daem San Felipe, Iván Silva Padilla, junto a la directora de la Escuela Especial Sagrado Corazón, Beatriz Gallardo Morales.</p>
