{"id":76196,"date":"2016-12-28T08:46:44","date_gmt":"2016-12-28T11:46:44","guid":{"rendered":"http:\/\/www.eltrabajo.cl\/portal\/wp-content\/uploads\/2016\/12\/Chunchita28.jpg"},"modified":"2016-12-28T08:48:36","modified_gmt":"2016-12-28T11:48:36","slug":"chunchita28","status":"inherit","type":"attachment","link":"https:\/\/eltrabajo.cl\/portal\/vecinas-animalistas-rescatan-y-devuelven-movilidad-a-perrita-atropellada\/chunchita28\/","title":{"rendered":"VECINAS ANIMALISTAS.- Aqu\u00ed tenemos a do\u00f1a Ana Mar\u00eda Soto y Dayana Mu\u00f1oz, en compa\u00f1\u00eda de \u2018Chunchita\u2019, la perrita de nuestra historia."},"author":1,"featured_media":0,"comment_status":"open","ping_status":"closed","template":"","meta":{"advanced_seo_description":"","jetpack_seo_html_title":"","jetpack_seo_noindex":false},"class_list":["post-76196","attachment","type-attachment","status-inherit","hentry"],"jetpack_sharing_enabled":true,"jetpack_likes_enabled":true,"description":{"rendered":"<p class=\"attachment\"><a href=\"https:\/\/i0.wp.com\/eltrabajo.cl\/portal\/wp-content\/uploads\/2016\/12\/Chunchita28.jpg?ssl=1\"><img loading=\"lazy\" decoding=\"async\" width=\"300\" height=\"198\" src=\"https:\/\/i0.wp.com\/eltrabajo.cl\/portal\/wp-content\/uploads\/2016\/12\/Chunchita28.jpg?fit=300%2C198&amp;ssl=1\" class=\"attachment-medium size-medium\" alt=\"VECINAS ANIMALISTAS.- Aqu\u00ed tenemos a do\u00f1a Ana Mar\u00eda Soto y Dayana Mu\u00f1oz, en compa\u00f1\u00eda de \u2018Chunchita\u2019, la perrita de nuestra historia.\" srcset=\"https:\/\/i0.wp.com\/eltrabajo.cl\/portal\/wp-content\/uploads\/2016\/12\/Chunchita28.jpg?w=530&amp;ssl=1 530w, https:\/\/i0.wp.com\/eltrabajo.cl\/portal\/wp-content\/uploads\/2016\/12\/Chunchita28.jpg?resize=200%2C132&amp;ssl=1 200w, https:\/\/i0.wp.com\/eltrabajo.cl\/portal\/wp-content\/uploads\/2016\/12\/Chunchita28.jpg?resize=300%2C198&amp;ssl=1 300w, https:\/\/i0.wp.com\/eltrabajo.cl\/portal\/wp-content\/uploads\/2016\/12\/Chunchita28.jpg?resize=228%2C150&amp;ssl=1 228w, https:\/\/i0.wp.com\/eltrabajo.cl\/portal\/wp-content\/uploads\/2016\/12\/Chunchita28.jpg?resize=400%2C263&amp;ssl=1 400w\" sizes=\"auto, (max-width: 300px) 100vw, 300px\" \/><\/a><\/p>\n<p>VECINAS ANIMALISTAS.- Aqu\u00ed tenemos a do\u00f1a Ana Mar\u00eda Soto y Dayana Mu\u00f1oz, en compa\u00f1\u00eda de \u2018Chunchita\u2019, la perrita de nuestra historia.<\/p>\n"},"caption":{"rendered":"<p>VECINAS ANIMALISTAS.- Aqu\u00ed tenemos a do\u00f1a Ana Mar\u00eda Soto y Dayana Mu\u00f1oz, en compa\u00f1\u00eda de \u2018Chunchita\u2019, la perrita de nuestra historia.<\/p>\n"},"alt_text":"VECINAS ANIMALISTAS.- Aqu\u00ed tenemos a do\u00f1a Ana Mar\u00eda Soto y Dayana Mu\u00f1oz, en compa\u00f1\u00eda de \u2018Chunchita\u2019, la perrita de nuestra historia.","media_type":"image","mime_type":"image\/jpeg","media_details":{"width":530,"height":349,"file":"2016\/12\/Chunchita28.jpg","sizes":{"thumbnail":{"file":"Chunchita28-200x132.jpg","width":200,"height":132,"mime_type":"image\/jpeg","source_url":"https:\/\/i0.wp.com\/eltrabajo.cl\/portal\/wp-content\/uploads\/2016\/12\/Chunchita28.jpg?fit=200%2C132&ssl=1"},"medium":{"file":"Chunchita28-300x198.jpg","width":300,"height":198,"mime_type":"image\/jpeg","source_url":"https:\/\/i0.wp.com\/eltrabajo.cl\/portal\/wp-content\/uploads\/2016\/12\/Chunchita28.jpg?fit=300%2C198&ssl=1"},"post-thumbnail":{"file":"Chunchita28-228x150.jpg","width":228,"height":150,"mime_type":"image\/jpeg","source_url":"https:\/\/i0.wp.com\/eltrabajo.cl\/portal\/wp-content\/uploads\/2016\/12\/Chunchita28.jpg?fit=228%2C150&ssl=1"},"single-post-thumbnail":{"file":"Chunchita28-400x263.jpg","width":400,"height":263,"mime_type":"image\/jpeg","source_url":"https:\/\/eltrabajo.cl\/portal\/wp-content\/uploads\/2016\/12\/Chunchita28-400x263.jpg"},"wptouch-new-thumbnail":{"file":"Chunchita28-144x144.jpg","width":144,"height":144,"mime_type":"image\/jpeg","source_url":"https:\/\/eltrabajo.cl\/portal\/wp-content\/uploads\/2016\/12\/Chunchita28-144x144.jpg"},"full":{"file":"Chunchita28.jpg?fit=530%2C349&ssl=1","width":530,"height":349,"mime_type":"image\/jpeg","source_url":"https:\/\/i0.wp.com\/eltrabajo.cl\/portal\/wp-content\/uploads\/2016\/12\/Chunchita28.jpg?fit=530%2C349&ssl=1"}},"image_meta":{"aperture":"0","credit":"","camera":"","caption":"","created_timestamp":"0","copyright":"","focal_length":"0","iso":"0","shutter_speed":"0","title":"","orientation":"0","keywords":[]}},"post":76194,"source_url":"https:\/\/eltrabajo.cl\/portal\/wp-content\/uploads\/2016\/12\/Chunchita28.jpg","_links":{"self":[{"href":"https:\/\/eltrabajo.cl\/portal\/wp-json\/wp\/v2\/media\/76196","targetHints":{"allow":["GET"]}}],"collection":[{"href":"https:\/\/eltrabajo.cl\/portal\/wp-json\/wp\/v2\/media"}],"about":[{"href":"https:\/\/eltrabajo.cl\/portal\/wp-json\/wp\/v2\/types\/attachment"}],"author":[{"embeddable":true,"href":"https:\/\/eltrabajo.cl\/portal\/wp-json\/wp\/v2\/users\/1"}],"replies":[{"embeddable":true,"href":"https:\/\/eltrabajo.cl\/portal\/wp-json\/wp\/v2\/comments?post=76196"}],"wp:attached-to":[{"embeddable":true,"post_type":"post","id":76194,"href":"https:\/\/eltrabajo.cl\/portal\/wp-json\/wp\/v2\/posts\/76194"}],"curies":[{"name":"wp","href":"https:\/\/api.w.org\/{rel}","templated":true}]}}

VECINAS ANIMALISTAS.- Aquí tenemos a doña Ana María Soto y Dayana Muñoz, en compañía de ‘Chunchita’, la perrita de nuestra historia.

<p class="attachment"><a href="https://i0.wp.com/eltrabajo.cl/portal/wp-content/uploads/2016/12/Chunchita28.jpg?ssl=1"><img loading="lazy" decoding="async" width="300" height="198" src="https://i0.wp.com/eltrabajo.cl/portal/wp-content/uploads/2016/12/Chunchita28.jpg?fit=300%2C198&amp;ssl=1" class="attachment-medium size-medium" alt="VECINAS ANIMALISTAS.- Aquí tenemos a doña Ana María Soto y Dayana Muñoz, en compañía de ‘Chunchita’, la perrita de nuestra historia." srcset="https://i0.wp.com/eltrabajo.cl/portal/wp-content/uploads/2016/12/Chunchita28.jpg?w=530&amp;ssl=1 530w, https://i0.wp.com/eltrabajo.cl/portal/wp-content/uploads/2016/12/Chunchita28.jpg?resize=200%2C132&amp;ssl=1 200w, https://i0.wp.com/eltrabajo.cl/portal/wp-content/uploads/2016/12/Chunchita28.jpg?resize=300%2C198&amp;ssl=1 300w, https://i0.wp.com/eltrabajo.cl/portal/wp-content/uploads/2016/12/Chunchita28.jpg?resize=228%2C150&amp;ssl=1 228w, https://i0.wp.com/eltrabajo.cl/portal/wp-content/uploads/2016/12/Chunchita28.jpg?resize=400%2C263&amp;ssl=1 400w" sizes="auto, (max-width: 300px) 100vw, 300px" /></a></p>
<p>VECINAS ANIMALISTAS.- Aquí tenemos a doña Ana María Soto y Dayana Muñoz, en compañía de ‘Chunchita’, la perrita de nuestra historia.</p>

<p>VECINAS ANIMALISTAS.- Aquí tenemos a doña Ana María Soto y Dayana Muñoz, en compañía de ‘Chunchita’, la perrita de nuestra historia.</p>
