{"id":76197,"date":"2016-12-28T08:46:45","date_gmt":"2016-12-28T11:46:45","guid":{"rendered":"http:\/\/www.eltrabajo.cl\/portal\/wp-content\/uploads\/2016\/12\/Dayana-Munoz.jpg"},"modified":"2016-12-28T08:48:47","modified_gmt":"2016-12-28T11:48:47","slug":"dayana-munoz","status":"inherit","type":"attachment","link":"https:\/\/eltrabajo.cl\/portal\/vecinas-animalistas-rescatan-y-devuelven-movilidad-a-perrita-atropellada\/dayana-munoz\/","title":{"rendered":"Dayana Mu\u00f1oz Fern\u00e1ndez, vecina animalista de Santa Mar\u00eda que hace pocas semanas fue premiada por su labor animalista."},"author":1,"featured_media":0,"comment_status":"open","ping_status":"closed","template":"","meta":{"advanced_seo_description":"","jetpack_seo_html_title":"","jetpack_seo_noindex":false},"class_list":["post-76197","attachment","type-attachment","status-inherit","hentry"],"jetpack_sharing_enabled":true,"jetpack_likes_enabled":true,"description":{"rendered":"<p class=\"attachment\"><a href=\"https:\/\/i0.wp.com\/eltrabajo.cl\/portal\/wp-content\/uploads\/2016\/12\/Dayana-Munoz.jpg?ssl=1\"><img loading=\"lazy\" decoding=\"async\" width=\"300\" height=\"197\" src=\"https:\/\/i0.wp.com\/eltrabajo.cl\/portal\/wp-content\/uploads\/2016\/12\/Dayana-Munoz.jpg?fit=300%2C197&amp;ssl=1\" class=\"attachment-medium size-medium\" alt=\"Dayana Mu\u00f1oz Fern\u00e1ndez, vecina animalista de Santa Mar\u00eda que hace pocas semanas fue premiada por su labor animalista.\" srcset=\"https:\/\/i0.wp.com\/eltrabajo.cl\/portal\/wp-content\/uploads\/2016\/12\/Dayana-Munoz.jpg?w=530&amp;ssl=1 530w, https:\/\/i0.wp.com\/eltrabajo.cl\/portal\/wp-content\/uploads\/2016\/12\/Dayana-Munoz.jpg?resize=200%2C131&amp;ssl=1 200w, https:\/\/i0.wp.com\/eltrabajo.cl\/portal\/wp-content\/uploads\/2016\/12\/Dayana-Munoz.jpg?resize=300%2C197&amp;ssl=1 300w, https:\/\/i0.wp.com\/eltrabajo.cl\/portal\/wp-content\/uploads\/2016\/12\/Dayana-Munoz.jpg?resize=228%2C150&amp;ssl=1 228w, https:\/\/i0.wp.com\/eltrabajo.cl\/portal\/wp-content\/uploads\/2016\/12\/Dayana-Munoz.jpg?resize=400%2C263&amp;ssl=1 400w\" sizes=\"auto, (max-width: 300px) 100vw, 300px\" \/><\/a><\/p>\n<p>Dayana Mu\u00f1oz Fern\u00e1ndez, vecina animalista de Santa Mar\u00eda que hace pocas semanas fue premiada por su labor animalista.<\/p>\n"},"caption":{"rendered":"<p>Dayana Mu\u00f1oz Fern\u00e1ndez, vecina animalista de Santa Mar\u00eda que hace pocas semanas fue premiada por su labor animalista.<\/p>\n"},"alt_text":"Dayana Mu\u00f1oz Fern\u00e1ndez, vecina animalista de Santa Mar\u00eda que hace pocas semanas fue premiada por su labor animalista.","media_type":"image","mime_type":"image\/jpeg","media_details":{"width":530,"height":348,"file":"2016\/12\/Dayana-Munoz.jpg","sizes":{"thumbnail":{"file":"Dayana-Munoz-200x131.jpg","width":200,"height":131,"mime_type":"image\/jpeg","source_url":"https:\/\/i0.wp.com\/eltrabajo.cl\/portal\/wp-content\/uploads\/2016\/12\/Dayana-Munoz.jpg?fit=200%2C131&ssl=1"},"medium":{"file":"Dayana-Munoz-300x197.jpg","width":300,"height":197,"mime_type":"image\/jpeg","source_url":"https:\/\/i0.wp.com\/eltrabajo.cl\/portal\/wp-content\/uploads\/2016\/12\/Dayana-Munoz.jpg?fit=300%2C197&ssl=1"},"post-thumbnail":{"file":"Dayana-Munoz-228x150.jpg","width":228,"height":150,"mime_type":"image\/jpeg","source_url":"https:\/\/i0.wp.com\/eltrabajo.cl\/portal\/wp-content\/uploads\/2016\/12\/Dayana-Munoz.jpg?fit=228%2C150&ssl=1"},"single-post-thumbnail":{"file":"Dayana-Munoz-400x263.jpg","width":400,"height":263,"mime_type":"image\/jpeg","source_url":"https:\/\/eltrabajo.cl\/portal\/wp-content\/uploads\/2016\/12\/Dayana-Munoz-400x263.jpg"},"wptouch-new-thumbnail":{"file":"Dayana-Munoz-144x144.jpg","width":144,"height":144,"mime_type":"image\/jpeg","source_url":"https:\/\/eltrabajo.cl\/portal\/wp-content\/uploads\/2016\/12\/Dayana-Munoz-144x144.jpg"},"full":{"file":"Dayana-Munoz.jpg?fit=530%2C348&ssl=1","width":530,"height":348,"mime_type":"image\/jpeg","source_url":"https:\/\/i0.wp.com\/eltrabajo.cl\/portal\/wp-content\/uploads\/2016\/12\/Dayana-Munoz.jpg?fit=530%2C348&ssl=1"}},"image_meta":{"aperture":"0","credit":"","camera":"","caption":"","created_timestamp":"0","copyright":"","focal_length":"0","iso":"0","shutter_speed":"0","title":"","orientation":"0","keywords":[]}},"post":76194,"source_url":"https:\/\/eltrabajo.cl\/portal\/wp-content\/uploads\/2016\/12\/Dayana-Munoz.jpg","_links":{"self":[{"href":"https:\/\/eltrabajo.cl\/portal\/wp-json\/wp\/v2\/media\/76197","targetHints":{"allow":["GET"]}}],"collection":[{"href":"https:\/\/eltrabajo.cl\/portal\/wp-json\/wp\/v2\/media"}],"about":[{"href":"https:\/\/eltrabajo.cl\/portal\/wp-json\/wp\/v2\/types\/attachment"}],"author":[{"embeddable":true,"href":"https:\/\/eltrabajo.cl\/portal\/wp-json\/wp\/v2\/users\/1"}],"replies":[{"embeddable":true,"href":"https:\/\/eltrabajo.cl\/portal\/wp-json\/wp\/v2\/comments?post=76197"}],"wp:attached-to":[{"embeddable":true,"post_type":"post","id":76194,"href":"https:\/\/eltrabajo.cl\/portal\/wp-json\/wp\/v2\/posts\/76194"}],"curies":[{"name":"wp","href":"https:\/\/api.w.org\/{rel}","templated":true}]}}

Dayana Muñoz Fernández, vecina animalista de Santa María que hace pocas semanas fue premiada por su labor animalista.

<p class="attachment"><a href="https://i0.wp.com/eltrabajo.cl/portal/wp-content/uploads/2016/12/Dayana-Munoz.jpg?ssl=1"><img loading="lazy" decoding="async" width="300" height="197" src="https://i0.wp.com/eltrabajo.cl/portal/wp-content/uploads/2016/12/Dayana-Munoz.jpg?fit=300%2C197&amp;ssl=1" class="attachment-medium size-medium" alt="Dayana Muñoz Fernández, vecina animalista de Santa María que hace pocas semanas fue premiada por su labor animalista." srcset="https://i0.wp.com/eltrabajo.cl/portal/wp-content/uploads/2016/12/Dayana-Munoz.jpg?w=530&amp;ssl=1 530w, https://i0.wp.com/eltrabajo.cl/portal/wp-content/uploads/2016/12/Dayana-Munoz.jpg?resize=200%2C131&amp;ssl=1 200w, https://i0.wp.com/eltrabajo.cl/portal/wp-content/uploads/2016/12/Dayana-Munoz.jpg?resize=300%2C197&amp;ssl=1 300w, https://i0.wp.com/eltrabajo.cl/portal/wp-content/uploads/2016/12/Dayana-Munoz.jpg?resize=228%2C150&amp;ssl=1 228w, https://i0.wp.com/eltrabajo.cl/portal/wp-content/uploads/2016/12/Dayana-Munoz.jpg?resize=400%2C263&amp;ssl=1 400w" sizes="auto, (max-width: 300px) 100vw, 300px" /></a></p>
<p>Dayana Muñoz Fernández, vecina animalista de Santa María que hace pocas semanas fue premiada por su labor animalista.</p>

<p>Dayana Muñoz Fernández, vecina animalista de Santa María que hace pocas semanas fue premiada por su labor animalista.</p>
