{"id":76214,"date":"2016-12-29T08:32:05","date_gmt":"2016-12-29T11:32:05","guid":{"rendered":"http:\/\/www.eltrabajo.cl\/portal\/wp-content\/uploads\/2016\/12\/a\u00f1o-nuevo-calle-larga.jpg"},"modified":"2016-12-29T08:32:24","modified_gmt":"2016-12-29T11:32:24","slug":"ano-nuevo-calle-larga","status":"inherit","type":"attachment","link":"https:\/\/eltrabajo.cl\/portal\/con-fuegos-artificiales-y-musica-en-vivo-recibiran-el-2017-en-calle-larga\/ano-nuevo-calle-larga\/","title":{"rendered":"Por tercera vez consecutiva, Calle Larga recibir\u00e1 el A\u00f1o Nuevo con un gran show de fuegos artificiales y m\u00fasica en vivo, para entretener a toda la comunidad, en un ambiente familiar y seguro."},"author":1,"featured_media":0,"comment_status":"open","ping_status":"closed","template":"","meta":{"advanced_seo_description":"","jetpack_seo_html_title":"","jetpack_seo_noindex":false},"class_list":["post-76214","attachment","type-attachment","status-inherit","hentry"],"jetpack_sharing_enabled":true,"jetpack_likes_enabled":true,"description":{"rendered":"<p class=\"attachment\"><a href=\"https:\/\/i0.wp.com\/eltrabajo.cl\/portal\/wp-content\/uploads\/2016\/12\/a%C3%B1o-nuevo-calle-larga.jpg?ssl=1\"><img loading=\"lazy\" decoding=\"async\" width=\"300\" height=\"198\" src=\"https:\/\/i0.wp.com\/eltrabajo.cl\/portal\/wp-content\/uploads\/2016\/12\/a%C3%B1o-nuevo-calle-larga.jpg?fit=300%2C198&amp;ssl=1\" class=\"attachment-medium size-medium\" alt=\"Por tercera vez consecutiva, Calle Larga recibir\u00e1 el A\u00f1o Nuevo con un gran show de fuegos artificiales y m\u00fasica en vivo, para entretener a toda la comunidad, en un ambiente familiar y seguro.\" \/><\/a><\/p>\n<p>Por tercera vez consecutiva, Calle Larga recibir\u00e1 el A\u00f1o Nuevo con un gran show de fuegos artificiales y m\u00fasica en vivo, para entretener a toda la comunidad, en un ambiente familiar y seguro.<\/p>\n"},"caption":{"rendered":"<p>Por tercera vez consecutiva, Calle Larga recibir\u00e1 el A\u00f1o Nuevo con un gran show de fuegos artificiales y m\u00fasica en vivo, para entretener a toda la comunidad, en un ambiente familiar y seguro.<\/p>\n"},"alt_text":"Por tercera vez consecutiva, Calle Larga recibir\u00e1 el A\u00f1o Nuevo con un gran show de fuegos artificiales y m\u00fasica en vivo, para entretener a toda la comunidad, en un ambiente familiar y seguro.","media_type":"image","mime_type":"image\/jpeg","media_details":{"width":530,"height":350,"file":"2016\/12\/a\u00f1o-nuevo-calle-larga.jpg","sizes":{"thumbnail":{"file":"a\u00f1o-nuevo-calle-larga-200x132.jpg","width":200,"height":132,"mime_type":"image\/jpeg","source_url":"https:\/\/i0.wp.com\/eltrabajo.cl\/portal\/wp-content\/uploads\/2016\/12\/a%C3%B1o-nuevo-calle-larga.jpg?fit=200%2C132&ssl=1"},"medium":{"file":"a\u00f1o-nuevo-calle-larga-300x198.jpg","width":300,"height":198,"mime_type":"image\/jpeg","source_url":"https:\/\/i0.wp.com\/eltrabajo.cl\/portal\/wp-content\/uploads\/2016\/12\/a%C3%B1o-nuevo-calle-larga.jpg?fit=300%2C198&ssl=1"},"post-thumbnail":{"file":"a\u00f1o-nuevo-calle-larga-227x150.jpg","width":227,"height":150,"mime_type":"image\/jpeg","source_url":"https:\/\/i0.wp.com\/eltrabajo.cl\/portal\/wp-content\/uploads\/2016\/12\/a%C3%B1o-nuevo-calle-larga.jpg?fit=227%2C150&ssl=1"},"single-post-thumbnail":{"file":"a\u00f1o-nuevo-calle-larga-400x264.jpg","width":400,"height":264,"mime_type":"image\/jpeg","source_url":"https:\/\/eltrabajo.cl\/portal\/wp-content\/uploads\/2016\/12\/a\u00f1o-nuevo-calle-larga-400x264.jpg"},"wptouch-new-thumbnail":{"file":"a\u00f1o-nuevo-calle-larga-144x144.jpg","width":144,"height":144,"mime_type":"image\/jpeg","source_url":"https:\/\/eltrabajo.cl\/portal\/wp-content\/uploads\/2016\/12\/a\u00f1o-nuevo-calle-larga-144x144.jpg"},"full":{"file":"a%C3%B1o-nuevo-calle-larga.jpg?fit=530%2C350&ssl=1","width":530,"height":350,"mime_type":"image\/jpeg","source_url":"https:\/\/i0.wp.com\/eltrabajo.cl\/portal\/wp-content\/uploads\/2016\/12\/a%C3%B1o-nuevo-calle-larga.jpg?fit=530%2C350&ssl=1"}},"image_meta":{"aperture":"0","credit":"","camera":"","caption":"","created_timestamp":"0","copyright":"","focal_length":"0","iso":"0","shutter_speed":"0","title":"","orientation":"0","keywords":[]}},"post":76213,"source_url":"https:\/\/eltrabajo.cl\/portal\/wp-content\/uploads\/2016\/12\/a\u00f1o-nuevo-calle-larga.jpg","_links":{"self":[{"href":"https:\/\/eltrabajo.cl\/portal\/wp-json\/wp\/v2\/media\/76214","targetHints":{"allow":["GET"]}}],"collection":[{"href":"https:\/\/eltrabajo.cl\/portal\/wp-json\/wp\/v2\/media"}],"about":[{"href":"https:\/\/eltrabajo.cl\/portal\/wp-json\/wp\/v2\/types\/attachment"}],"author":[{"embeddable":true,"href":"https:\/\/eltrabajo.cl\/portal\/wp-json\/wp\/v2\/users\/1"}],"replies":[{"embeddable":true,"href":"https:\/\/eltrabajo.cl\/portal\/wp-json\/wp\/v2\/comments?post=76214"}],"wp:attached-to":[{"embeddable":true,"post_type":"post","id":76213,"href":"https:\/\/eltrabajo.cl\/portal\/wp-json\/wp\/v2\/posts\/76213"}],"curies":[{"name":"wp","href":"https:\/\/api.w.org\/{rel}","templated":true}]}}

http://www.eltrabajo.cl/portal/wp-content/uploads/2016/12/año-nuevo-calle-larga.jpg

Por tercera vez consecutiva, Calle Larga recibirá el Año Nuevo con un gran show de fuegos artificiales y música en vivo, para entretener a toda la comunidad, en un ambiente familiar y seguro.

<p class="attachment"><a href="https://i0.wp.com/eltrabajo.cl/portal/wp-content/uploads/2016/12/a%C3%B1o-nuevo-calle-larga.jpg?ssl=1"><img loading="lazy" decoding="async" width="300" height="198" src="https://i0.wp.com/eltrabajo.cl/portal/wp-content/uploads/2016/12/a%C3%B1o-nuevo-calle-larga.jpg?fit=300%2C198&amp;ssl=1" class="attachment-medium size-medium" alt="Por tercera vez consecutiva, Calle Larga recibirá el Año Nuevo con un gran show de fuegos artificiales y música en vivo, para entretener a toda la comunidad, en un ambiente familiar y seguro." /></a></p>
<p>Por tercera vez consecutiva, Calle Larga recibirá el Año Nuevo con un gran show de fuegos artificiales y música en vivo, para entretener a toda la comunidad, en un ambiente familiar y seguro.</p>

<p>Por tercera vez consecutiva, Calle Larga recibirá el Año Nuevo con un gran show de fuegos artificiales y música en vivo, para entretener a toda la comunidad, en un ambiente familiar y seguro.</p>

2016/12/año-nuevo-calle-larga.jpg

año-nuevo-calle-larga-200x132.jpg

año-nuevo-calle-larga-300x198.jpg

año-nuevo-calle-larga-227x150.jpg

año-nuevo-calle-larga-400x264.jpg

https://eltrabajo.cl/portal/wp-content/uploads/2016/12/año-nuevo-calle-larga-400x264.jpg

año-nuevo-calle-larga-144x144.jpg

https://eltrabajo.cl/portal/wp-content/uploads/2016/12/año-nuevo-calle-larga-144x144.jpg

https://eltrabajo.cl/portal/wp-content/uploads/2016/12/año-nuevo-calle-larga.jpg
