{"version":"1.0","provider_name":"Diario El Trabajo","provider_url":"https:\/\/eltrabajo.cl\/web","author_name":"Diario El Trabajo","author_url":"https:\/\/eltrabajo.cl\/web\/author\/diario-el-trabajo\/","title":"Apu\u00f1alan a hombre en pleno centro - Diario El Trabajo","type":"rich","width":600,"height":338,"html":"<blockquote class=\"wp-embedded-content\" data-secret=\"fkStWIGUsd\"><a href=\"https:\/\/eltrabajo.cl\/web\/apunalan-a-hombre-en-pleno-centro\/\">Apu\u00f1alan a hombre en pleno centro<\/a><\/blockquote><iframe sandbox=\"allow-scripts\" security=\"restricted\" src=\"https:\/\/eltrabajo.cl\/web\/apunalan-a-hombre-en-pleno-centro\/embed\/#?secret=fkStWIGUsd\" width=\"600\" height=\"338\" title=\"&#8220;Apu\u00f1alan a hombre en pleno centro&#8221; &#8212; Diario El Trabajo\" data-secret=\"fkStWIGUsd\" frameborder=\"0\" marginwidth=\"0\" marginheight=\"0\" scrolling=\"no\" class=\"wp-embedded-content\"><\/iframe><script type=\"text\/javascript\">\n\/* <![CDATA[ *\/\n\/*! This file is auto-generated *\/\n!function(d,l){\"use strict\";l.querySelector&&d.addEventListener&&\"undefined\"!=typeof URL&&(d.wp=d.wp||{},d.wp.receiveEmbedMessage||(d.wp.receiveEmbedMessage=function(e){var t=e.data;if((t||t.secret||t.message||t.value)&&!\/[^a-zA-Z0-9]\/.test(t.secret)){for(var s,r,n,a=l.querySelectorAll('iframe[data-secret=\"'+t.secret+'\"]'),o=l.querySelectorAll('blockquote[data-secret=\"'+t.secret+'\"]'),c=new RegExp(\"^https?:$\",\"i\"),i=0;i<o.length;i++)o[i].style.display=\"none\";for(i=0;i<a.length;i++)s=a[i],e.source===s.contentWindow&&(s.removeAttribute(\"style\"),\"height\"===t.message?(1e3<(r=parseInt(t.value,10))?r=1e3:~~r<200&&(r=200),s.height=r):\"link\"===t.message&&(r=new URL(s.getAttribute(\"src\")),n=new URL(t.value),c.test(n.protocol))&&n.host===r.host&&l.activeElement===s&&(d.top.location.href=t.value))}},d.addEventListener(\"message\",d.wp.receiveEmbedMessage,!1),l.addEventListener(\"DOMContentLoaded\",function(){for(var e,t,s=l.querySelectorAll(\"iframe.wp-embedded-content\"),r=0;r<s.length;r++)(t=(e=s[r]).getAttribute(\"data-secret\"))||(t=Math.random().toString(36).substring(2,12),e.src+=\"#?secret=\"+t,e.setAttribute(\"data-secret\",t)),e.contentWindow.postMessage({message:\"ready\",secret:t},\"*\")},!1)))}(window,document);\n\/\/# sourceURL=https:\/\/eltrabajo.cl\/web\/wp-includes\/js\/wp-embed.min.js\n\/* ]]> *\/\n<\/script>\n","thumbnail_url":"https:\/\/eltrabajo.cl\/web\/wp-content\/uploads\/2025\/07\/apunalado-2.jpg","thumbnail_width":700,"thumbnail_height":524,"description":"Alarma caus\u00f3 el paso de la ambulancia por el centro de San Felipe ayer al mediod\u00eda, m\u00e1s a\u00fan cuando el veh\u00edculo de emergencia se estacion\u00f3 en calle Merced frente al Terminal de Colectivos. \u00bfEl motivo? Seg\u00fan la versi\u00f3n de testigos, toda la situaci\u00f3n se produjo por una persona herida por arma blanca. Se tratar\u00eda de [&hellip;]"}

Apuñalan a hombre en pleno centro - Diario El Trabajo

<blockquote class="wp-embedded-content" data-secret="fkStWIGUsd"><a href="https://eltrabajo.cl/web/apunalan-a-hombre-en-pleno-centro/">Apuñalan a hombre en pleno centro</a></blockquote><iframe sandbox="allow-scripts" security="restricted" src="https://eltrabajo.cl/web/apunalan-a-hombre-en-pleno-centro/embed/#?secret=fkStWIGUsd" width="600" height="338" title="&#8220;Apuñalan a hombre en pleno centro&#8221; &#8212; Diario El Trabajo" data-secret="fkStWIGUsd" frameborder="0" marginwidth="0" marginheight="0" scrolling="no" class="wp-embedded-content"></iframe><script type="text/javascript">
/* <![CDATA[ */
/*! This file is auto-generated */
!function(d,l){"use strict";l.querySelector&&d.addEventListener&&"undefined"!=typeof URL&&(d.wp=d.wp||{},d.wp.receiveEmbedMessage||(d.wp.receiveEmbedMessage=function(e){var t=e.data;if((t||t.secret||t.message||t.value)&&!/[^a-zA-Z0-9]/.test(t.secret)){for(var s,r,n,a=l.querySelectorAll('iframe[data-secret="'+t.secret+'"]'),o=l.querySelectorAll('blockquote[data-secret="'+t.secret+'"]'),c=new RegExp("^https?:$","i"),i=0;i<o.length;i++)o[i].style.display="none";for(i=0;i<a.length;i++)s=a[i],e.source===s.contentWindow&&(s.removeAttribute("style"),"height"===t.message?(1e3<(r=parseInt(t.value,10))?r=1e3:~~r<200&&(r=200),s.height=r):"link"===t.message&&(r=new URL(s.getAttribute("src")),n=new URL(t.value),c.test(n.protocol))&&n.host===r.host&&l.activeElement===s&&(d.top.location.href=t.value))}},d.addEventListener("message",d.wp.receiveEmbedMessage,!1),l.addEventListener("DOMContentLoaded",function(){for(var e,t,s=l.querySelectorAll("iframe.wp-embedded-content"),r=0;r<s.length;r++)(t=(e=s[r]).getAttribute("data-secret"))||(t=Math.random().toString(36).substring(2,12),e.src+="#?secret="+t,e.setAttribute("data-secret",t)),e.contentWindow.postMessage({message:"ready",secret:t},"*")},!1)))}(window,document);
//# sourceURL=https://eltrabajo.cl/web/wp-includes/js/wp-embed.min.js
/* ]]> */
</script>

Alarma causó el paso de la ambulancia por el centro de San Felipe ayer al mediodía, más aún cuando el vehículo de emergencia se estacionó en calle Merced frente al Terminal de Colectivos. ¿El motivo? Según la versión de testigos, toda la situación se produjo por una persona herida por arma blanca. Se trataría de [&hellip;]
