{"version":"1.0","provider_name":"Diario El Trabajo","provider_url":"https:\/\/eltrabajo.cl\/web","author_name":"Diario El Trabajo","author_url":"https:\/\/eltrabajo.cl\/web\/author\/diario-el-trabajo\/","title":"Arfa Quinta har\u00e1 una \u2018Supercopa de Clubes Campeones\u2019 - Diario El Trabajo","type":"rich","width":600,"height":338,"html":"<blockquote class=\"wp-embedded-content\" data-secret=\"UmTazONSyo\"><a href=\"https:\/\/eltrabajo.cl\/web\/arfa-quinta-hara-una-supercopa-de-clubes-campeones\/\">Arfa Quinta har\u00e1 una \u2018Supercopa de Clubes Campeones\u2019<\/a><\/blockquote><iframe sandbox=\"allow-scripts\" security=\"restricted\" src=\"https:\/\/eltrabajo.cl\/web\/arfa-quinta-hara-una-supercopa-de-clubes-campeones\/embed\/#?secret=UmTazONSyo\" width=\"600\" height=\"338\" title=\"&#8220;Arfa Quinta har\u00e1 una \u2018Supercopa de Clubes Campeones\u2019&#8221; &#8212; Diario El Trabajo\" data-secret=\"UmTazONSyo\" frameborder=\"0\" marginwidth=\"0\" marginheight=\"0\" scrolling=\"no\" class=\"wp-embedded-content\"><\/iframe><script type=\"text\/javascript\">\n\/* <![CDATA[ *\/\n\/*! This file is auto-generated *\/\n!function(d,l){\"use strict\";l.querySelector&&d.addEventListener&&\"undefined\"!=typeof URL&&(d.wp=d.wp||{},d.wp.receiveEmbedMessage||(d.wp.receiveEmbedMessage=function(e){var t=e.data;if((t||t.secret||t.message||t.value)&&!\/[^a-zA-Z0-9]\/.test(t.secret)){for(var s,r,n,a=l.querySelectorAll('iframe[data-secret=\"'+t.secret+'\"]'),o=l.querySelectorAll('blockquote[data-secret=\"'+t.secret+'\"]'),c=new RegExp(\"^https?:$\",\"i\"),i=0;i<o.length;i++)o[i].style.display=\"none\";for(i=0;i<a.length;i++)s=a[i],e.source===s.contentWindow&&(s.removeAttribute(\"style\"),\"height\"===t.message?(1e3<(r=parseInt(t.value,10))?r=1e3:~~r<200&&(r=200),s.height=r):\"link\"===t.message&&(r=new URL(s.getAttribute(\"src\")),n=new URL(t.value),c.test(n.protocol))&&n.host===r.host&&l.activeElement===s&&(d.top.location.href=t.value))}},d.addEventListener(\"message\",d.wp.receiveEmbedMessage,!1),l.addEventListener(\"DOMContentLoaded\",function(){for(var e,t,s=l.querySelectorAll(\"iframe.wp-embedded-content\"),r=0;r<s.length;r++)(t=(e=s[r]).getAttribute(\"data-secret\"))||(t=Math.random().toString(36).substring(2,12),e.src+=\"#?secret=\"+t,e.setAttribute(\"data-secret\",t)),e.contentWindow.postMessage({message:\"ready\",secret:t},\"*\")},!1)))}(window,document);\n\/\/# sourceURL=https:\/\/eltrabajo.cl\/web\/wp-includes\/js\/wp-embed.min.js\n\/* ]]> *\/\n<\/script>\n","thumbnail_url":"https:\/\/eltrabajo.cl\/web\/wp-content\/uploads\/2025\/09\/almendral-alto.jpg","thumbnail_width":697,"thumbnail_height":261,"description":"Con la finalidad de reivindicar la rica historia y el esfuerzo que por a\u00f1os hacen las instituciones deportivas, la Asociaci\u00f3n Regional de F\u00fatbol Amateur (Arfa Quinta), recientemente oficializ\u00f3 otro torneo regional de \u00e9lite llamado \u2018Supercopa de Campeones\u2019, evento exclusivo en el que solo podr\u00e1n competir clubes que alguna vez hayan ganado \u2018La Orejona\u2019. La idea [&hellip;]"}

Arfa Quinta hará una ‘Supercopa de Clubes Campeones’ - Diario El Trabajo

<blockquote class="wp-embedded-content" data-secret="UmTazONSyo"><a href="https://eltrabajo.cl/web/arfa-quinta-hara-una-supercopa-de-clubes-campeones/">Arfa Quinta hará una ‘Supercopa de Clubes Campeones’</a></blockquote><iframe sandbox="allow-scripts" security="restricted" src="https://eltrabajo.cl/web/arfa-quinta-hara-una-supercopa-de-clubes-campeones/embed/#?secret=UmTazONSyo" width="600" height="338" title="&#8220;Arfa Quinta hará una ‘Supercopa de Clubes Campeones’&#8221; &#8212; Diario El Trabajo" data-secret="UmTazONSyo" frameborder="0" marginwidth="0" marginheight="0" scrolling="no" class="wp-embedded-content"></iframe><script type="text/javascript">
/* <![CDATA[ */
/*! This file is auto-generated */
!function(d,l){"use strict";l.querySelector&&d.addEventListener&&"undefined"!=typeof URL&&(d.wp=d.wp||{},d.wp.receiveEmbedMessage||(d.wp.receiveEmbedMessage=function(e){var t=e.data;if((t||t.secret||t.message||t.value)&&!/[^a-zA-Z0-9]/.test(t.secret)){for(var s,r,n,a=l.querySelectorAll('iframe[data-secret="'+t.secret+'"]'),o=l.querySelectorAll('blockquote[data-secret="'+t.secret+'"]'),c=new RegExp("^https?:$","i"),i=0;i<o.length;i++)o[i].style.display="none";for(i=0;i<a.length;i++)s=a[i],e.source===s.contentWindow&&(s.removeAttribute("style"),"height"===t.message?(1e3<(r=parseInt(t.value,10))?r=1e3:~~r<200&&(r=200),s.height=r):"link"===t.message&&(r=new URL(s.getAttribute("src")),n=new URL(t.value),c.test(n.protocol))&&n.host===r.host&&l.activeElement===s&&(d.top.location.href=t.value))}},d.addEventListener("message",d.wp.receiveEmbedMessage,!1),l.addEventListener("DOMContentLoaded",function(){for(var e,t,s=l.querySelectorAll("iframe.wp-embedded-content"),r=0;r<s.length;r++)(t=(e=s[r]).getAttribute("data-secret"))||(t=Math.random().toString(36).substring(2,12),e.src+="#?secret="+t,e.setAttribute("data-secret",t)),e.contentWindow.postMessage({message:"ready",secret:t},"*")},!1)))}(window,document);
//# sourceURL=https://eltrabajo.cl/web/wp-includes/js/wp-embed.min.js
/* ]]> */
</script>

Con la finalidad de reivindicar la rica historia y el esfuerzo que por años hacen las instituciones deportivas, la Asociación Regional de Fútbol Amateur (Arfa Quinta), recientemente oficializó otro torneo regional de élite llamado ‘Supercopa de Campeones’, evento exclusivo en el que solo podrán competir clubes que alguna vez hayan ganado ‘La Orejona’. La idea [&hellip;]
