{"version":"1.0","provider_name":"Diario El Trabajo","provider_url":"https:\/\/eltrabajo.cl\/web","author_name":"Diario El Trabajo","author_url":"https:\/\/eltrabajo.cl\/web\/author\/diario-el-trabajo\/","title":"Detienen a haitiano con orden vigente por homicidio - Diario El Trabajo","type":"rich","width":600,"height":338,"html":"<blockquote class=\"wp-embedded-content\" data-secret=\"EwPplyAskk\"><a href=\"https:\/\/eltrabajo.cl\/web\/detienen-a-haitiano-con-orden-vigente-por-homicidio\/\">Detienen a haitiano con orden vigente por homicidio<\/a><\/blockquote><iframe sandbox=\"allow-scripts\" security=\"restricted\" src=\"https:\/\/eltrabajo.cl\/web\/detienen-a-haitiano-con-orden-vigente-por-homicidio\/embed\/#?secret=EwPplyAskk\" width=\"600\" height=\"338\" title=\"&#8220;Detienen a haitiano con orden vigente por homicidio&#8221; &#8212; Diario El Trabajo\" data-secret=\"EwPplyAskk\" frameborder=\"0\" marginwidth=\"0\" marginheight=\"0\" scrolling=\"no\" class=\"wp-embedded-content\"><\/iframe><script type=\"text\/javascript\">\n\/* <![CDATA[ *\/\n\/*! This file is auto-generated *\/\n!function(d,l){\"use strict\";l.querySelector&&d.addEventListener&&\"undefined\"!=typeof URL&&(d.wp=d.wp||{},d.wp.receiveEmbedMessage||(d.wp.receiveEmbedMessage=function(e){var t=e.data;if((t||t.secret||t.message||t.value)&&!\/[^a-zA-Z0-9]\/.test(t.secret)){for(var s,r,n,a=l.querySelectorAll('iframe[data-secret=\"'+t.secret+'\"]'),o=l.querySelectorAll('blockquote[data-secret=\"'+t.secret+'\"]'),c=new RegExp(\"^https?:$\",\"i\"),i=0;i<o.length;i++)o[i].style.display=\"none\";for(i=0;i<a.length;i++)s=a[i],e.source===s.contentWindow&&(s.removeAttribute(\"style\"),\"height\"===t.message?(1e3<(r=parseInt(t.value,10))?r=1e3:~~r<200&&(r=200),s.height=r):\"link\"===t.message&&(r=new URL(s.getAttribute(\"src\")),n=new URL(t.value),c.test(n.protocol))&&n.host===r.host&&l.activeElement===s&&(d.top.location.href=t.value))}},d.addEventListener(\"message\",d.wp.receiveEmbedMessage,!1),l.addEventListener(\"DOMContentLoaded\",function(){for(var e,t,s=l.querySelectorAll(\"iframe.wp-embedded-content\"),r=0;r<s.length;r++)(t=(e=s[r]).getAttribute(\"data-secret\"))||(t=Math.random().toString(36).substring(2,12),e.src+=\"#?secret=\"+t,e.setAttribute(\"data-secret\",t)),e.contentWindow.postMessage({message:\"ready\",secret:t},\"*\")},!1)))}(window,document);\n\/\/# sourceURL=https:\/\/eltrabajo.cl\/web\/wp-includes\/js\/wp-embed.min.js\n\/* ]]> *\/\n<\/script>\n","thumbnail_url":"https:\/\/eltrabajo.cl\/web\/wp-content\/uploads\/2025\/04\/detenido-en-Panquehue.jpg","thumbnail_width":699,"thumbnail_height":391,"description":"El sujeto fue aprehendido cuando robaba paltas en Panquehue.\u2013 Pasado el mediod\u00eda del lunes, personal de Carabineros logr\u00f3 la detenci\u00f3n de un delincuente de nacionalidad haitiana que fue retenido, en una primera instancia, tras ser descubierto intentando robar paltas en un fundo agr\u00edcola de la comuna de Panquehue. Personal policial lleg\u00f3 hasta el lugar de [&hellip;]"}

El sujeto fue aprehendido cuando robaba paltas en Panquehue.– Pasado el mediodía del lunes, personal de Carabineros logró la detención de un delincuente de nacionalidad haitiana que fue retenido, en una primera instancia, tras ser descubierto intentando robar paltas en un fundo agrícola de la comuna de Panquehue. Personal policial llegó hasta el lugar de [&hellip;]
