{"version":"1.0","provider_name":"Diario El Trabajo","provider_url":"https:\/\/eltrabajo.cl\/web","author_name":"Diario El Trabajo","author_url":"https:\/\/eltrabajo.cl\/web\/author\/diario-el-trabajo\/","title":"Esta tarde Afava comunicar\u00e1 castigos por hechos extradeportivos - Diario El Trabajo","type":"rich","width":600,"height":338,"html":"<blockquote class=\"wp-embedded-content\" data-secret=\"pig6WdaCCC\"><a href=\"https:\/\/eltrabajo.cl\/web\/esta-tarde-afava-comunicara-castigos-por-hechos-extradeportivos\/\">Esta tarde Afava comunicar\u00e1 castigos por hechos extradeportivos<\/a><\/blockquote><iframe sandbox=\"allow-scripts\" security=\"restricted\" src=\"https:\/\/eltrabajo.cl\/web\/esta-tarde-afava-comunicara-castigos-por-hechos-extradeportivos\/embed\/#?secret=pig6WdaCCC\" width=\"600\" height=\"338\" title=\"&#8220;Esta tarde Afava comunicar\u00e1 castigos por hechos extradeportivos&#8221; &#8212; Diario El Trabajo\" data-secret=\"pig6WdaCCC\" frameborder=\"0\" marginwidth=\"0\" marginheight=\"0\" scrolling=\"no\" class=\"wp-embedded-content\"><\/iframe><script type=\"text\/javascript\">\n\/* <![CDATA[ *\/\n\/*! This file is auto-generated *\/\n!function(d,l){\"use strict\";l.querySelector&&d.addEventListener&&\"undefined\"!=typeof URL&&(d.wp=d.wp||{},d.wp.receiveEmbedMessage||(d.wp.receiveEmbedMessage=function(e){var t=e.data;if((t||t.secret||t.message||t.value)&&!\/[^a-zA-Z0-9]\/.test(t.secret)){for(var s,r,n,a=l.querySelectorAll('iframe[data-secret=\"'+t.secret+'\"]'),o=l.querySelectorAll('blockquote[data-secret=\"'+t.secret+'\"]'),c=new RegExp(\"^https?:$\",\"i\"),i=0;i<o.length;i++)o[i].style.display=\"none\";for(i=0;i<a.length;i++)s=a[i],e.source===s.contentWindow&&(s.removeAttribute(\"style\"),\"height\"===t.message?(1e3<(r=parseInt(t.value,10))?r=1e3:~~r<200&&(r=200),s.height=r):\"link\"===t.message&&(r=new URL(s.getAttribute(\"src\")),n=new URL(t.value),c.test(n.protocol))&&n.host===r.host&&l.activeElement===s&&(d.top.location.href=t.value))}},d.addEventListener(\"message\",d.wp.receiveEmbedMessage,!1),l.addEventListener(\"DOMContentLoaded\",function(){for(var e,t,s=l.querySelectorAll(\"iframe.wp-embedded-content\"),r=0;r<s.length;r++)(t=(e=s[r]).getAttribute(\"data-secret\"))||(t=Math.random().toString(36).substring(2,12),e.src+=\"#?secret=\"+t,e.setAttribute(\"data-secret\",t)),e.contentWindow.postMessage({message:\"ready\",secret:t},\"*\")},!1)))}(window,document);\n\/\/# sourceURL=https:\/\/eltrabajo.cl\/web\/wp-includes\/js\/wp-embed.min.js\n\/* ]]> *\/\n<\/script>\n","thumbnail_url":"https:\/\/eltrabajo.cl\/web\/wp-content\/uploads\/2024\/03\/pelea.jpg","thumbnail_width":699,"thumbnail_height":385,"description":"Una reuni\u00f3n clave, en la cual el directorio, en conjunto con los principales directivos de los clubes que est\u00e1n dando vida al torneo, sostendr\u00e1 esta noche la liga Afava. En la pen\u00faltima fecha de la fase de grupos, el certamen sufri\u00f3 los rigores de hechos extradeportivos que lo expusieron medi\u00e1ticamente ante la opini\u00f3n p\u00fablica. Sin [&hellip;]"}

Esta tarde Afava comunicará castigos por hechos extradeportivos - Diario El Trabajo

<blockquote class="wp-embedded-content" data-secret="pig6WdaCCC"><a href="https://eltrabajo.cl/web/esta-tarde-afava-comunicara-castigos-por-hechos-extradeportivos/">Esta tarde Afava comunicará castigos por hechos extradeportivos</a></blockquote><iframe sandbox="allow-scripts" security="restricted" src="https://eltrabajo.cl/web/esta-tarde-afava-comunicara-castigos-por-hechos-extradeportivos/embed/#?secret=pig6WdaCCC" width="600" height="338" title="&#8220;Esta tarde Afava comunicará castigos por hechos extradeportivos&#8221; &#8212; Diario El Trabajo" data-secret="pig6WdaCCC" frameborder="0" marginwidth="0" marginheight="0" scrolling="no" class="wp-embedded-content"></iframe><script type="text/javascript">
/* <![CDATA[ */
/*! This file is auto-generated */
!function(d,l){"use strict";l.querySelector&&d.addEventListener&&"undefined"!=typeof URL&&(d.wp=d.wp||{},d.wp.receiveEmbedMessage||(d.wp.receiveEmbedMessage=function(e){var t=e.data;if((t||t.secret||t.message||t.value)&&!/[^a-zA-Z0-9]/.test(t.secret)){for(var s,r,n,a=l.querySelectorAll('iframe[data-secret="'+t.secret+'"]'),o=l.querySelectorAll('blockquote[data-secret="'+t.secret+'"]'),c=new RegExp("^https?:$","i"),i=0;i<o.length;i++)o[i].style.display="none";for(i=0;i<a.length;i++)s=a[i],e.source===s.contentWindow&&(s.removeAttribute("style"),"height"===t.message?(1e3<(r=parseInt(t.value,10))?r=1e3:~~r<200&&(r=200),s.height=r):"link"===t.message&&(r=new URL(s.getAttribute("src")),n=new URL(t.value),c.test(n.protocol))&&n.host===r.host&&l.activeElement===s&&(d.top.location.href=t.value))}},d.addEventListener("message",d.wp.receiveEmbedMessage,!1),l.addEventListener("DOMContentLoaded",function(){for(var e,t,s=l.querySelectorAll("iframe.wp-embedded-content"),r=0;r<s.length;r++)(t=(e=s[r]).getAttribute("data-secret"))||(t=Math.random().toString(36).substring(2,12),e.src+="#?secret="+t,e.setAttribute("data-secret",t)),e.contentWindow.postMessage({message:"ready",secret:t},"*")},!1)))}(window,document);
//# sourceURL=https://eltrabajo.cl/web/wp-includes/js/wp-embed.min.js
/* ]]> */
</script>

Una reunión clave, en la cual el directorio, en conjunto con los principales directivos de los clubes que están dando vida al torneo, sostendrá esta noche la liga Afava. En la penúltima fecha de la fase de grupos, el certamen sufrió los rigores de hechos extradeportivos que lo expusieron mediáticamente ante la opinión pública. Sin [&hellip;]
