{"version":"1.0","provider_name":"Diario El Trabajo","provider_url":"https:\/\/eltrabajo.cl\/web","author_name":"Diario El Trabajo","author_url":"https:\/\/eltrabajo.cl\/web\/author\/diario-el-trabajo\/","title":"Hoy inicia la Copa de Campeones S\u00e9nior 35 - Diario El Trabajo","type":"rich","width":600,"height":338,"html":"<blockquote class=\"wp-embedded-content\" data-secret=\"B9Dnolk6tT\"><a href=\"https:\/\/eltrabajo.cl\/web\/hoy-inicia-la-copa-de-campeones-senior-35\/\">Hoy inicia la Copa de Campeones S\u00e9nior 35<\/a><\/blockquote><iframe sandbox=\"allow-scripts\" security=\"restricted\" src=\"https:\/\/eltrabajo.cl\/web\/hoy-inicia-la-copa-de-campeones-senior-35\/embed\/#?secret=B9Dnolk6tT\" width=\"600\" height=\"338\" title=\"&#8220;Hoy inicia la Copa de Campeones S\u00e9nior 35&#8221; &#8212; Diario El Trabajo\" data-secret=\"B9Dnolk6tT\" frameborder=\"0\" marginwidth=\"0\" marginheight=\"0\" scrolling=\"no\" class=\"wp-embedded-content\"><\/iframe><script type=\"text\/javascript\">\n\/* <![CDATA[ *\/\n\/*! This file is auto-generated *\/\n!function(d,l){\"use strict\";l.querySelector&&d.addEventListener&&\"undefined\"!=typeof URL&&(d.wp=d.wp||{},d.wp.receiveEmbedMessage||(d.wp.receiveEmbedMessage=function(e){var t=e.data;if((t||t.secret||t.message||t.value)&&!\/[^a-zA-Z0-9]\/.test(t.secret)){for(var s,r,n,a=l.querySelectorAll('iframe[data-secret=\"'+t.secret+'\"]'),o=l.querySelectorAll('blockquote[data-secret=\"'+t.secret+'\"]'),c=new RegExp(\"^https?:$\",\"i\"),i=0;i<o.length;i++)o[i].style.display=\"none\";for(i=0;i<a.length;i++)s=a[i],e.source===s.contentWindow&&(s.removeAttribute(\"style\"),\"height\"===t.message?(1e3<(r=parseInt(t.value,10))?r=1e3:~~r<200&&(r=200),s.height=r):\"link\"===t.message&&(r=new URL(s.getAttribute(\"src\")),n=new URL(t.value),c.test(n.protocol))&&n.host===r.host&&l.activeElement===s&&(d.top.location.href=t.value))}},d.addEventListener(\"message\",d.wp.receiveEmbedMessage,!1),l.addEventListener(\"DOMContentLoaded\",function(){for(var e,t,s=l.querySelectorAll(\"iframe.wp-embedded-content\"),r=0;r<s.length;r++)(t=(e=s[r]).getAttribute(\"data-secret\"))||(t=Math.random().toString(36).substring(2,12),e.src+=\"#?secret=\"+t,e.setAttribute(\"data-secret\",t)),e.contentWindow.postMessage({message:\"ready\",secret:t},\"*\")},!1)))}(window,document);\n\/\/# sourceURL=https:\/\/eltrabajo.cl\/web\/wp-includes\/js\/wp-embed.min.js\n\/* ]]> *\/\n<\/script>\n","thumbnail_url":"https:\/\/eltrabajo.cl\/web\/wp-content\/uploads\/2025\/08\/delicias.jpg","thumbnail_width":698,"thumbnail_height":279,"description":"Con la completa certeza que durante las pr\u00f3ximas 48 horas no hay posibilidades de lluvia, esta noche arrancar\u00e1 de forma oficial la Copa de Campeones S\u00e9nior 35, liga que con toda seguridad tendr\u00e1 a varios equipos de la zona ocupando roles protag\u00f3nicos. La \u2018Orejona S\u00e9nior\u2019 es el torneo que copar\u00e1 la atenci\u00f3n y agenda competitiva [&hellip;]"}

Hoy inicia la Copa de Campeones Sénior 35 - Diario El Trabajo

<blockquote class="wp-embedded-content" data-secret="B9Dnolk6tT"><a href="https://eltrabajo.cl/web/hoy-inicia-la-copa-de-campeones-senior-35/">Hoy inicia la Copa de Campeones Sénior 35</a></blockquote><iframe sandbox="allow-scripts" security="restricted" src="https://eltrabajo.cl/web/hoy-inicia-la-copa-de-campeones-senior-35/embed/#?secret=B9Dnolk6tT" width="600" height="338" title="&#8220;Hoy inicia la Copa de Campeones Sénior 35&#8221; &#8212; Diario El Trabajo" data-secret="B9Dnolk6tT" frameborder="0" marginwidth="0" marginheight="0" scrolling="no" class="wp-embedded-content"></iframe><script type="text/javascript">
/* <![CDATA[ */
/*! This file is auto-generated */
!function(d,l){"use strict";l.querySelector&&d.addEventListener&&"undefined"!=typeof URL&&(d.wp=d.wp||{},d.wp.receiveEmbedMessage||(d.wp.receiveEmbedMessage=function(e){var t=e.data;if((t||t.secret||t.message||t.value)&&!/[^a-zA-Z0-9]/.test(t.secret)){for(var s,r,n,a=l.querySelectorAll('iframe[data-secret="'+t.secret+'"]'),o=l.querySelectorAll('blockquote[data-secret="'+t.secret+'"]'),c=new RegExp("^https?:$","i"),i=0;i<o.length;i++)o[i].style.display="none";for(i=0;i<a.length;i++)s=a[i],e.source===s.contentWindow&&(s.removeAttribute("style"),"height"===t.message?(1e3<(r=parseInt(t.value,10))?r=1e3:~~r<200&&(r=200),s.height=r):"link"===t.message&&(r=new URL(s.getAttribute("src")),n=new URL(t.value),c.test(n.protocol))&&n.host===r.host&&l.activeElement===s&&(d.top.location.href=t.value))}},d.addEventListener("message",d.wp.receiveEmbedMessage,!1),l.addEventListener("DOMContentLoaded",function(){for(var e,t,s=l.querySelectorAll("iframe.wp-embedded-content"),r=0;r<s.length;r++)(t=(e=s[r]).getAttribute("data-secret"))||(t=Math.random().toString(36).substring(2,12),e.src+="#?secret="+t,e.setAttribute("data-secret",t)),e.contentWindow.postMessage({message:"ready",secret:t},"*")},!1)))}(window,document);
//# sourceURL=https://eltrabajo.cl/web/wp-includes/js/wp-embed.min.js
/* ]]> */
</script>

Con la completa certeza que durante las próximas 48 horas no hay posibilidades de lluvia, esta noche arrancará de forma oficial la Copa de Campeones Sénior 35, liga que con toda seguridad tendrá a varios equipos de la zona ocupando roles protagónicos. La ‘Orejona Sénior’ es el torneo que copará la atención y agenda competitiva [&hellip;]
