{"version":"1.0","provider_name":"Diario El Trabajo","provider_url":"https:\/\/eltrabajo.cl\/web","author_name":"Diario El Trabajo","author_url":"https:\/\/eltrabajo.cl\/web\/author\/diario-el-trabajo\/","title":"M\u00fasicos sanfelipe\u00f1os abrir\u00e1n show para \u2018Los Bunkers\u2019 - Diario El Trabajo","type":"rich","width":600,"height":338,"html":"<blockquote class=\"wp-embedded-content\" data-secret=\"EOrBREip58\"><a href=\"https:\/\/eltrabajo.cl\/web\/musicos-sanfelipenos-abriran-show-para-los-bunkers\/\">M\u00fasicos sanfelipe\u00f1os abrir\u00e1n show para \u2018Los Bunkers\u2019<\/a><\/blockquote><iframe sandbox=\"allow-scripts\" security=\"restricted\" src=\"https:\/\/eltrabajo.cl\/web\/musicos-sanfelipenos-abriran-show-para-los-bunkers\/embed\/#?secret=EOrBREip58\" width=\"600\" height=\"338\" title=\"&#8220;M\u00fasicos sanfelipe\u00f1os abrir\u00e1n show para \u2018Los Bunkers\u2019&#8221; &#8212; Diario El Trabajo\" data-secret=\"EOrBREip58\" frameborder=\"0\" marginwidth=\"0\" marginheight=\"0\" scrolling=\"no\" class=\"wp-embedded-content\"><\/iframe><script type=\"text\/javascript\">\n\/* <![CDATA[ *\/\n\/*! This file is auto-generated *\/\n!function(d,l){\"use strict\";l.querySelector&&d.addEventListener&&\"undefined\"!=typeof URL&&(d.wp=d.wp||{},d.wp.receiveEmbedMessage||(d.wp.receiveEmbedMessage=function(e){var t=e.data;if((t||t.secret||t.message||t.value)&&!\/[^a-zA-Z0-9]\/.test(t.secret)){for(var s,r,n,a=l.querySelectorAll('iframe[data-secret=\"'+t.secret+'\"]'),o=l.querySelectorAll('blockquote[data-secret=\"'+t.secret+'\"]'),c=new RegExp(\"^https?:$\",\"i\"),i=0;i<o.length;i++)o[i].style.display=\"none\";for(i=0;i<a.length;i++)s=a[i],e.source===s.contentWindow&&(s.removeAttribute(\"style\"),\"height\"===t.message?(1e3<(r=parseInt(t.value,10))?r=1e3:~~r<200&&(r=200),s.height=r):\"link\"===t.message&&(r=new URL(s.getAttribute(\"src\")),n=new URL(t.value),c.test(n.protocol))&&n.host===r.host&&l.activeElement===s&&(d.top.location.href=t.value))}},d.addEventListener(\"message\",d.wp.receiveEmbedMessage,!1),l.addEventListener(\"DOMContentLoaded\",function(){for(var e,t,s=l.querySelectorAll(\"iframe.wp-embedded-content\"),r=0;r<s.length;r++)(t=(e=s[r]).getAttribute(\"data-secret\"))||(t=Math.random().toString(36).substring(2,12),e.src+=\"#?secret=\"+t,e.setAttribute(\"data-secret\",t)),e.contentWindow.postMessage({message:\"ready\",secret:t},\"*\")},!1)))}(window,document);\n\/\/# sourceURL=https:\/\/eltrabajo.cl\/web\/wp-includes\/js\/wp-embed.min.js\n\/* ]]> *\/\n<\/script>\n","thumbnail_url":"https:\/\/eltrabajo.cl\/web\/wp-content\/uploads\/2025\/06\/musicos-sanfelipenos-1.jpg","thumbnail_width":699,"thumbnail_height":524,"description":"Natalia Montenegro y Sebasti\u00e1n L\u00f3pez, ser\u00e1n los encargados de abrir el concierto de la banda nacional.\u2013 Este fin de semana la banda nacional \u2018Los Bunkers\u2019, cerrar\u00e1 su gira unplugged en el Teatro Nescaf\u00e9 de Las Artes en Santiago. El viernes y s\u00e1bado, los autores de \u2018Llueve sobre la ciudad\u2019 o \u2018Rey\u2019, se subir\u00e1n al escenario [&hellip;]"}

Músicos sanfelipeños abrirán show para ‘Los Bunkers’ - Diario El Trabajo

<blockquote class="wp-embedded-content" data-secret="EOrBREip58"><a href="https://eltrabajo.cl/web/musicos-sanfelipenos-abriran-show-para-los-bunkers/">Músicos sanfelipeños abrirán show para ‘Los Bunkers’</a></blockquote><iframe sandbox="allow-scripts" security="restricted" src="https://eltrabajo.cl/web/musicos-sanfelipenos-abriran-show-para-los-bunkers/embed/#?secret=EOrBREip58" width="600" height="338" title="&#8220;Músicos sanfelipeños abrirán show para ‘Los Bunkers’&#8221; &#8212; Diario El Trabajo" data-secret="EOrBREip58" frameborder="0" marginwidth="0" marginheight="0" scrolling="no" class="wp-embedded-content"></iframe><script type="text/javascript">
/* <![CDATA[ */
/*! This file is auto-generated */
!function(d,l){"use strict";l.querySelector&&d.addEventListener&&"undefined"!=typeof URL&&(d.wp=d.wp||{},d.wp.receiveEmbedMessage||(d.wp.receiveEmbedMessage=function(e){var t=e.data;if((t||t.secret||t.message||t.value)&&!/[^a-zA-Z0-9]/.test(t.secret)){for(var s,r,n,a=l.querySelectorAll('iframe[data-secret="'+t.secret+'"]'),o=l.querySelectorAll('blockquote[data-secret="'+t.secret+'"]'),c=new RegExp("^https?:$","i"),i=0;i<o.length;i++)o[i].style.display="none";for(i=0;i<a.length;i++)s=a[i],e.source===s.contentWindow&&(s.removeAttribute("style"),"height"===t.message?(1e3<(r=parseInt(t.value,10))?r=1e3:~~r<200&&(r=200),s.height=r):"link"===t.message&&(r=new URL(s.getAttribute("src")),n=new URL(t.value),c.test(n.protocol))&&n.host===r.host&&l.activeElement===s&&(d.top.location.href=t.value))}},d.addEventListener("message",d.wp.receiveEmbedMessage,!1),l.addEventListener("DOMContentLoaded",function(){for(var e,t,s=l.querySelectorAll("iframe.wp-embedded-content"),r=0;r<s.length;r++)(t=(e=s[r]).getAttribute("data-secret"))||(t=Math.random().toString(36).substring(2,12),e.src+="#?secret="+t,e.setAttribute("data-secret",t)),e.contentWindow.postMessage({message:"ready",secret:t},"*")},!1)))}(window,document);
//# sourceURL=https://eltrabajo.cl/web/wp-includes/js/wp-embed.min.js
/* ]]> */
</script>

Natalia Montenegro y Sebastián López, serán los encargados de abrir el concierto de la banda nacional.– Este fin de semana la banda nacional ‘Los Bunkers’, cerrará su gira unplugged en el Teatro Nescafé de Las Artes en Santiago. El viernes y sábado, los autores de ‘Llueve sobre la ciudad’ o ‘Rey’, se subirán al escenario [&hellip;]
