{"version":"1.0","provider_name":"Diario El Trabajo","provider_url":"https:\/\/eltrabajo.cl\/web","author_name":"Diario El Trabajo","author_url":"https:\/\/eltrabajo.cl\/web\/author\/diario-el-trabajo\/","title":"Preocupante primer incendio forestal en Catemu - Diario El Trabajo","type":"rich","width":600,"height":338,"html":"<blockquote class=\"wp-embedded-content\" data-secret=\"T3Ti9DxqkA\"><a href=\"https:\/\/eltrabajo.cl\/web\/preocupante-primer-incendio-forestal-en-catemu\/\">Preocupante primer incendio forestal en Catemu<\/a><\/blockquote><iframe sandbox=\"allow-scripts\" security=\"restricted\" src=\"https:\/\/eltrabajo.cl\/web\/preocupante-primer-incendio-forestal-en-catemu\/embed\/#?secret=T3Ti9DxqkA\" width=\"600\" height=\"338\" title=\"&#8220;Preocupante primer incendio forestal en Catemu&#8221; &#8212; Diario El Trabajo\" data-secret=\"T3Ti9DxqkA\" frameborder=\"0\" marginwidth=\"0\" marginheight=\"0\" scrolling=\"no\" class=\"wp-embedded-content\"><\/iframe><script type=\"text\/javascript\">\n\/* <![CDATA[ *\/\n\/*! This file is auto-generated *\/\n!function(d,l){\"use strict\";l.querySelector&&d.addEventListener&&\"undefined\"!=typeof URL&&(d.wp=d.wp||{},d.wp.receiveEmbedMessage||(d.wp.receiveEmbedMessage=function(e){var t=e.data;if((t||t.secret||t.message||t.value)&&!\/[^a-zA-Z0-9]\/.test(t.secret)){for(var s,r,n,a=l.querySelectorAll('iframe[data-secret=\"'+t.secret+'\"]'),o=l.querySelectorAll('blockquote[data-secret=\"'+t.secret+'\"]'),c=new RegExp(\"^https?:$\",\"i\"),i=0;i<o.length;i++)o[i].style.display=\"none\";for(i=0;i<a.length;i++)s=a[i],e.source===s.contentWindow&&(s.removeAttribute(\"style\"),\"height\"===t.message?(1e3<(r=parseInt(t.value,10))?r=1e3:~~r<200&&(r=200),s.height=r):\"link\"===t.message&&(r=new URL(s.getAttribute(\"src\")),n=new URL(t.value),c.test(n.protocol))&&n.host===r.host&&l.activeElement===s&&(d.top.location.href=t.value))}},d.addEventListener(\"message\",d.wp.receiveEmbedMessage,!1),l.addEventListener(\"DOMContentLoaded\",function(){for(var e,t,s=l.querySelectorAll(\"iframe.wp-embedded-content\"),r=0;r<s.length;r++)(t=(e=s[r]).getAttribute(\"data-secret\"))||(t=Math.random().toString(36).substring(2,12),e.src+=\"#?secret=\"+t,e.setAttribute(\"data-secret\",t)),e.contentWindow.postMessage({message:\"ready\",secret:t},\"*\")},!1)))}(window,document);\n\/\/# sourceURL=https:\/\/eltrabajo.cl\/web\/wp-includes\/js\/wp-embed.min.js\n\/* ]]> *\/\n<\/script>\n","thumbnail_url":"https:\/\/eltrabajo.cl\/web\/wp-content\/uploads\/2025\/11\/incendio-forestal-Catemu.jpg","thumbnail_width":700,"thumbnail_height":533,"description":"Siniestro fue controlado por Bomberos y Conaf.\u2013 Un preocupante primer incendio forestal de mayor magnitud ocurri\u00f3 el pasado domingo en la comuna de Catemu, espec\u00edficamente en el sector de Santa Rosa. La emergencia debi\u00f3 ser abordada por personal de Bomberos de varias comunas de Aconcagua, as\u00ed como tambi\u00e9n de las brigadas de Conaf. El siniestro [&hellip;]"}

Siniestro fue controlado por Bomberos y Conaf.– Un preocupante primer incendio forestal de mayor magnitud ocurrió el pasado domingo en la comuna de Catemu, específicamente en el sector de Santa Rosa. La emergencia debió ser abordada por personal de Bomberos de varias comunas de Aconcagua, así como también de las brigadas de Conaf. El siniestro [&hellip;]
