{"version":"1.0","provider_name":"Diario El Trabajo","provider_url":"https:\/\/eltrabajo.cl\/web","author_name":"Diario El Trabajo","author_url":"https:\/\/eltrabajo.cl\/web\/author\/diario-el-trabajo\/","title":"Sin mayores contratiempos Aconcagua super\u00f3 el sistema frontal - Diario El Trabajo","type":"rich","width":600,"height":338,"html":"<blockquote class=\"wp-embedded-content\" data-secret=\"bWyy9llah6\"><a href=\"https:\/\/eltrabajo.cl\/web\/sin-mayores-contratiempos-aconcagua-supero-el-sistema-frontal\/\">Sin mayores contratiempos Aconcagua super\u00f3 el sistema frontal<\/a><\/blockquote><iframe sandbox=\"allow-scripts\" security=\"restricted\" src=\"https:\/\/eltrabajo.cl\/web\/sin-mayores-contratiempos-aconcagua-supero-el-sistema-frontal\/embed\/#?secret=bWyy9llah6\" width=\"600\" height=\"338\" title=\"&#8220;Sin mayores contratiempos Aconcagua super\u00f3 el sistema frontal&#8221; &#8212; Diario El Trabajo\" data-secret=\"bWyy9llah6\" frameborder=\"0\" marginwidth=\"0\" marginheight=\"0\" scrolling=\"no\" class=\"wp-embedded-content\"><\/iframe><script type=\"text\/javascript\">\n\/* <![CDATA[ *\/\n\/*! This file is auto-generated *\/\n!function(d,l){\"use strict\";l.querySelector&&d.addEventListener&&\"undefined\"!=typeof URL&&(d.wp=d.wp||{},d.wp.receiveEmbedMessage||(d.wp.receiveEmbedMessage=function(e){var t=e.data;if((t||t.secret||t.message||t.value)&&!\/[^a-zA-Z0-9]\/.test(t.secret)){for(var s,r,n,a=l.querySelectorAll('iframe[data-secret=\"'+t.secret+'\"]'),o=l.querySelectorAll('blockquote[data-secret=\"'+t.secret+'\"]'),c=new RegExp(\"^https?:$\",\"i\"),i=0;i<o.length;i++)o[i].style.display=\"none\";for(i=0;i<a.length;i++)s=a[i],e.source===s.contentWindow&&(s.removeAttribute(\"style\"),\"height\"===t.message?(1e3<(r=parseInt(t.value,10))?r=1e3:~~r<200&&(r=200),s.height=r):\"link\"===t.message&&(r=new URL(s.getAttribute(\"src\")),n=new URL(t.value),c.test(n.protocol))&&n.host===r.host&&l.activeElement===s&&(d.top.location.href=t.value))}},d.addEventListener(\"message\",d.wp.receiveEmbedMessage,!1),l.addEventListener(\"DOMContentLoaded\",function(){for(var e,t,s=l.querySelectorAll(\"iframe.wp-embedded-content\"),r=0;r<s.length;r++)(t=(e=s[r]).getAttribute(\"data-secret\"))||(t=Math.random().toString(36).substring(2,12),e.src+=\"#?secret=\"+t,e.setAttribute(\"data-secret\",t)),e.contentWindow.postMessage({message:\"ready\",secret:t},\"*\")},!1)))}(window,document);\n\/\/# sourceURL=https:\/\/eltrabajo.cl\/web\/wp-includes\/js\/wp-embed.min.js\n\/* ]]> *\/\n<\/script>\n","thumbnail_url":"https:\/\/eltrabajo.cl\/web\/wp-content\/uploads\/2025\/05\/lluvia.jpg","thumbnail_width":699,"thumbnail_height":394,"description":"Frente dej\u00f3 poco m\u00e1s de 7 mil\u00edmetros de agua ca\u00edda.\u2013 Con lluvia y fr\u00edo comenz\u00f3 la pen\u00faltima semana del mes de mayo en Aconcagua. Un sistema frontal se hizo presente en nuestra zona dejando precipitaciones, principalmente concentradas durante la madrugada del lunes, dejando poco m\u00e1s de 7 mil\u00edmetros de agua ca\u00edda. El segundo frente de [&hellip;]"}

Sin mayores contratiempos Aconcagua superó el sistema frontal - Diario El Trabajo

<blockquote class="wp-embedded-content" data-secret="bWyy9llah6"><a href="https://eltrabajo.cl/web/sin-mayores-contratiempos-aconcagua-supero-el-sistema-frontal/">Sin mayores contratiempos Aconcagua superó el sistema frontal</a></blockquote><iframe sandbox="allow-scripts" security="restricted" src="https://eltrabajo.cl/web/sin-mayores-contratiempos-aconcagua-supero-el-sistema-frontal/embed/#?secret=bWyy9llah6" width="600" height="338" title="&#8220;Sin mayores contratiempos Aconcagua superó el sistema frontal&#8221; &#8212; Diario El Trabajo" data-secret="bWyy9llah6" frameborder="0" marginwidth="0" marginheight="0" scrolling="no" class="wp-embedded-content"></iframe><script type="text/javascript">
/* <![CDATA[ */
/*! This file is auto-generated */
!function(d,l){"use strict";l.querySelector&&d.addEventListener&&"undefined"!=typeof URL&&(d.wp=d.wp||{},d.wp.receiveEmbedMessage||(d.wp.receiveEmbedMessage=function(e){var t=e.data;if((t||t.secret||t.message||t.value)&&!/[^a-zA-Z0-9]/.test(t.secret)){for(var s,r,n,a=l.querySelectorAll('iframe[data-secret="'+t.secret+'"]'),o=l.querySelectorAll('blockquote[data-secret="'+t.secret+'"]'),c=new RegExp("^https?:$","i"),i=0;i<o.length;i++)o[i].style.display="none";for(i=0;i<a.length;i++)s=a[i],e.source===s.contentWindow&&(s.removeAttribute("style"),"height"===t.message?(1e3<(r=parseInt(t.value,10))?r=1e3:~~r<200&&(r=200),s.height=r):"link"===t.message&&(r=new URL(s.getAttribute("src")),n=new URL(t.value),c.test(n.protocol))&&n.host===r.host&&l.activeElement===s&&(d.top.location.href=t.value))}},d.addEventListener("message",d.wp.receiveEmbedMessage,!1),l.addEventListener("DOMContentLoaded",function(){for(var e,t,s=l.querySelectorAll("iframe.wp-embedded-content"),r=0;r<s.length;r++)(t=(e=s[r]).getAttribute("data-secret"))||(t=Math.random().toString(36).substring(2,12),e.src+="#?secret="+t,e.setAttribute("data-secret",t)),e.contentWindow.postMessage({message:"ready",secret:t},"*")},!1)))}(window,document);
//# sourceURL=https://eltrabajo.cl/web/wp-includes/js/wp-embed.min.js
/* ]]> */
</script>

Frente dejó poco más de 7 milímetros de agua caída.– Con lluvia y frío comenzó la penúltima semana del mes de mayo en Aconcagua. Un sistema frontal se hizo presente en nuestra zona dejando precipitaciones, principalmente concentradas durante la madrugada del lunes, dejando poco más de 7 milímetros de agua caída. El segundo frente de [&hellip;]
