{"version":"1.0","provider_name":"Diario El Trabajo","provider_url":"https:\/\/eltrabajo.cl\/web","author_name":"Diario El Trabajo","author_url":"https:\/\/eltrabajo.cl\/web\/author\/diario-el-trabajo\/","title":"Virus sincicial e Influenza van al alza - Diario El Trabajo","type":"rich","width":600,"height":338,"html":"<blockquote class=\"wp-embedded-content\" data-secret=\"6AmQbkhiX7\"><a href=\"https:\/\/eltrabajo.cl\/web\/virus-sincicial-e-influenza-van-al-alza\/\">Virus sincicial e Influenza van al alza<\/a><\/blockquote><iframe sandbox=\"allow-scripts\" security=\"restricted\" src=\"https:\/\/eltrabajo.cl\/web\/virus-sincicial-e-influenza-van-al-alza\/embed\/#?secret=6AmQbkhiX7\" width=\"600\" height=\"338\" title=\"&#8220;Virus sincicial e Influenza van al alza&#8221; &#8212; Diario El Trabajo\" data-secret=\"6AmQbkhiX7\" frameborder=\"0\" marginwidth=\"0\" marginheight=\"0\" scrolling=\"no\" class=\"wp-embedded-content\"><\/iframe><script type=\"text\/javascript\">\n\/* <![CDATA[ *\/\n\/*! This file is auto-generated *\/\n!function(d,l){\"use strict\";l.querySelector&&d.addEventListener&&\"undefined\"!=typeof URL&&(d.wp=d.wp||{},d.wp.receiveEmbedMessage||(d.wp.receiveEmbedMessage=function(e){var t=e.data;if((t||t.secret||t.message||t.value)&&!\/[^a-zA-Z0-9]\/.test(t.secret)){for(var s,r,n,a=l.querySelectorAll('iframe[data-secret=\"'+t.secret+'\"]'),o=l.querySelectorAll('blockquote[data-secret=\"'+t.secret+'\"]'),c=new RegExp(\"^https?:$\",\"i\"),i=0;i<o.length;i++)o[i].style.display=\"none\";for(i=0;i<a.length;i++)s=a[i],e.source===s.contentWindow&&(s.removeAttribute(\"style\"),\"height\"===t.message?(1e3<(r=parseInt(t.value,10))?r=1e3:~~r<200&&(r=200),s.height=r):\"link\"===t.message&&(r=new URL(s.getAttribute(\"src\")),n=new URL(t.value),c.test(n.protocol))&&n.host===r.host&&l.activeElement===s&&(d.top.location.href=t.value))}},d.addEventListener(\"message\",d.wp.receiveEmbedMessage,!1),l.addEventListener(\"DOMContentLoaded\",function(){for(var e,t,s=l.querySelectorAll(\"iframe.wp-embedded-content\"),r=0;r<s.length;r++)(t=(e=s[r]).getAttribute(\"data-secret\"))||(t=Math.random().toString(36).substring(2,12),e.src+=\"#?secret=\"+t,e.setAttribute(\"data-secret\",t)),e.contentWindow.postMessage({message:\"ready\",secret:t},\"*\")},!1)))}(window,document);\n\/\/# sourceURL=https:\/\/eltrabajo.cl\/web\/wp-includes\/js\/wp-embed.min.js\n\/* ]]> *\/\n<\/script>\n","thumbnail_url":"https:\/\/eltrabajo.cl\/web\/wp-content\/uploads\/2025\/06\/Lorena-Cofre.jpg","thumbnail_width":699,"thumbnail_height":469,"description":"Seremi de Salud llam\u00f3 a extremar medidas de autocuidado y vacunarse.\u2013 A d\u00edas que comience oficialmente el invierno y tras las lluvias, se agudiza el clima fr\u00edo y, por ende, el aumento de la circulaci\u00f3n viral generando enfermedades. Es por esto, que ya se ha registrado un aumento en la circulaci\u00f3n del virus sincicial respiratorio [&hellip;]"}

Seremi de Salud llamó a extremar medidas de autocuidado y vacunarse.– A días que comience oficialmente el invierno y tras las lluvias, se agudiza el clima frío y, por ende, el aumento de la circulación viral generando enfermedades. Es por esto, que ya se ha registrado un aumento en la circulación del virus sincicial respiratorio [&hellip;]
