{"version":"1.0","provider_name":"Diario El Trabajo","provider_url":"https:\/\/eltrabajo.cl\/web","author_name":"Diario El Trabajo","author_url":"https:\/\/eltrabajo.cl\/web\/author\/diario-el-trabajo\/","title":"Ya hay fechas para la \u2018Semana Troyana\u2019 - Diario El Trabajo","type":"rich","width":600,"height":338,"html":"<blockquote class=\"wp-embedded-content\" data-secret=\"1WKYPnrnBk\"><a href=\"https:\/\/eltrabajo.cl\/web\/ya-hay-fechas-para-la-semana-troyana\/\">Ya hay fechas para la \u2018Semana Troyana\u2019<\/a><\/blockquote><iframe sandbox=\"allow-scripts\" security=\"restricted\" src=\"https:\/\/eltrabajo.cl\/web\/ya-hay-fechas-para-la-semana-troyana\/embed\/#?secret=1WKYPnrnBk\" width=\"600\" height=\"338\" title=\"&#8220;Ya hay fechas para la \u2018Semana Troyana\u2019&#8221; &#8212; Diario El Trabajo\" data-secret=\"1WKYPnrnBk\" frameborder=\"0\" marginwidth=\"0\" marginheight=\"0\" scrolling=\"no\" class=\"wp-embedded-content\"><\/iframe><script type=\"text\/javascript\">\n\/* <![CDATA[ *\/\n\/*! This file is auto-generated *\/\n!function(d,l){\"use strict\";l.querySelector&&d.addEventListener&&\"undefined\"!=typeof URL&&(d.wp=d.wp||{},d.wp.receiveEmbedMessage||(d.wp.receiveEmbedMessage=function(e){var t=e.data;if((t||t.secret||t.message||t.value)&&!\/[^a-zA-Z0-9]\/.test(t.secret)){for(var s,r,n,a=l.querySelectorAll('iframe[data-secret=\"'+t.secret+'\"]'),o=l.querySelectorAll('blockquote[data-secret=\"'+t.secret+'\"]'),c=new RegExp(\"^https?:$\",\"i\"),i=0;i<o.length;i++)o[i].style.display=\"none\";for(i=0;i<a.length;i++)s=a[i],e.source===s.contentWindow&&(s.removeAttribute(\"style\"),\"height\"===t.message?(1e3<(r=parseInt(t.value,10))?r=1e3:~~r<200&&(r=200),s.height=r):\"link\"===t.message&&(r=new URL(s.getAttribute(\"src\")),n=new URL(t.value),c.test(n.protocol))&&n.host===r.host&&l.activeElement===s&&(d.top.location.href=t.value))}},d.addEventListener(\"message\",d.wp.receiveEmbedMessage,!1),l.addEventListener(\"DOMContentLoaded\",function(){for(var e,t,s=l.querySelectorAll(\"iframe.wp-embedded-content\"),r=0;r<s.length;r++)(t=(e=s[r]).getAttribute(\"data-secret\"))||(t=Math.random().toString(36).substring(2,12),e.src+=\"#?secret=\"+t,e.setAttribute(\"data-secret\",t)),e.contentWindow.postMessage({message:\"ready\",secret:t},\"*\")},!1)))}(window,document);\n\/\/# sourceURL=https:\/\/eltrabajo.cl\/web\/wp-includes\/js\/wp-embed.min.js\n\/* ]]> *\/\n<\/script>\n","thumbnail_url":"https:\/\/eltrabajo.cl\/web\/wp-content\/uploads\/2024\/12\/vina-errazuriz.jpg","thumbnail_width":698,"thumbnail_height":341,"description":"Uno de los eventos deportivos m\u00e1s importantes durante el periodo estival, es la \u2018Semana Troyana\u2019, festival futbol\u00edstico que de manera exitosa es organizado por el club sanfelipe\u00f1o \u2018Juventud La Troya\u2019. Para el 2025, la comisi\u00f3n organizadora de este encuentro determin\u00f3 que, durante la segunda quincena de enero, se dar\u00e1 inicio a esta fiesta del deporte, [&hellip;]"}

Uno de los eventos deportivos más importantes durante el periodo estival, es la ‘Semana Troyana’, festival futbolístico que de manera exitosa es organizado por el club sanfelipeño ‘Juventud La Troya’. Para el 2025, la comisión organizadora de este encuentro determinó que, durante la segunda quincena de enero, se dará inicio a esta fiesta del deporte, [&hellip;]
